{"id":1729,"date":"2023-06-15T08:49:51","date_gmt":"2023-06-15T08:49:51","guid":{"rendered":"https:\/\/form-klar.de\/schorcht\/?page_id=1729"},"modified":"2023-06-15T08:50:09","modified_gmt":"2023-06-15T08:50:09","slug":"laserschweissen-firma","status":"publish","type":"page","link":"https:\/\/form-klar.de\/schorcht\/laserschweissen-firma\/","title":{"rendered":"Laserschwei\u00dfen Firma"},"content":{"rendered":"<h2>Gefunden: Top Laserschwei\u00dfen Firma<\/h2>\n<p>Sie suchen eine Laserschwei\u00dfen Firma? Wir sind Ihr Partner in der Lohnfertigung. Dabei bieten wir Ihnen neben dem Laserschwei\u00dfen die ganze Bandbreite der Bearbeitung mit dem Laser an. Auch <strong>im Lohnschneiden<\/strong> fragen Sie uns gerne an. Sie suchen noch einen Dienstleister f\u00fcr Gravur oder Markierung mit dem Laser? Wir stehen bereit.<\/p>\n<h3>Spezialisten f\u00fcr die technologische Entwicklung<\/h3>\n<p>Was k\u00f6nnen Sie von uns erwarten? Wir sind die Spezialisten. Unsere Expertise haben wir uns in vielen erfolgreichen Jahren der Fertigung mit dem Laser erarbeitet. M\u00f6chten Sie sich Fachwissen sichern? Dann ist die Firma<a title=\"Laserschwei\u00dfen Firma\" href=\"https:\/\/form-klar.de\/schorcht\/lasermaterialbearbeitung\/\"> Schorcht<\/a> Ihr Partner. Wir bieten Ihnen das gesamte Spektrum an. Dies k\u00f6nnen Sie einerseits schon fr\u00fch in der Entwicklung des Produkts einsetzen. Sprechen Sie mit uns, wenn es um Prototypen oder Nullserien geht. Wir sind Ihr erfahrener Partner im Maschinenbau.<\/p>\n<h3>Komplettfertigung \u2013 vom Fachmann ausgef\u00fchrt<\/h3>\n<p>Aber auch, wenn es um eine <strong>komplette Fertigung<\/strong> geht, stehen wir Ihnen zur Seite. Zielgenau und g\u00fcnstig produzieren wir die Teile f\u00fcr Sie. Dabei arbeiten wir f\u00fcr viele Branchen. Von Automotive bis zur Medizintechnik \u00fcber die Verpackung- und Lebensmittelindustrie reicht unser Kundenkreis. Wir bieten Ihnen hier die ganze Vielfalt an Verfahren und Leistungen an.<\/p>\n<h3>Moderne Lasertechnik im Einsatz f\u00fcr Ihr Vorhaben<\/h3>\n<p>Die n\u00f6tigen Ressourcen f\u00fcr Laserschwei\u00dfen halten wir jederzeit f\u00fcr Sie vor. Hier geht es nicht nur um moderne Laser, sondern auch um das geschulte Personal. Es ist alles einfach auch eine Kostenfrage. Die Auslagerung von Laserschwei\u00dfen, Laserschneiden oder <strong>Beschriftung mit dem Laser<\/strong> ist in vielen F\u00e4llen wesentlich effizienter. Produzieren Sie insgesamt g\u00fcnstiger! Wir stehen f\u00fcr Kosteneffizienz. Wenn Sie nur gelegentlich auf das Verfahren Laserschwei\u00dfen zur\u00fcckgreifen, lohnt sich eine Auslagerung und damit das Lohnschwei\u00dfen umso mehr f\u00fcr Sie.<\/p>\n<h3>Laserschwei\u00dfen Firma: Sichern Sie sich die Vorteile der Lohnfertigung<\/h3>\n<p>Werden Sie flexibler als der Wettbewerb! Zudem k\u00f6nnen Sie die Leistungen nach Bedarf skalieren. Denn wir passen unsere Kapazit\u00e4ten optimal an. Sichern Sie sich zudem den <a title=\"Laserschwei\u00dfen Firma\" href=\"https:\/\/form-klar.de\/schorcht\/laserschweissen\/\"><strong>Zugang zu Top- Technologie<\/strong><\/a>. Ob Schwei\u00dfen oder Schneiden &#8211; wir freuen uns auf Ihr Interesse!<\/p>\n","protected":false},"excerpt":{"rendered":"<p>Gefunden: Top Laserschwei\u00dfen Firma Sie suchen eine Laserschwei\u00dfen Firma? Wir sind Ihr Partner in der Lohnfertigung. Dabei bieten wir Ihnen neben dem Laserschwei\u00dfen die ganze [&hellip;]<\/p>\n","protected":false},"author":9,"featured_media":0,"parent":0,"menu_order":0,"comment_status":"closed","ping_status":"closed","template":"","meta":{"ngg_post_thumbnail":0,"footnotes":"","_links_to":"","_links_to_target":""},"yoast_head":"<!-- This site is optimized with the Yoast SEO plugin v22.5 - https:\/\/yoast.com\/wordpress\/plugins\/seo\/ -->\n<title>Laserbeschriftung Firma | Markieren | Beschriften | Lohnfertigung<\/title>\n<meta name=\"description\" content=\"Laserbeschriftung Firma: Beschriften mit dem Laser ist dauerhaft, pr\u00e4zise, f\u00e4lschungssicher. Nutzen Sie unseren hochwertige Lohnfertigung.\" \/>\n<meta name=\"robots\" content=\"noindex, follow, max-snippet:-1, max-image-preview:large, max-video-preview:-1\" \/>\n<meta property=\"og:locale\" content=\"de_DE\" \/>\n<meta property=\"og:type\" content=\"article\" \/>\n<meta property=\"og:title\" content=\"Laserbeschriftung Firma | Markieren | Beschriften | Lohnfertigung\" \/>\n<meta property=\"og:description\" content=\"Laserbeschriftung Firma: Beschriften mit dem Laser ist dauerhaft, pr\u00e4zise, f\u00e4lschungssicher. Nutzen Sie unseren hochwertige Lohnfertigung.\" \/>\n<meta property=\"og:url\" content=\"https:\/\/form-klar.de\/schorcht\/laserschweissen-firma\/\" \/>\n<meta property=\"og:site_name\" content=\"Laserzentrum Schorcht\" \/>\n<meta property=\"article:modified_time\" content=\"2023-06-15T08:50:09+00:00\" \/>\n<meta name=\"twitter:label1\" content=\"Gesch\u00e4tzte Lesezeit\" \/>\n\t<meta name=\"twitter:data1\" content=\"2\u00a0Minuten\" \/>\n<script type=\"application\/ld+json\" class=\"yoast-schema-graph\">{\"@context\":\"https:\/\/schema.org\",\"@graph\":[{\"@type\":\"WebPage\",\"@id\":\"https:\/\/form-klar.de\/schorcht\/laserschweissen-firma\/\",\"url\":\"https:\/\/form-klar.de\/schorcht\/laserschweissen-firma\/\",\"name\":\"Laserbeschriftung Firma | Markieren | Beschriften | Lohnfertigung\",\"isPartOf\":{\"@id\":\"https:\/\/form-klar.de\/schorcht\/#website\"},\"datePublished\":\"2023-06-15T08:49:51+00:00\",\"dateModified\":\"2023-06-15T08:50:09+00:00\",\"description\":\"Laserbeschriftung Firma: Beschriften mit dem Laser ist dauerhaft, pr\u00e4zise, f\u00e4lschungssicher. Nutzen Sie unseren hochwertige Lohnfertigung.\",\"inLanguage\":\"de\",\"potentialAction\":[{\"@type\":\"ReadAction\",\"target\":[\"https:\/\/form-klar.de\/schorcht\/laserschweissen-firma\/\"]}]},{\"@type\":\"WebSite\",\"@id\":\"https:\/\/form-klar.de\/schorcht\/#website\",\"url\":\"https:\/\/form-klar.de\/schorcht\/\",\"name\":\"Laserzentrum Schorcht\",\"description\":\"Lohnfertigung in der Lasermaterialbearbeitung - 12 Laseranlagen\",\"potentialAction\":[{\"@type\":\"SearchAction\",\"target\":{\"@type\":\"EntryPoint\",\"urlTemplate\":\"https:\/\/form-klar.de\/schorcht\/?s={search_term_string}\"},\"query-input\":\"required name=search_term_string\"}],\"inLanguage\":\"de\"}]}<\/script>\n<!-- \/ Yoast SEO plugin. -->","yoast_head_json":{"title":"Laserbeschriftung Firma | Markieren | Beschriften | Lohnfertigung","description":"Laserbeschriftung Firma: Beschriften mit dem Laser ist dauerhaft, pr\u00e4zise, f\u00e4lschungssicher. Nutzen Sie unseren hochwertige Lohnfertigung.","robots":{"index":"noindex","follow":"follow","max-snippet":"max-snippet:-1","max-image-preview":"max-image-preview:large","max-video-preview":"max-video-preview:-1"},"og_locale":"de_DE","og_type":"article","og_title":"Laserbeschriftung Firma | Markieren | Beschriften | Lohnfertigung","og_description":"Laserbeschriftung Firma: Beschriften mit dem Laser ist dauerhaft, pr\u00e4zise, f\u00e4lschungssicher. Nutzen Sie unseren hochwertige Lohnfertigung.","og_url":"https:\/\/form-klar.de\/schorcht\/laserschweissen-firma\/","og_site_name":"Laserzentrum Schorcht","article_modified_time":"2023-06-15T08:50:09+00:00","twitter_misc":{"Gesch\u00e4tzte Lesezeit":"2\u00a0Minuten"},"schema":{"@context":"https:\/\/schema.org","@graph":[{"@type":"WebPage","@id":"https:\/\/form-klar.de\/schorcht\/laserschweissen-firma\/","url":"https:\/\/form-klar.de\/schorcht\/laserschweissen-firma\/","name":"Laserbeschriftung Firma | Markieren | Beschriften | Lohnfertigung","isPartOf":{"@id":"https:\/\/form-klar.de\/schorcht\/#website"},"datePublished":"2023-06-15T08:49:51+00:00","dateModified":"2023-06-15T08:50:09+00:00","description":"Laserbeschriftung Firma: Beschriften mit dem Laser ist dauerhaft, pr\u00e4zise, f\u00e4lschungssicher. Nutzen Sie unseren hochwertige Lohnfertigung.","inLanguage":"de","potentialAction":[{"@type":"ReadAction","target":["https:\/\/form-klar.de\/schorcht\/laserschweissen-firma\/"]}]},{"@type":"WebSite","@id":"https:\/\/form-klar.de\/schorcht\/#website","url":"https:\/\/form-klar.de\/schorcht\/","name":"Laserzentrum Schorcht","description":"Lohnfertigung in der Lasermaterialbearbeitung - 12 Laseranlagen","potentialAction":[{"@type":"SearchAction","target":{"@type":"EntryPoint","urlTemplate":"https:\/\/form-klar.de\/schorcht\/?s={search_term_string}"},"query-input":"required name=search_term_string"}],"inLanguage":"de"}]}},"_links":{"self":[{"href":"https:\/\/form-klar.de\/schorcht\/wp-json\/wp\/v2\/pages\/1729"}],"collection":[{"href":"https:\/\/form-klar.de\/schorcht\/wp-json\/wp\/v2\/pages"}],"about":[{"href":"https:\/\/form-klar.de\/schorcht\/wp-json\/wp\/v2\/types\/page"}],"author":[{"embeddable":true,"href":"https:\/\/form-klar.de\/schorcht\/wp-json\/wp\/v2\/users\/9"}],"replies":[{"embeddable":true,"href":"https:\/\/form-klar.de\/schorcht\/wp-json\/wp\/v2\/comments?post=1729"}],"version-history":[{"count":4,"href":"https:\/\/form-klar.de\/schorcht\/wp-json\/wp\/v2\/pages\/1729\/revisions"}],"predecessor-version":[{"id":1733,"href":"https:\/\/form-klar.de\/schorcht\/wp-json\/wp\/v2\/pages\/1729\/revisions\/1733"}],"wp:attachment":[{"href":"https:\/\/form-klar.de\/schorcht\/wp-json\/wp\/v2\/media?parent=1729"}],"curies":[{"name":"wp","href":"https:\/\/api.w.org\/{rel}","templated":true}]}}