{"id":1704,"date":"2023-03-21T10:05:08","date_gmt":"2023-03-21T10:05:08","guid":{"rendered":"https:\/\/form-klar.de\/schorcht\/?page_id=1704"},"modified":"2023-03-21T10:05:23","modified_gmt":"2023-03-21T10:05:23","slug":"waffengraveur","status":"publish","type":"page","link":"https:\/\/form-klar.de\/schorcht\/waffengraveur\/","title":{"rendered":"Waffengraveur"},"content":{"rendered":"<h3>Waffengraveur \u2013 hochwertige Lasermaterialbearbeitung<\/h3>\n<p>Wenn Sie eine Waffe individuell in ein Schmuckst\u00fcck verwandeln m\u00f6chten, sind Sie bei uns an der richtigen Adresse. Wir arbeiten auch als <strong>Waffengraveur<\/strong>. Damit k\u00f6nnen Sie verschiedene Waffen mit Mustern gestalten. Dabei lasern wir Schusswaffen, wie antike Revolver, Pistolen aber auch Stichwaffen und Schauwaffen, Theaterwaffen und\u00a0<strong>Dekowaffen<\/strong> unterschiedlichster Art. Wir verwandeln jede Waffe in ein Einzelst\u00fcck. Daf\u00fcr sind wir optimal ausger\u00fcstet mit unseren Laseranlagen. Gern stellen wir Ihnen vor, was alles m\u00f6glich ist. Denn nicht nur Metall gravieren wir. Auch auf organischem Material, wie Holz, ist eine Gravur mit dem Laser sehr gut m\u00f6glich.<\/p>\n<p>Materialabtrag oder Farbanschlag?<\/p>\n<p>Mit der Lasergravur vollzieht sich in der Regel ein Materialabtrag. M\u00f6glich ist aber auch ein Farbumschlag des Materials. Die feinen Gravuren mit dem Laser oder auch Beschriftungen sind beliebt. Das Material wird dabei sehr schonend behandelt. Ein weiterer Vorteil der Lasergravur: Sie ist relativ kosteng\u00fcnstig.<\/p>\n<h3>Sch\u00f6ne Waffen mit Wappen, Monogramm oder Ornamentik\u00a0<\/h3>\n<p>Sie m\u00f6chten gern zuk\u00fcnftig Ihr\u00a0<a style=\"font-family: var( --e-global-typography-text-font-family ), Sans-serif; font-weight: var( --e-global-typography-text-font-weight ); font-size: 14px; background-color: #ffffff; color: #999999; outline: 0px; cursor: pointer;\" title=\"Waffengraveur\" href=\"https:\/\/form-klar.de\/schorcht\/laserbeschriften\/\"><strong>Monogramm auf Ihrer<\/strong><\/a><a style=\"font-family: var( --e-global-typography-text-font-family ), Sans-serif; font-weight: var( --e-global-typography-text-font-weight ); font-size: 14px; background-color: #ffffff;\" title=\"Waffengraveur\" href=\"https:\/\/form-klar.de\/schorcht\/laserbeschriften\/\"><strong>\u00a0Waffe<\/strong><\/a>? Ebenso setzen wir eine sch\u00f6ne Ornamentik um. Sie m\u00f6chten Ihr\u00a0Wappen lasern? Dann sind Sie ebenso bei uns richtig. Wie wir das Motiv in Ihrem Fall\u00a0umsetzen, dar\u00fcber beraten wir Sie gern. Schreiben Sie uns eine Mail oder rufen Sie uns an. In\u00a0der Leistung Lasergravur stellen wir Ihnen eine ganze Reihe von Verfahren zur Verf\u00fcgung.\u00a0Von der klassischen Gravur \u00fcber das Abtragen und <strong style=\"color: var( --e-global-color-text ); font-family: var( --e-global-typography-text-font-family ), Sans-serif;\">Farbumschlag<\/strong> bis zum\u00a0Laseraufsch\u00e4umen reicht unsere Bandbreite.\u00a0<\/p>\n<h3><b>Anlagentechnik f\u00fcr Markieraufgaben mit dem Laser<\/b><\/h3>\n<p>Mit unserer breit aufgestellten Anlagentechnik unterst\u00fctzen wir unsere Kunden quer durch\u00a0alle Branchen. Welche Laser nutzen wir f\u00fcr eine Gravur? Hier setzen wir meist Faserlaser ein,\u00a0die \u00fcber 20 Watt Leistung verf\u00fcgen. Damit sind \u00fcberaus <strong style=\"color: var( --e-global-color-text ); font-family: var( --e-global-typography-text-font-family ), Sans-serif;\">feine Gravuren\u00a0<\/strong>m\u00f6glich. Ebenso ist ein CO2 Laser einsetzbar, der auch \u00fcber 20 Watt Leistung verf\u00fcgt.\u00a0Zudem setzen wir auch einen Nd:YAG Laser ein. Dieser verf\u00fcgt \u00fcber 50 Watt Leistung.\u00a0<\/p>\n<h3><strong>Waffengraveur und Texturen: Schicken Sie uns Ihre Vorlage f\u00fcr die Gravur<\/strong><\/h3>\n<p>Bei uns k\u00f6nnen Sie zudem auf eine <a style=\"font-family: var( --e-global-typography-text-font-family ), Sans-serif; font-weight: var( --e-global-typography-text-font-weight ); background-color: #ffffff;\" title=\"Kontakt Waffengraveur\" href=\"https:\/\/form-klar.de\/schorcht\/kontakt\/\"><strong>kosteng\u00fcnstige Fertigung<\/strong><\/a><b>\u00a0<\/b>setzen! Zudem arbeiten unsere Laser bei Gravuren fehlerfrei. Gern beraten wir Sie zur\u00a0Erstellung von Vorlagen f\u00fcr die gew\u00fcnschte Gravur \u2013 f\u00fcr unsere Laserautomaten.<\/p>\n","protected":false},"excerpt":{"rendered":"<p>Waffengraveur \u2013 hochwertige Lasermaterialbearbeitung Wenn Sie eine Waffe individuell in ein Schmuckst\u00fcck verwandeln m\u00f6chten, sind Sie bei uns an der richtigen Adresse. Wir arbeiten auch [&hellip;]<\/p>\n","protected":false},"author":9,"featured_media":0,"parent":0,"menu_order":0,"comment_status":"closed","ping_status":"closed","template":"","meta":{"ngg_post_thumbnail":0,"footnotes":"","_links_to":"","_links_to_target":""},"yoast_head":"<!-- This site is optimized with the Yoast SEO plugin v22.5 - https:\/\/yoast.com\/wordpress\/plugins\/seo\/ -->\n<title>Waffengraveur | Texturen f\u00fcr Waffen | Lasermaterialbearbeitung<\/title>\n<meta name=\"description\" content=\"Wir sind Ihr Waffengraveur \u2013 wir fertigen professionelle Markierungen und Gravuren mit verschiedenen modernen Lasern.\" \/>\n<meta name=\"robots\" content=\"noindex, follow, max-snippet:-1, max-image-preview:large, max-video-preview:-1\" \/>\n<meta property=\"og:locale\" content=\"de_DE\" \/>\n<meta property=\"og:type\" content=\"article\" \/>\n<meta property=\"og:title\" content=\"Waffengraveur | Texturen f\u00fcr Waffen | Lasermaterialbearbeitung\" \/>\n<meta property=\"og:description\" content=\"Wir sind Ihr Waffengraveur \u2013 wir fertigen professionelle Markierungen und Gravuren mit verschiedenen modernen Lasern.\" \/>\n<meta property=\"og:url\" content=\"https:\/\/form-klar.de\/schorcht\/waffengraveur\/\" \/>\n<meta property=\"og:site_name\" content=\"Laserzentrum Schorcht\" \/>\n<meta property=\"article:modified_time\" content=\"2023-03-21T10:05:23+00:00\" \/>\n<meta name=\"twitter:label1\" content=\"Gesch\u00e4tzte Lesezeit\" \/>\n\t<meta name=\"twitter:data1\" content=\"2\u00a0Minuten\" \/>\n<script type=\"application\/ld+json\" class=\"yoast-schema-graph\">{\"@context\":\"https:\/\/schema.org\",\"@graph\":[{\"@type\":\"WebPage\",\"@id\":\"https:\/\/form-klar.de\/schorcht\/waffengraveur\/\",\"url\":\"https:\/\/form-klar.de\/schorcht\/waffengraveur\/\",\"name\":\"Waffengraveur | Texturen f\u00fcr Waffen | Lasermaterialbearbeitung\",\"isPartOf\":{\"@id\":\"https:\/\/form-klar.de\/schorcht\/#website\"},\"datePublished\":\"2023-03-21T10:05:08+00:00\",\"dateModified\":\"2023-03-21T10:05:23+00:00\",\"description\":\"Wir sind Ihr Waffengraveur \u2013 wir fertigen professionelle Markierungen und Gravuren mit verschiedenen modernen Lasern.\",\"inLanguage\":\"de\",\"potentialAction\":[{\"@type\":\"ReadAction\",\"target\":[\"https:\/\/form-klar.de\/schorcht\/waffengraveur\/\"]}]},{\"@type\":\"WebSite\",\"@id\":\"https:\/\/form-klar.de\/schorcht\/#website\",\"url\":\"https:\/\/form-klar.de\/schorcht\/\",\"name\":\"Laserzentrum Schorcht\",\"description\":\"Lohnfertigung in der Lasermaterialbearbeitung - 12 Laseranlagen\",\"potentialAction\":[{\"@type\":\"SearchAction\",\"target\":{\"@type\":\"EntryPoint\",\"urlTemplate\":\"https:\/\/form-klar.de\/schorcht\/?s={search_term_string}\"},\"query-input\":\"required name=search_term_string\"}],\"inLanguage\":\"de\"}]}<\/script>\n<!-- \/ Yoast SEO plugin. -->","yoast_head_json":{"title":"Waffengraveur | Texturen f\u00fcr Waffen | Lasermaterialbearbeitung","description":"Wir sind Ihr Waffengraveur \u2013 wir fertigen professionelle Markierungen und Gravuren mit verschiedenen modernen Lasern.","robots":{"index":"noindex","follow":"follow","max-snippet":"max-snippet:-1","max-image-preview":"max-image-preview:large","max-video-preview":"max-video-preview:-1"},"og_locale":"de_DE","og_type":"article","og_title":"Waffengraveur | Texturen f\u00fcr Waffen | Lasermaterialbearbeitung","og_description":"Wir sind Ihr Waffengraveur \u2013 wir fertigen professionelle Markierungen und Gravuren mit verschiedenen modernen Lasern.","og_url":"https:\/\/form-klar.de\/schorcht\/waffengraveur\/","og_site_name":"Laserzentrum Schorcht","article_modified_time":"2023-03-21T10:05:23+00:00","twitter_misc":{"Gesch\u00e4tzte Lesezeit":"2\u00a0Minuten"},"schema":{"@context":"https:\/\/schema.org","@graph":[{"@type":"WebPage","@id":"https:\/\/form-klar.de\/schorcht\/waffengraveur\/","url":"https:\/\/form-klar.de\/schorcht\/waffengraveur\/","name":"Waffengraveur | Texturen f\u00fcr Waffen | Lasermaterialbearbeitung","isPartOf":{"@id":"https:\/\/form-klar.de\/schorcht\/#website"},"datePublished":"2023-03-21T10:05:08+00:00","dateModified":"2023-03-21T10:05:23+00:00","description":"Wir sind Ihr Waffengraveur \u2013 wir fertigen professionelle Markierungen und Gravuren mit verschiedenen modernen Lasern.","inLanguage":"de","potentialAction":[{"@type":"ReadAction","target":["https:\/\/form-klar.de\/schorcht\/waffengraveur\/"]}]},{"@type":"WebSite","@id":"https:\/\/form-klar.de\/schorcht\/#website","url":"https:\/\/form-klar.de\/schorcht\/","name":"Laserzentrum Schorcht","description":"Lohnfertigung in der Lasermaterialbearbeitung - 12 Laseranlagen","potentialAction":[{"@type":"SearchAction","target":{"@type":"EntryPoint","urlTemplate":"https:\/\/form-klar.de\/schorcht\/?s={search_term_string}"},"query-input":"required name=search_term_string"}],"inLanguage":"de"}]}},"_links":{"self":[{"href":"https:\/\/form-klar.de\/schorcht\/wp-json\/wp\/v2\/pages\/1704"}],"collection":[{"href":"https:\/\/form-klar.de\/schorcht\/wp-json\/wp\/v2\/pages"}],"about":[{"href":"https:\/\/form-klar.de\/schorcht\/wp-json\/wp\/v2\/types\/page"}],"author":[{"embeddable":true,"href":"https:\/\/form-klar.de\/schorcht\/wp-json\/wp\/v2\/users\/9"}],"replies":[{"embeddable":true,"href":"https:\/\/form-klar.de\/schorcht\/wp-json\/wp\/v2\/comments?post=1704"}],"version-history":[{"count":4,"href":"https:\/\/form-klar.de\/schorcht\/wp-json\/wp\/v2\/pages\/1704\/revisions"}],"predecessor-version":[{"id":1708,"href":"https:\/\/form-klar.de\/schorcht\/wp-json\/wp\/v2\/pages\/1704\/revisions\/1708"}],"wp:attachment":[{"href":"https:\/\/form-klar.de\/schorcht\/wp-json\/wp\/v2\/media?parent=1704"}],"curies":[{"name":"wp","href":"https:\/\/api.w.org\/{rel}","templated":true}]}}