{"id":1611,"date":"2021-06-02T15:17:31","date_gmt":"2021-06-02T15:17:31","guid":{"rendered":"https:\/\/form-klar.de\/schorcht\/?page_id=1611"},"modified":"2021-06-02T15:21:06","modified_gmt":"2021-06-02T15:21:06","slug":"unternehmen-mit-iatf-16949-zertifizierung","status":"publish","type":"page","link":"https:\/\/form-klar.de\/schorcht\/unternehmen-mit-iatf-16949-zertifizierung\/","title":{"rendered":"Unternehmen mit IATF 16949 Zertifizierung"},"content":{"rendered":"\n<h2>Schorcht Laserzentrum \u2013 ein Unternehmen mit IATF 16949 Zertifizierung<\/h2>\n<p>Gern m\u00f6chten wir unser <strong>Unternehmen mit IATF 16949 Zertifizierung<\/strong> vorstellen. Sie suchen einen Partner f\u00fcr <a title=\"Laserschwei\u00dfen IATF 16949\" href=\"https:\/\/form-klar.de\/schorcht\/laserschweissen\/\"><strong>Laserschneiden und Laserschwei\u00dfen<\/strong><\/a>, der Ihnen ein Top-Qualit\u00e4tsmanagement bietet? Dann sind Sie bei uns an der richtigen Adresse. Die Norm IATF 16949 ist pr\u00e4gend f\u00fcr die deutsche, europ\u00e4ische wie auch amerikanische Automobilindustrie.<\/p>\n<h3>Unternehmen mit IATF 16949 Zertifizierung: Harmonisierung in der europ\u00e4ischen und amerikanischen Automobilindustrie<\/h3>\n<p>Diesen harmonisierenden Forderungen, welche die Norm vereint entsprechen unsere Prozesse. Die Zertifizierung war deshalb auch f\u00fcr uns notwendig, weil wir auch in Zukunft vertrauensvoll mit unseren Kunden im Bereich Automotive und Maschinenbau zusammenarbeiten m\u00f6chten. Wir fertigen insbesondere f\u00fcr die Zulieferketten der gro\u00dfen Automobilkonzerne. Daf\u00fcr bieten wir Ihnen h\u00f6chstm\u00f6gliche System- und Prozessqualit\u00e4t! Im Fokus der Norm steht die Vermeidung von Fehlern im Herstellungsprozess.<\/p>\n<h3>Komplettfertigung \u2013 auch bei der Entwicklung von Prototypen<\/h3>\n<p>Setzen Sie auf unsere <a title=\"Unternehmen mit IATF 16949 Zertifizierung\" href=\"https:\/\/form-klar.de\/schorcht\/ueber-uns\/\"><strong>Laserkompetenz hier in Th\u00fcringen<\/strong><\/a> und nat\u00fcrlich in ganz Deutschland. Wir \u00fcbernehmen die Komplettfertigung von Teilen. Zudem sind wir auch bei der <strong>Entwicklung von Prototypen<\/strong> und f\u00fcr Einzelauftr\u00e4ge Ihr zuverl\u00e4ssiger Partner hier vor Ort.<\/p>\n<h3>Partner in der Lohnfertigung \u2013 f\u00fcr h\u00f6chstm\u00f6gliche Sicherheit<\/h3>\n<p>Mit unserem breiten Angebot von Leistungen setzen darauf, f\u00fcr Unternehmen aus unterschiedlichen Branchen das bestm\u00f6gliche bieten zu k\u00f6nnen. Denn unsere Kernkompetenz ist die <strong>Lohnfertigung<\/strong> f\u00fcr unseren breiten Kundenstamm. M\u00f6chten Sie auch dazu geh\u00f6ren? Wir freuen uns darauf! Wir sind vom ersten Augenblick an kompetent an Ihrer Seite.<\/p>\n<h3>Setzen Sie auf die Vorteile unseres Services \u2013 Zentrum f\u00fcr Lasermaterialbearbeitung<\/h3>\n<p>\u00dcbrigens: Neben unserem <strong>Qualit\u00e4tsmanagementsystem<\/strong> setzen wir auch auf die Vorteile eines eigenen Werkzeugbaus. Zudem k\u00f6nnen wir im Labor verschiedene Arbeitsergebnisse vorher genau testen. Mit uns setzen Sie deshalb auch auf h\u00f6chstm\u00f6gliche Sicherheit im Fertigungsprozess.<\/p>\n<h3>Ob gro\u00dffl\u00e4chiges Auftragsschwei\u00dfen oder Schwei\u00dfen im Nanometerbereich \u2013 wir schwei\u00dfen und schneiden mit modernen Laserger\u00e4ten<\/h3>\n<p>Gern setzen wir unseren modernen Maschinenpark in Ihrem Auftrag ein. Beim Laserschwei\u00dfen sind wir sehr flexibel. Ob gro\u00dfe Plattenw\u00e4rmetauscher oder sehr feine chirurgische Instrumente \u2013 wir schwei\u00dfen und beschriften sehr unterschiedliche Gr\u00f6\u00dfen und Materialien!<\/p>\n<p>Gern begleiten wir Sie auch langfristig. Eine optimale Beratung geh\u00f6rt bei uns zu jedem Auftrag dazu.<\/p>\n<p><strong>Kontakt:<\/strong> <img decoding=\"async\" class=\"lazyload emoji\" draggable=\"false\" src=\"data:image\/gif;base64,R0lGODlhAQABAAAAACH5BAEKAAEALAAAAAABAAEAAAICTAEAOw==\" data-orig-src=\"https:\/\/s.w.org\/images\/core\/emoji\/12.0.0-1\/svg\/260e.svg\" alt=\"\u260e\ufe0f\"> <a title=\"Telefon: Laserzentrum Schorcht\" href=\"tel:+4936691570010\"><strong>+49 36691 5700 10<\/strong><\/a><\/p>\n","protected":false},"excerpt":{"rendered":"","protected":false},"author":10,"featured_media":0,"parent":0,"menu_order":0,"comment_status":"closed","ping_status":"closed","template":"","meta":{"ngg_post_thumbnail":0,"footnotes":"","_links_to":"","_links_to_target":""},"yoast_head":"<!-- This site is optimized with the Yoast SEO plugin v22.5 - https:\/\/yoast.com\/wordpress\/plugins\/seo\/ -->\n<title>Schorcht Laserzentrum | Unternehmen mit IATF 16949 Zertifizierung<\/title>\n<meta name=\"description\" content=\"Das Schorcht Laserzentrum ist ein Unternehmen mit IATF 16949 Zertifizierung. \u2705 Wir sind der Partner im Werkzeug-, Maschinen- und Formenbau. \u2705\" \/>\n<meta name=\"robots\" content=\"noindex, follow, max-snippet:-1, max-image-preview:large, max-video-preview:-1\" \/>\n<meta property=\"og:locale\" content=\"de_DE\" \/>\n<meta property=\"og:type\" content=\"article\" \/>\n<meta property=\"og:title\" content=\"Schorcht Laserzentrum | Unternehmen mit IATF 16949 Zertifizierung\" \/>\n<meta property=\"og:description\" content=\"Das Schorcht Laserzentrum ist ein Unternehmen mit IATF 16949 Zertifizierung. \u2705 Wir sind der Partner im Werkzeug-, Maschinen- und Formenbau. \u2705\" \/>\n<meta property=\"og:url\" content=\"https:\/\/form-klar.de\/schorcht\/unternehmen-mit-iatf-16949-zertifizierung\/\" \/>\n<meta property=\"og:site_name\" content=\"Laserzentrum Schorcht\" \/>\n<meta property=\"article:modified_time\" content=\"2021-06-02T15:21:06+00:00\" \/>\n<meta property=\"og:image\" content=\"https:\/\/s.w.org\/images\/core\/emoji\/12.0.0-1\/svg\/260e.svg\" \/>\n<meta name=\"twitter:label1\" content=\"Gesch\u00e4tzte Lesezeit\" \/>\n\t<meta name=\"twitter:data1\" content=\"2\u00a0Minuten\" \/>\n<script type=\"application\/ld+json\" class=\"yoast-schema-graph\">{\"@context\":\"https:\/\/schema.org\",\"@graph\":[{\"@type\":\"WebPage\",\"@id\":\"https:\/\/form-klar.de\/schorcht\/unternehmen-mit-iatf-16949-zertifizierung\/\",\"url\":\"https:\/\/form-klar.de\/schorcht\/unternehmen-mit-iatf-16949-zertifizierung\/\",\"name\":\"Schorcht Laserzentrum | Unternehmen mit IATF 16949 Zertifizierung\",\"isPartOf\":{\"@id\":\"https:\/\/form-klar.de\/schorcht\/#website\"},\"primaryImageOfPage\":{\"@id\":\"https:\/\/form-klar.de\/schorcht\/unternehmen-mit-iatf-16949-zertifizierung\/#primaryimage\"},\"image\":{\"@id\":\"https:\/\/form-klar.de\/schorcht\/unternehmen-mit-iatf-16949-zertifizierung\/#primaryimage\"},\"thumbnailUrl\":\"https:\/\/s.w.org\/images\/core\/emoji\/12.0.0-1\/svg\/260e.svg\",\"datePublished\":\"2021-06-02T15:17:31+00:00\",\"dateModified\":\"2021-06-02T15:21:06+00:00\",\"description\":\"Das Schorcht Laserzentrum ist ein Unternehmen mit IATF 16949 Zertifizierung. \u2705 Wir sind der Partner im Werkzeug-, Maschinen- und Formenbau. \u2705\",\"inLanguage\":\"de\",\"potentialAction\":[{\"@type\":\"ReadAction\",\"target\":[\"https:\/\/form-klar.de\/schorcht\/unternehmen-mit-iatf-16949-zertifizierung\/\"]}]},{\"@type\":\"ImageObject\",\"inLanguage\":\"de\",\"@id\":\"https:\/\/form-klar.de\/schorcht\/unternehmen-mit-iatf-16949-zertifizierung\/#primaryimage\",\"url\":\"https:\/\/s.w.org\/images\/core\/emoji\/12.0.0-1\/svg\/260e.svg\",\"contentUrl\":\"https:\/\/s.w.org\/images\/core\/emoji\/12.0.0-1\/svg\/260e.svg\"},{\"@type\":\"WebSite\",\"@id\":\"https:\/\/form-klar.de\/schorcht\/#website\",\"url\":\"https:\/\/form-klar.de\/schorcht\/\",\"name\":\"Laserzentrum Schorcht\",\"description\":\"Lohnfertigung in der Lasermaterialbearbeitung - 12 Laseranlagen\",\"potentialAction\":[{\"@type\":\"SearchAction\",\"target\":{\"@type\":\"EntryPoint\",\"urlTemplate\":\"https:\/\/form-klar.de\/schorcht\/?s={search_term_string}\"},\"query-input\":\"required name=search_term_string\"}],\"inLanguage\":\"de\"}]}<\/script>\n<!-- \/ Yoast SEO plugin. -->","yoast_head_json":{"title":"Schorcht Laserzentrum | Unternehmen mit IATF 16949 Zertifizierung","description":"Das Schorcht Laserzentrum ist ein Unternehmen mit IATF 16949 Zertifizierung. \u2705 Wir sind der Partner im Werkzeug-, Maschinen- und Formenbau. \u2705","robots":{"index":"noindex","follow":"follow","max-snippet":"max-snippet:-1","max-image-preview":"max-image-preview:large","max-video-preview":"max-video-preview:-1"},"og_locale":"de_DE","og_type":"article","og_title":"Schorcht Laserzentrum | Unternehmen mit IATF 16949 Zertifizierung","og_description":"Das Schorcht Laserzentrum ist ein Unternehmen mit IATF 16949 Zertifizierung. \u2705 Wir sind der Partner im Werkzeug-, Maschinen- und Formenbau. \u2705","og_url":"https:\/\/form-klar.de\/schorcht\/unternehmen-mit-iatf-16949-zertifizierung\/","og_site_name":"Laserzentrum Schorcht","article_modified_time":"2021-06-02T15:21:06+00:00","og_image":[{"url":"https:\/\/s.w.org\/images\/core\/emoji\/12.0.0-1\/svg\/260e.svg"}],"twitter_misc":{"Gesch\u00e4tzte Lesezeit":"2\u00a0Minuten"},"schema":{"@context":"https:\/\/schema.org","@graph":[{"@type":"WebPage","@id":"https:\/\/form-klar.de\/schorcht\/unternehmen-mit-iatf-16949-zertifizierung\/","url":"https:\/\/form-klar.de\/schorcht\/unternehmen-mit-iatf-16949-zertifizierung\/","name":"Schorcht Laserzentrum | Unternehmen mit IATF 16949 Zertifizierung","isPartOf":{"@id":"https:\/\/form-klar.de\/schorcht\/#website"},"primaryImageOfPage":{"@id":"https:\/\/form-klar.de\/schorcht\/unternehmen-mit-iatf-16949-zertifizierung\/#primaryimage"},"image":{"@id":"https:\/\/form-klar.de\/schorcht\/unternehmen-mit-iatf-16949-zertifizierung\/#primaryimage"},"thumbnailUrl":"https:\/\/s.w.org\/images\/core\/emoji\/12.0.0-1\/svg\/260e.svg","datePublished":"2021-06-02T15:17:31+00:00","dateModified":"2021-06-02T15:21:06+00:00","description":"Das Schorcht Laserzentrum ist ein Unternehmen mit IATF 16949 Zertifizierung. \u2705 Wir sind der Partner im Werkzeug-, Maschinen- und Formenbau. \u2705","inLanguage":"de","potentialAction":[{"@type":"ReadAction","target":["https:\/\/form-klar.de\/schorcht\/unternehmen-mit-iatf-16949-zertifizierung\/"]}]},{"@type":"ImageObject","inLanguage":"de","@id":"https:\/\/form-klar.de\/schorcht\/unternehmen-mit-iatf-16949-zertifizierung\/#primaryimage","url":"https:\/\/s.w.org\/images\/core\/emoji\/12.0.0-1\/svg\/260e.svg","contentUrl":"https:\/\/s.w.org\/images\/core\/emoji\/12.0.0-1\/svg\/260e.svg"},{"@type":"WebSite","@id":"https:\/\/form-klar.de\/schorcht\/#website","url":"https:\/\/form-klar.de\/schorcht\/","name":"Laserzentrum Schorcht","description":"Lohnfertigung in der Lasermaterialbearbeitung - 12 Laseranlagen","potentialAction":[{"@type":"SearchAction","target":{"@type":"EntryPoint","urlTemplate":"https:\/\/form-klar.de\/schorcht\/?s={search_term_string}"},"query-input":"required name=search_term_string"}],"inLanguage":"de"}]}},"_links":{"self":[{"href":"https:\/\/form-klar.de\/schorcht\/wp-json\/wp\/v2\/pages\/1611"}],"collection":[{"href":"https:\/\/form-klar.de\/schorcht\/wp-json\/wp\/v2\/pages"}],"about":[{"href":"https:\/\/form-klar.de\/schorcht\/wp-json\/wp\/v2\/types\/page"}],"author":[{"embeddable":true,"href":"https:\/\/form-klar.de\/schorcht\/wp-json\/wp\/v2\/users\/10"}],"replies":[{"embeddable":true,"href":"https:\/\/form-klar.de\/schorcht\/wp-json\/wp\/v2\/comments?post=1611"}],"version-history":[{"count":3,"href":"https:\/\/form-klar.de\/schorcht\/wp-json\/wp\/v2\/pages\/1611\/revisions"}],"predecessor-version":[{"id":1614,"href":"https:\/\/form-klar.de\/schorcht\/wp-json\/wp\/v2\/pages\/1611\/revisions\/1614"}],"wp:attachment":[{"href":"https:\/\/form-klar.de\/schorcht\/wp-json\/wp\/v2\/media?parent=1611"}],"curies":[{"name":"wp","href":"https:\/\/api.w.org\/{rel}","templated":true}]}}