{"id":1525,"date":"2020-05-28T11:13:27","date_gmt":"2020-05-28T11:13:27","guid":{"rendered":"https:\/\/form-klar.de\/schorcht\/?page_id=1525"},"modified":"2020-05-28T11:13:36","modified_gmt":"2020-05-28T11:13:36","slug":"lohnfertigungs-unternehmen","status":"publish","type":"page","link":"https:\/\/form-klar.de\/schorcht\/lohnfertigungs-unternehmen\/","title":{"rendered":"Lohnfertigungs-Unternehmen"},"content":{"rendered":"\n<p><h2>Laserzentrum als Lohnfertigungs-Unternehmen<\/h2>\nWir m\u00f6chten Ihnen uns gern als Lohnfertigungs-Unternehmen vorstellen. Hier im Laserzentrum Schorcht finden Sie <a title=\"Kosteng\u00fcnstig beim Lohnfertigungs-Unternehmen\" href=\"https:\/\/form-klar.de\/schorcht\/ueber-uns\/\"><strong>ideale Bedingungen<\/strong><\/a> f\u00fcr Ihr Produkt vor. Denn wir bieten Ihnen als Lohnfertiger ein starkes B\u00fcndel von Leistungen. Zuerst einmal setzen wir nicht nur auf einfache Auftr\u00e4ge wie das Laserschneiden von hohen St\u00fcckzahlen. Dar\u00fcber hinaus bieten wir Ihnen weitaus mehr. Wir k\u00f6nnen Ihnen als Ingenieurs-Betrieb von der ersten technologischen Entwicklung von Prototypen bis hin zur Komplettfertigung die gesamte Bandbreite bieten.\n<h3>Vielseitige Lasermaterialbearbeitung \u2013 20 Jahre Erfahrung als Lohnfertigungs-Unternehmen<\/h3>\nNutzen Sie die Power unserer 14 Laseranlagen f\u00fcr Ihr Projekt. Nutzen Sie dar\u00fcber hinaus unseren begleitenden Service. Dieser ist f\u00fcr viele unserer Kunden n\u00e4mlich entscheidend f\u00fcr eine Auftragsvergabe. Denn wir verf\u00fcgen \u00fcber ein Qualit\u00e4tsmanagementsystem, einen eigenen Werkzeugbau sowie ein Labor. Das wichtigste, das wir unseren Kunden bereitstellen m\u00f6chten, ist ein sicheres Umfeld. Das lockt viele Kunden an, beispielsweise aus der Automotive-Branche. Aber auch Unternehmen der Elektrotechnik oder der Medizintechnik setzen auf unser Serviceangebot als Lohnfertigungs-Unternehmen. Auch wenn Sie ein Unternehmen im Maschinenbau sind oder der Lebensmittelindustrie \u2013 fragen Sie unseren <a title=\"Laserschwei\u00dfen und Laserschneiden\" href=\"https:\/\/form-klar.de\/schorcht\/laserschweissen\/\"><strong>Service als Laserzentrum<\/strong><\/a> gern an.\n<h3>Schwei\u00dfen mit dem Laser \u2013 das ist unser Kerngesch\u00e4ft<\/h3>\nNicht nur die\u00a0<strong>Lasermaterialbearbeitung<\/strong> wie Laserschneiden geh\u00f6rt zu unseren Leistungen, sondern auch komplexe Aufgabe wie das Schwei\u00dfen beispielsweise von 1m-Plattenw\u00e4rmetauschern. Gro\u00dfe Abmessungen sind f\u00fcr uns also kein Problem. Aber auch bei den kleinen und kleinsten Abmessungen sind wir genau Ihr Partner. Denn wir schwei\u00dfen Ihnen auch Kugellager, die nur einen Durchmesser von 3 Millimetern besitzen. Ebenso schwei\u00dfen wir chirurgische Instrumente.\n<h3>Beauftragen Sie einen Lohnfertiger!<\/h3>\nAls Lohnfertiger stellen wir unseren Kunden die gesamte Bandbreite von CNC-Laser-Systemen zur Verf\u00fcgung. Ob <strong>Faserlaser, Nd:YAG Laser oder CO2-Laser<\/strong> \u2013 wir setzen die passende Technologie f\u00fcr Ihren Auftrag ein.\n<h3>Effiziente Produktion mit dem Schorcht Laserzentrum<\/h3>\nWir m\u00f6chten Ihr Augenmerk auch gern auf unsere Leistung der Rohrbearbeitung richten. Beauftragen Sie bei uns effiziente Schwei\u00dfarbeiten oder das exakte Setzen von Lasermarkierungen \u2013 auf jeden Fall f\u00f6rdern Sie mit dem Beauftragen eines Lohnfertigungs-Unternehmens die Effizienz Ihrer Produktion. Lohnfertigung spart f\u00fcr Ihr Unternehmen auch deshalb Kosten, weil wir die\u00a0<strong>passende Lasertechnologie<\/strong> f\u00fcr unsere Kunden vorhalten.\n<\/p>\n\n\n\n<p><strong>Ihr Kontakt Laserzentrum Schorcht:<\/strong> <img decoding=\"async\" class=\"lazyload emoji\" draggable=\"false\" src=\"data:image\/gif;base64,R0lGODlhAQABAAAAACH5BAEKAAEALAAAAAABAAEAAAICTAEAOw==\" data-orig-src=\"https:\/\/s.w.org\/images\/core\/emoji\/12.0.0-1\/svg\/260e.svg\" alt=\"\u260e\ufe0f\"> <a title=\"Telefon: Laserzentrum Schorcht\" href=\"tel:+4936691570010\"><strong>+49 36691 5700 10<\/strong><\/a><\/p>\n","protected":false},"excerpt":{"rendered":"","protected":false},"author":10,"featured_media":0,"parent":0,"menu_order":0,"comment_status":"closed","ping_status":"closed","template":"","meta":{"ngg_post_thumbnail":0,"footnotes":"","_links_to":"","_links_to_target":""},"yoast_head":"<!-- This site is optimized with the Yoast SEO plugin v22.5 - https:\/\/yoast.com\/wordpress\/plugins\/seo\/ -->\n<title>Lohnfertigungs-Unternehmen f\u00fcr die Metallbranche<\/title>\n<meta name=\"description\" content=\"Laserschneiden &amp; Laserschwei\u00dfen \u2705 Laserbeschriften &amp; Laserbohren \u2705 Rohrbearbeitung &amp; Anlagentechnik \u2705 Lohnfertigungs-Unternehmen \u2705\" \/>\n<meta name=\"robots\" content=\"noindex, follow, max-snippet:-1, max-image-preview:large, max-video-preview:-1\" \/>\n<meta property=\"og:locale\" content=\"de_DE\" \/>\n<meta property=\"og:type\" content=\"article\" \/>\n<meta property=\"og:title\" content=\"Lohnfertigungs-Unternehmen f\u00fcr die Metallbranche\" \/>\n<meta property=\"og:description\" content=\"Laserschneiden &amp; Laserschwei\u00dfen \u2705 Laserbeschriften &amp; Laserbohren \u2705 Rohrbearbeitung &amp; Anlagentechnik \u2705 Lohnfertigungs-Unternehmen \u2705\" \/>\n<meta property=\"og:url\" content=\"https:\/\/form-klar.de\/schorcht\/lohnfertigungs-unternehmen\/\" \/>\n<meta property=\"og:site_name\" content=\"Laserzentrum Schorcht\" \/>\n<meta property=\"article:modified_time\" content=\"2020-05-28T11:13:36+00:00\" \/>\n<meta property=\"og:image\" content=\"https:\/\/s.w.org\/images\/core\/emoji\/12.0.0-1\/svg\/260e.svg\" \/>\n<meta name=\"twitter:label1\" content=\"Gesch\u00e4tzte Lesezeit\" \/>\n\t<meta name=\"twitter:data1\" content=\"2\u00a0Minuten\" \/>\n<script type=\"application\/ld+json\" class=\"yoast-schema-graph\">{\"@context\":\"https:\/\/schema.org\",\"@graph\":[{\"@type\":\"WebPage\",\"@id\":\"https:\/\/form-klar.de\/schorcht\/lohnfertigungs-unternehmen\/\",\"url\":\"https:\/\/form-klar.de\/schorcht\/lohnfertigungs-unternehmen\/\",\"name\":\"Lohnfertigungs-Unternehmen f\u00fcr die Metallbranche\",\"isPartOf\":{\"@id\":\"https:\/\/form-klar.de\/schorcht\/#website\"},\"primaryImageOfPage\":{\"@id\":\"https:\/\/form-klar.de\/schorcht\/lohnfertigungs-unternehmen\/#primaryimage\"},\"image\":{\"@id\":\"https:\/\/form-klar.de\/schorcht\/lohnfertigungs-unternehmen\/#primaryimage\"},\"thumbnailUrl\":\"https:\/\/s.w.org\/images\/core\/emoji\/12.0.0-1\/svg\/260e.svg\",\"datePublished\":\"2020-05-28T11:13:27+00:00\",\"dateModified\":\"2020-05-28T11:13:36+00:00\",\"description\":\"Laserschneiden & Laserschwei\u00dfen \u2705 Laserbeschriften & Laserbohren \u2705 Rohrbearbeitung & Anlagentechnik \u2705 Lohnfertigungs-Unternehmen \u2705\",\"inLanguage\":\"de\",\"potentialAction\":[{\"@type\":\"ReadAction\",\"target\":[\"https:\/\/form-klar.de\/schorcht\/lohnfertigungs-unternehmen\/\"]}]},{\"@type\":\"ImageObject\",\"inLanguage\":\"de\",\"@id\":\"https:\/\/form-klar.de\/schorcht\/lohnfertigungs-unternehmen\/#primaryimage\",\"url\":\"https:\/\/s.w.org\/images\/core\/emoji\/12.0.0-1\/svg\/260e.svg\",\"contentUrl\":\"https:\/\/s.w.org\/images\/core\/emoji\/12.0.0-1\/svg\/260e.svg\"},{\"@type\":\"WebSite\",\"@id\":\"https:\/\/form-klar.de\/schorcht\/#website\",\"url\":\"https:\/\/form-klar.de\/schorcht\/\",\"name\":\"Laserzentrum Schorcht\",\"description\":\"Lohnfertigung in der Lasermaterialbearbeitung - 12 Laseranlagen\",\"potentialAction\":[{\"@type\":\"SearchAction\",\"target\":{\"@type\":\"EntryPoint\",\"urlTemplate\":\"https:\/\/form-klar.de\/schorcht\/?s={search_term_string}\"},\"query-input\":\"required name=search_term_string\"}],\"inLanguage\":\"de\"}]}<\/script>\n<!-- \/ Yoast SEO plugin. -->","yoast_head_json":{"title":"Lohnfertigungs-Unternehmen f\u00fcr die Metallbranche","description":"Laserschneiden & Laserschwei\u00dfen \u2705 Laserbeschriften & Laserbohren \u2705 Rohrbearbeitung & Anlagentechnik \u2705 Lohnfertigungs-Unternehmen \u2705","robots":{"index":"noindex","follow":"follow","max-snippet":"max-snippet:-1","max-image-preview":"max-image-preview:large","max-video-preview":"max-video-preview:-1"},"og_locale":"de_DE","og_type":"article","og_title":"Lohnfertigungs-Unternehmen f\u00fcr die Metallbranche","og_description":"Laserschneiden & Laserschwei\u00dfen \u2705 Laserbeschriften & Laserbohren \u2705 Rohrbearbeitung & Anlagentechnik \u2705 Lohnfertigungs-Unternehmen \u2705","og_url":"https:\/\/form-klar.de\/schorcht\/lohnfertigungs-unternehmen\/","og_site_name":"Laserzentrum Schorcht","article_modified_time":"2020-05-28T11:13:36+00:00","og_image":[{"url":"https:\/\/s.w.org\/images\/core\/emoji\/12.0.0-1\/svg\/260e.svg"}],"twitter_misc":{"Gesch\u00e4tzte Lesezeit":"2\u00a0Minuten"},"schema":{"@context":"https:\/\/schema.org","@graph":[{"@type":"WebPage","@id":"https:\/\/form-klar.de\/schorcht\/lohnfertigungs-unternehmen\/","url":"https:\/\/form-klar.de\/schorcht\/lohnfertigungs-unternehmen\/","name":"Lohnfertigungs-Unternehmen f\u00fcr die Metallbranche","isPartOf":{"@id":"https:\/\/form-klar.de\/schorcht\/#website"},"primaryImageOfPage":{"@id":"https:\/\/form-klar.de\/schorcht\/lohnfertigungs-unternehmen\/#primaryimage"},"image":{"@id":"https:\/\/form-klar.de\/schorcht\/lohnfertigungs-unternehmen\/#primaryimage"},"thumbnailUrl":"https:\/\/s.w.org\/images\/core\/emoji\/12.0.0-1\/svg\/260e.svg","datePublished":"2020-05-28T11:13:27+00:00","dateModified":"2020-05-28T11:13:36+00:00","description":"Laserschneiden & Laserschwei\u00dfen \u2705 Laserbeschriften & Laserbohren \u2705 Rohrbearbeitung & Anlagentechnik \u2705 Lohnfertigungs-Unternehmen \u2705","inLanguage":"de","potentialAction":[{"@type":"ReadAction","target":["https:\/\/form-klar.de\/schorcht\/lohnfertigungs-unternehmen\/"]}]},{"@type":"ImageObject","inLanguage":"de","@id":"https:\/\/form-klar.de\/schorcht\/lohnfertigungs-unternehmen\/#primaryimage","url":"https:\/\/s.w.org\/images\/core\/emoji\/12.0.0-1\/svg\/260e.svg","contentUrl":"https:\/\/s.w.org\/images\/core\/emoji\/12.0.0-1\/svg\/260e.svg"},{"@type":"WebSite","@id":"https:\/\/form-klar.de\/schorcht\/#website","url":"https:\/\/form-klar.de\/schorcht\/","name":"Laserzentrum Schorcht","description":"Lohnfertigung in der Lasermaterialbearbeitung - 12 Laseranlagen","potentialAction":[{"@type":"SearchAction","target":{"@type":"EntryPoint","urlTemplate":"https:\/\/form-klar.de\/schorcht\/?s={search_term_string}"},"query-input":"required name=search_term_string"}],"inLanguage":"de"}]}},"_links":{"self":[{"href":"https:\/\/form-klar.de\/schorcht\/wp-json\/wp\/v2\/pages\/1525"}],"collection":[{"href":"https:\/\/form-klar.de\/schorcht\/wp-json\/wp\/v2\/pages"}],"about":[{"href":"https:\/\/form-klar.de\/schorcht\/wp-json\/wp\/v2\/types\/page"}],"author":[{"embeddable":true,"href":"https:\/\/form-klar.de\/schorcht\/wp-json\/wp\/v2\/users\/10"}],"replies":[{"embeddable":true,"href":"https:\/\/form-klar.de\/schorcht\/wp-json\/wp\/v2\/comments?post=1525"}],"version-history":[{"count":2,"href":"https:\/\/form-klar.de\/schorcht\/wp-json\/wp\/v2\/pages\/1525\/revisions"}],"predecessor-version":[{"id":1528,"href":"https:\/\/form-klar.de\/schorcht\/wp-json\/wp\/v2\/pages\/1525\/revisions\/1528"}],"wp:attachment":[{"href":"https:\/\/form-klar.de\/schorcht\/wp-json\/wp\/v2\/media?parent=1525"}],"curies":[{"name":"wp","href":"https:\/\/api.w.org\/{rel}","templated":true}]}}