{"id":1446,"date":"2019-05-10T13:12:56","date_gmt":"2019-05-10T13:12:56","guid":{"rendered":"https:\/\/form-klar.de\/schorcht\/?page_id=1446"},"modified":"2021-03-04T15:39:04","modified_gmt":"2021-03-04T15:39:04","slug":"laserschneiden-metall","status":"publish","type":"page","link":"https:\/\/form-klar.de\/schorcht\/laserschneiden-metall\/","title":{"rendered":"Laserschneiden Metall"},"content":{"rendered":"<h2>Laserschneiden Metall \u2013 Ihr Angebot<\/h2>\n<p><strong>Laserschneiden Metall<\/strong> \u2013 das ist unsere Aufgabe. Dabei treten wir als Ihr Partner auf. Denn mit unseren 14 Laseranlagen sind wir top in der Lohnfertigung aufgestellt.<\/p>\n<h3>Ihre Anfrage Metall Laserschneiden direkt an uns<\/h3>\n<p><strong>Sie suchen einen Partner<\/strong> f\u00fcr das <strong>Laserschneiden von Stahlblechen<\/strong>, <strong>Edelstahlblechen<\/strong> oder <a href=\"https:\/\/form-klar.de\/schorcht\/aluminium-laserschneiden\/\"><strong>Aluminium<\/strong><\/a>? Wir m\u00f6chten Sie gern beraten. Zudem k\u00f6nnen wir Ihnen vielf\u00e4ltige Leistungen anbieten. Ob <strong>Laserschneiden<\/strong>, <strong>Laserschwei\u00dfen<\/strong>, <strong>Laserbohren<\/strong> oder <strong>Beschriften<\/strong> \u2013 bei uns erhalten Sie alles aus einer Hand. Ob <strong>Rohrbearbeitung<\/strong> oder <strong>Anlagentechnik<\/strong> \u2013 <a href=\"https:\/\/form-klar.de\/schorcht\/ueber-uns\/\"><strong>fragen Sie uns an<\/strong><\/a>.<\/p>\n<h3>Sicherheit f\u00fcr Ihren Auftrag \u2013 Laserschneiden von Metall<\/h3>\n<p><strong>Warum sollten Sie sich mit uns in Verbindung setzen<\/strong>? Weil wir Ihnen von der Entwicklung bis Komplettfertigung alle Arbeitsschritte aus einem Haus anbieten k\u00f6nnen. Dazu kommt unser Qualit\u00e4tsmanagementsystem \u2013 mit denen wir unser <a href=\"https:\/\/form-klar.de\/schorcht\/\"><strong>Qualit\u00e4tsversprechen<\/strong><\/a> untermauern.<\/p>\n<p>Ein <strong>eigener Werkzeugbau<\/strong> und <strong>unser Labor<\/strong> bieten Ihnen zudem mehr M\u00f6glichkeiten. Genie\u00dfen Sie doch die Sicherheit mit unserem Unternehmen. Qualit\u00e4t und Sicherheit \u2013 mit diesen beiden Faktoren gestalten Sie Ihre Produktion effizienter. <a href=\"https:\/\/form-klar.de\/schorcht\/ansprechpartner\/\"><strong>Sparen Sie jetzt Geld \u2013 mit uns<\/strong><\/a>!<\/p>\n<h4>Laser-Technologie \u2013 Ihre M\u00f6glichkeiten<\/h4>\n<p><strong>Setzen Sie auf unsere Leistung Mikroschneiden<\/strong>. Besonders Unternehmen von Hochtechnologiebranchen wie der Medizintechnik profitieren von unseren Anlagen. Ebenso schneiden wir <strong>Metall<\/strong> und <a href=\"https:\/\/form-klar.de\/schorcht\/blech-schneiden\/\"><strong>Metallbleche im Gro\u00dfformat<\/strong><\/a> \u2013 entsprechend Ihren Anforderungen. Sie m\u00f6chten <strong>Rohre schneiden<\/strong>? Wir schneiden beliebige <strong>Konturen bis zu 2600 mm L\u00e4nge<\/strong>. Mit unterschiedlichen Materialdicken und Durchmessern.<\/p>\n<p><strong>Gern beraten wir Sie<\/strong>. Schicken Sie die <a href=\"https:\/\/form-klar.de\/schorcht\/kontakt\/\"><strong>Anfrage \u00fcber unser Kontaktformular<\/strong><\/a>. Oder Sie rufen uns einfach an. Wir bieten Ihnen <strong>fachkundige Beratung<\/strong> von der ersten Minute an.<\/p>\n<p><strong>Ihr Kontakt Laserzentrum Schorcht:<\/strong> <img decoding=\"async\" class=\"lazyload emoji\" draggable=\"false\" src=\"data:image\/gif;base64,R0lGODlhAQABAAAAACH5BAEKAAEALAAAAAABAAEAAAICTAEAOw==\" data-orig-src=\"https:\/\/s.w.org\/images\/core\/emoji\/12.0.0-1\/svg\/260e.svg\" alt=\"\u260e\ufe0f\"> <a title=\"Telefon: Laserzentrum Schorcht\" href=\"tel:+4936691570010\"><strong>+49 36691 5700 10<\/strong><\/a><\/p>\n","protected":false},"excerpt":{"rendered":"<p>Laserschneiden Metall \u2013 Ihr Angebot Laserschneiden Metall \u2013 das ist unsere Aufgabe. Dabei treten wir als Ihr Partner auf. Denn mit unseren 14 Laseranlagen sind [&hellip;]<\/p>\n","protected":false},"author":10,"featured_media":0,"parent":0,"menu_order":0,"comment_status":"closed","ping_status":"closed","template":"","meta":{"ngg_post_thumbnail":0,"footnotes":"","_links_to":"","_links_to_target":""},"yoast_head":"<!-- This site is optimized with the Yoast SEO plugin v22.5 - https:\/\/yoast.com\/wordpress\/plugins\/seo\/ -->\n<title>Laserschneiden Metall | Das Schorcht Laserzentrum bietet mehr Service<\/title>\n<meta name=\"description\" content=\"Laserschneiden von Metall - Setzen Sie auf Effizienz und h\u00f6chste Pr\u00e4zision.\u2705 Wir sind der sichere Lohnschneiden-Partner f\u00fcr viele unterschiedliche Branchen. \u2705 Laserschneiden Metall \u2705\" \/>\n<meta name=\"robots\" content=\"noindex, follow, max-snippet:-1, max-image-preview:large, max-video-preview:-1\" \/>\n<meta property=\"og:locale\" content=\"de_DE\" \/>\n<meta property=\"og:type\" content=\"article\" \/>\n<meta property=\"og:title\" content=\"Laserschneiden Metall | Das Schorcht Laserzentrum bietet mehr Service\" \/>\n<meta property=\"og:description\" content=\"Laserschneiden von Metall - Setzen Sie auf Effizienz und h\u00f6chste Pr\u00e4zision.\u2705 Wir sind der sichere Lohnschneiden-Partner f\u00fcr viele unterschiedliche Branchen. \u2705 Laserschneiden Metall \u2705\" \/>\n<meta property=\"og:url\" content=\"https:\/\/form-klar.de\/schorcht\/laserschneiden-metall\/\" \/>\n<meta property=\"og:site_name\" content=\"Laserzentrum Schorcht\" \/>\n<meta property=\"article:modified_time\" content=\"2021-03-04T15:39:04+00:00\" \/>\n<meta property=\"og:image\" content=\"https:\/\/s.w.org\/images\/core\/emoji\/12.0.0-1\/svg\/260e.svg\" \/>\n<meta name=\"twitter:label1\" content=\"Gesch\u00e4tzte Lesezeit\" \/>\n\t<meta name=\"twitter:data1\" content=\"1\u00a0Minute\" \/>\n<script type=\"application\/ld+json\" class=\"yoast-schema-graph\">{\"@context\":\"https:\/\/schema.org\",\"@graph\":[{\"@type\":\"WebPage\",\"@id\":\"https:\/\/form-klar.de\/schorcht\/laserschneiden-metall\/\",\"url\":\"https:\/\/form-klar.de\/schorcht\/laserschneiden-metall\/\",\"name\":\"Laserschneiden Metall | Das Schorcht Laserzentrum bietet mehr Service\",\"isPartOf\":{\"@id\":\"https:\/\/form-klar.de\/schorcht\/#website\"},\"primaryImageOfPage\":{\"@id\":\"https:\/\/form-klar.de\/schorcht\/laserschneiden-metall\/#primaryimage\"},\"image\":{\"@id\":\"https:\/\/form-klar.de\/schorcht\/laserschneiden-metall\/#primaryimage\"},\"thumbnailUrl\":\"https:\/\/s.w.org\/images\/core\/emoji\/12.0.0-1\/svg\/260e.svg\",\"datePublished\":\"2019-05-10T13:12:56+00:00\",\"dateModified\":\"2021-03-04T15:39:04+00:00\",\"description\":\"Laserschneiden von Metall - Setzen Sie auf Effizienz und h\u00f6chste Pr\u00e4zision.\u2705 Wir sind der sichere Lohnschneiden-Partner f\u00fcr viele unterschiedliche Branchen. \u2705 Laserschneiden Metall \u2705\",\"inLanguage\":\"de\",\"potentialAction\":[{\"@type\":\"ReadAction\",\"target\":[\"https:\/\/form-klar.de\/schorcht\/laserschneiden-metall\/\"]}]},{\"@type\":\"ImageObject\",\"inLanguage\":\"de\",\"@id\":\"https:\/\/form-klar.de\/schorcht\/laserschneiden-metall\/#primaryimage\",\"url\":\"https:\/\/s.w.org\/images\/core\/emoji\/12.0.0-1\/svg\/260e.svg\",\"contentUrl\":\"https:\/\/s.w.org\/images\/core\/emoji\/12.0.0-1\/svg\/260e.svg\"},{\"@type\":\"WebSite\",\"@id\":\"https:\/\/form-klar.de\/schorcht\/#website\",\"url\":\"https:\/\/form-klar.de\/schorcht\/\",\"name\":\"Laserzentrum Schorcht\",\"description\":\"Lohnfertigung in der Lasermaterialbearbeitung - 12 Laseranlagen\",\"potentialAction\":[{\"@type\":\"SearchAction\",\"target\":{\"@type\":\"EntryPoint\",\"urlTemplate\":\"https:\/\/form-klar.de\/schorcht\/?s={search_term_string}\"},\"query-input\":\"required name=search_term_string\"}],\"inLanguage\":\"de\"}]}<\/script>\n<!-- \/ Yoast SEO plugin. -->","yoast_head_json":{"title":"Laserschneiden Metall | Das Schorcht Laserzentrum bietet mehr Service","description":"Laserschneiden von Metall - Setzen Sie auf Effizienz und h\u00f6chste Pr\u00e4zision.\u2705 Wir sind der sichere Lohnschneiden-Partner f\u00fcr viele unterschiedliche Branchen. \u2705 Laserschneiden Metall \u2705","robots":{"index":"noindex","follow":"follow","max-snippet":"max-snippet:-1","max-image-preview":"max-image-preview:large","max-video-preview":"max-video-preview:-1"},"og_locale":"de_DE","og_type":"article","og_title":"Laserschneiden Metall | Das Schorcht Laserzentrum bietet mehr Service","og_description":"Laserschneiden von Metall - Setzen Sie auf Effizienz und h\u00f6chste Pr\u00e4zision.\u2705 Wir sind der sichere Lohnschneiden-Partner f\u00fcr viele unterschiedliche Branchen. \u2705 Laserschneiden Metall \u2705","og_url":"https:\/\/form-klar.de\/schorcht\/laserschneiden-metall\/","og_site_name":"Laserzentrum Schorcht","article_modified_time":"2021-03-04T15:39:04+00:00","og_image":[{"url":"https:\/\/s.w.org\/images\/core\/emoji\/12.0.0-1\/svg\/260e.svg"}],"twitter_misc":{"Gesch\u00e4tzte Lesezeit":"1\u00a0Minute"},"schema":{"@context":"https:\/\/schema.org","@graph":[{"@type":"WebPage","@id":"https:\/\/form-klar.de\/schorcht\/laserschneiden-metall\/","url":"https:\/\/form-klar.de\/schorcht\/laserschneiden-metall\/","name":"Laserschneiden Metall | Das Schorcht Laserzentrum bietet mehr Service","isPartOf":{"@id":"https:\/\/form-klar.de\/schorcht\/#website"},"primaryImageOfPage":{"@id":"https:\/\/form-klar.de\/schorcht\/laserschneiden-metall\/#primaryimage"},"image":{"@id":"https:\/\/form-klar.de\/schorcht\/laserschneiden-metall\/#primaryimage"},"thumbnailUrl":"https:\/\/s.w.org\/images\/core\/emoji\/12.0.0-1\/svg\/260e.svg","datePublished":"2019-05-10T13:12:56+00:00","dateModified":"2021-03-04T15:39:04+00:00","description":"Laserschneiden von Metall - Setzen Sie auf Effizienz und h\u00f6chste Pr\u00e4zision.\u2705 Wir sind der sichere Lohnschneiden-Partner f\u00fcr viele unterschiedliche Branchen. \u2705 Laserschneiden Metall \u2705","inLanguage":"de","potentialAction":[{"@type":"ReadAction","target":["https:\/\/form-klar.de\/schorcht\/laserschneiden-metall\/"]}]},{"@type":"ImageObject","inLanguage":"de","@id":"https:\/\/form-klar.de\/schorcht\/laserschneiden-metall\/#primaryimage","url":"https:\/\/s.w.org\/images\/core\/emoji\/12.0.0-1\/svg\/260e.svg","contentUrl":"https:\/\/s.w.org\/images\/core\/emoji\/12.0.0-1\/svg\/260e.svg"},{"@type":"WebSite","@id":"https:\/\/form-klar.de\/schorcht\/#website","url":"https:\/\/form-klar.de\/schorcht\/","name":"Laserzentrum Schorcht","description":"Lohnfertigung in der Lasermaterialbearbeitung - 12 Laseranlagen","potentialAction":[{"@type":"SearchAction","target":{"@type":"EntryPoint","urlTemplate":"https:\/\/form-klar.de\/schorcht\/?s={search_term_string}"},"query-input":"required name=search_term_string"}],"inLanguage":"de"}]}},"_links":{"self":[{"href":"https:\/\/form-klar.de\/schorcht\/wp-json\/wp\/v2\/pages\/1446"}],"collection":[{"href":"https:\/\/form-klar.de\/schorcht\/wp-json\/wp\/v2\/pages"}],"about":[{"href":"https:\/\/form-klar.de\/schorcht\/wp-json\/wp\/v2\/types\/page"}],"author":[{"embeddable":true,"href":"https:\/\/form-klar.de\/schorcht\/wp-json\/wp\/v2\/users\/10"}],"replies":[{"embeddable":true,"href":"https:\/\/form-klar.de\/schorcht\/wp-json\/wp\/v2\/comments?post=1446"}],"version-history":[{"count":2,"href":"https:\/\/form-klar.de\/schorcht\/wp-json\/wp\/v2\/pages\/1446\/revisions"}],"predecessor-version":[{"id":1592,"href":"https:\/\/form-klar.de\/schorcht\/wp-json\/wp\/v2\/pages\/1446\/revisions\/1592"}],"wp:attachment":[{"href":"https:\/\/form-klar.de\/schorcht\/wp-json\/wp\/v2\/media?parent=1446"}],"curies":[{"name":"wp","href":"https:\/\/api.w.org\/{rel}","templated":true}]}}