{"id":1199,"date":"2019-12-19T13:46:51","date_gmt":"2019-12-19T13:46:51","guid":{"rendered":"https:\/\/form-klar.de\/schorcht\/?page_id=1199"},"modified":"2020-02-11T11:10:03","modified_gmt":"2020-02-11T11:10:03","slug":"laserschweissen-aluminium","status":"publish","type":"page","link":"https:\/\/form-klar.de\/schorcht\/laserschweissen-aluminium\/","title":{"rendered":"Laserschwei\u00dfen Aluminium"},"content":{"rendered":"<h1>Ihre Fragen rund um das Laserschwei\u00dfen von Aluminium<\/h1>\n<p>Sie fordern die Leistung Laserschwei\u00dfen von Aluminium an? M\u00f6chten Sie mehr Informationen \u00fcber Ihre potentiellen Partner verhalten? Sie suchen Partnerunternehmen, die sich auf die Lohnfertigung spezialisiert haben. So oft Sie neue Partner suchen, es ist wichtig, auf die Referenzen zu schauen. Zudem sollte die Leistungsf\u00e4higkeit des Zulieferers f\u00fcr die Bearbeitung Ihrer Produkte, Werkzeuge und Werkst\u00fccke gegeben sein.<\/p>\n<p><img decoding=\"async\" class=\"lazyload alignnone size-full wp-image-1265\" src=\"https:\/\/form-klar.de\/schorcht\/wp-content\/uploads\/2018\/04\/laserschweissen-hersteller2.jpg\" data-orig-src=\"https:\/\/form-klar.de\/schorcht\/wp-content\/uploads\/2018\/04\/laserschweissen-hersteller2.jpg\" alt=\"Laserschwei\u00dfen Aluminium\" width=\"820\" height=\"243\" srcset=\"data:image\/svg+xml,%3Csvg%20xmlns%3D%27http%3A%2F%2Fwww.w3.org%2F2000%2Fsvg%27%20width%3D%27820%27%20height%3D%27243%27%20viewBox%3D%270%200%20820%20243%27%3E%3Crect%20width%3D%27820%27%20height%3D%27243%27%20fill-opacity%3D%220%22%2F%3E%3C%2Fsvg%3E\" data-srcset=\"https:\/\/form-klar.de\/schorcht\/wp-content\/uploads\/2018\/04\/laserschweissen-hersteller2-200x59.jpg 200w, https:\/\/form-klar.de\/schorcht\/wp-content\/uploads\/2018\/04\/laserschweissen-hersteller2-300x89.jpg 300w, https:\/\/form-klar.de\/schorcht\/wp-content\/uploads\/2018\/04\/laserschweissen-hersteller2-400x119.jpg 400w, https:\/\/form-klar.de\/schorcht\/wp-content\/uploads\/2018\/04\/laserschweissen-hersteller2-600x178.jpg 600w, https:\/\/form-klar.de\/schorcht\/wp-content\/uploads\/2018\/04\/laserschweissen-hersteller2-768x228.jpg 768w, https:\/\/form-klar.de\/schorcht\/wp-content\/uploads\/2018\/04\/laserschweissen-hersteller2-800x237.jpg 800w, https:\/\/form-klar.de\/schorcht\/wp-content\/uploads\/2018\/04\/laserschweissen-hersteller2.jpg 820w\" data-sizes=\"auto\" data-orig-sizes=\"(max-width: 820px) 100vw, 820px\" \/><\/p>\n<h3>Erfahrung plus Leistungsst\u00e4rke \u2013 darauf kommt es unter anderem an<\/h3>\n<p>Erstens gilt: Erfahrung z\u00e4hlt beim <a href=\"https:\/\/form-klar.de\/schorcht\/laserschweissen\/lohnfertigung\/\">Laserschwei\u00dfen <\/a>von Aluminium. Professionelle Partner arbeiten unter dem Strich pr\u00e4ziser und bieten mehr Leistungen an. Zweitens: Die langj\u00e4hrige Erfahrung ist wichtig, um Fehler im Prozess zu vermeiden. Drittens spielt die Qualit\u00e4t eine gro\u00dfe Rolle. Denn hochqualitative Zus\u00e4tze beim Schwei\u00dfen sind wichtig beim Laserschwei\u00dfen von Aluminium.<\/p>\n<h3>Welchen Service bietet Ihr Lohnfertiger?<\/h3>\n<p>Falls Sie Flexibilit\u00e4t brauchen, ist ein breites Leistungs-Spektrum sehr wichtig. Mit anderen Worten, je mehr ein Dienstleister bietet, umso \u00f6fter k\u00f6nnen Sie mit ihm zusammen arbeiten. Zum Beispiel w\u00e4re die M\u00f6glichkeit mobiler Anlagen von Vorteil. Werkzeuge und Bleche sind so schnell vor Ort zu schwei\u00dfen. Die Notwendigkeit des Transports entf\u00e4llt. Unter dem Strich kann mobile Technik schnellere und gleichwertige Ergebnisse liefern.<\/p>\n<h3>Welche Gr\u00f6\u00dfen und Geometrien sind notwendig?<\/h3>\n<p>Laserschwei\u00dfen ist eine Leistung die unterschiedlich umgesetzt werden kann. Um gro\u00dfe Fl\u00e4chen zu schwei\u00dfen ist WIG-Schwei\u00dfen zu empfehlen. Oft kann eine Kombination aus WIG-Schwei\u00dfen und Laserschwei\u00dfen notwendig sein. Auch andere Werkstoffe wie Kupfer und dickwandiger Stahl lassen sich so bearbeiten. Fragen Sie die Experten Ihres Partners.<\/p>\n<h3>Hybridverfahren beim Laserschwei\u00dfen<\/h3>\n<p>Hat Ihr Partner Erfahrung bei sogenannten Hybridverfahren? Hybrides Schwei\u00dfen von Verbindungen funktioniert so: Der Laser schmilz den Werkstoff auf. Daraufhin setzt der Lichtbogen plus Zusatzstoff des WIG-Schwei\u00dfens ein, um den Trichter aufzuf\u00fcllen. Damit wird das Material verbunden.<\/p>\n<h3>Ansprechpartner f\u00fcr viele Branchen<\/h3>\n<p>Lohndienstleister arbeiten f\u00fcr viele Branchen. Trotzdem das Laserschwei\u00dfen von Aluminium sehr speziell ist, ist die Anwendungsbreite hoch. Ob Automotiv-Branche, Elektroindustrie, Chemie-Industrie, Maschinenbau oder Vakuumtechnik \u2013 Ihr Dienstleister sollte Erfahrungen in all diesen Branchen haben. Zudem ist es wichtig, dass Erfahrungen in der Technik von Mikrosystemen vorhanden sind.<\/p>\n<h3>Aluminium wird als Werkstoff immer wichtiger.<\/h3>\n<p>Im Fahrzeugbau ist Aluminium nicht mehr wegzudenken. Trotzdem Aluminium nur halb so schwer wie Eisen ist, ist der Werkstoff sehr stabil. Bleche aus Aluminium verleihen vielen Konstruktionen sehr hohe Stabilit\u00e4t bei geringem Gewicht. Beim Schneiden und Schwei\u00dfen von Aluminium wird mehr Laser-Energie als bei anderen Blechen ben\u00f6tigt. Zu empfehlen sind adeshalb Faserlaser, gepulste Festk\u00f6rperlaser oder Diodenlaser.<\/p>\n<p>Sie suchen einen effizienten Partner f\u00fcr das Laserschwei\u00dfen? <u>Informieren Sie sich hier<\/u>!<\/p>\n","protected":false},"excerpt":{"rendered":"<p>Ihre Fragen rund um das Laserschwei\u00dfen von Aluminium Sie fordern die Leistung Laserschwei\u00dfen von Aluminium an? M\u00f6chten Sie mehr Informationen \u00fcber Ihre potentiellen Partner verhalten? [&hellip;]<\/p>\n","protected":false},"author":10,"featured_media":0,"parent":0,"menu_order":0,"comment_status":"closed","ping_status":"closed","template":"","meta":{"ngg_post_thumbnail":0,"footnotes":"","_links_to":"","_links_to_target":""},"yoast_head":"<!-- This site is optimized with the Yoast SEO plugin v22.5 - https:\/\/yoast.com\/wordpress\/plugins\/seo\/ -->\n<title>Anbieter finden f\u00fcr das Laserschwei\u00dfen von Aluminium<\/title>\n<meta name=\"description\" content=\"Kompetente Partner sind das, was viele Firmen suchen. \u2705 Beim Laserschwei\u00dfen von Aluminium kommt es auf den optimalen Maschinenpark an. \u2705\" \/>\n<meta name=\"robots\" content=\"noindex, follow, max-snippet:-1, max-image-preview:large, max-video-preview:-1\" \/>\n<meta property=\"og:locale\" content=\"de_DE\" \/>\n<meta property=\"og:type\" content=\"article\" \/>\n<meta property=\"og:title\" content=\"Anbieter finden f\u00fcr das Laserschwei\u00dfen von Aluminium\" \/>\n<meta property=\"og:description\" content=\"Kompetente Partner sind das, was viele Firmen suchen. \u2705 Beim Laserschwei\u00dfen von Aluminium kommt es auf den optimalen Maschinenpark an. \u2705\" \/>\n<meta property=\"og:url\" content=\"https:\/\/form-klar.de\/schorcht\/laserschweissen-aluminium\/\" \/>\n<meta property=\"og:site_name\" content=\"Laserzentrum Schorcht\" \/>\n<meta property=\"article:modified_time\" content=\"2020-02-11T11:10:03+00:00\" \/>\n<meta property=\"og:image\" content=\"https:\/\/form-klar.de\/schorcht\/wp-content\/uploads\/2018\/04\/laserschweissen-hersteller2.jpg\" \/>\n<meta name=\"twitter:label1\" content=\"Gesch\u00e4tzte Lesezeit\" \/>\n\t<meta name=\"twitter:data1\" content=\"2\u00a0Minuten\" \/>\n<script type=\"application\/ld+json\" class=\"yoast-schema-graph\">{\"@context\":\"https:\/\/schema.org\",\"@graph\":[{\"@type\":\"WebPage\",\"@id\":\"https:\/\/form-klar.de\/schorcht\/laserschweissen-aluminium\/\",\"url\":\"https:\/\/form-klar.de\/schorcht\/laserschweissen-aluminium\/\",\"name\":\"Anbieter finden f\u00fcr das Laserschwei\u00dfen von Aluminium\",\"isPartOf\":{\"@id\":\"https:\/\/form-klar.de\/schorcht\/#website\"},\"primaryImageOfPage\":{\"@id\":\"https:\/\/form-klar.de\/schorcht\/laserschweissen-aluminium\/#primaryimage\"},\"image\":{\"@id\":\"https:\/\/form-klar.de\/schorcht\/laserschweissen-aluminium\/#primaryimage\"},\"thumbnailUrl\":\"https:\/\/form-klar.de\/schorcht\/wp-content\/uploads\/2018\/04\/laserschweissen-hersteller2.jpg\",\"datePublished\":\"2019-12-19T13:46:51+00:00\",\"dateModified\":\"2020-02-11T11:10:03+00:00\",\"description\":\"Kompetente Partner sind das, was viele Firmen suchen. \u2705 Beim Laserschwei\u00dfen von Aluminium kommt es auf den optimalen Maschinenpark an. \u2705\",\"inLanguage\":\"de\",\"potentialAction\":[{\"@type\":\"ReadAction\",\"target\":[\"https:\/\/form-klar.de\/schorcht\/laserschweissen-aluminium\/\"]}]},{\"@type\":\"ImageObject\",\"inLanguage\":\"de\",\"@id\":\"https:\/\/form-klar.de\/schorcht\/laserschweissen-aluminium\/#primaryimage\",\"url\":\"https:\/\/form-klar.de\/schorcht\/wp-content\/uploads\/2018\/04\/laserschweissen-hersteller2.jpg\",\"contentUrl\":\"https:\/\/form-klar.de\/schorcht\/wp-content\/uploads\/2018\/04\/laserschweissen-hersteller2.jpg\",\"width\":820,\"height\":243},{\"@type\":\"WebSite\",\"@id\":\"https:\/\/form-klar.de\/schorcht\/#website\",\"url\":\"https:\/\/form-klar.de\/schorcht\/\",\"name\":\"Laserzentrum Schorcht\",\"description\":\"Lohnfertigung in der Lasermaterialbearbeitung - 12 Laseranlagen\",\"potentialAction\":[{\"@type\":\"SearchAction\",\"target\":{\"@type\":\"EntryPoint\",\"urlTemplate\":\"https:\/\/form-klar.de\/schorcht\/?s={search_term_string}\"},\"query-input\":\"required name=search_term_string\"}],\"inLanguage\":\"de\"}]}<\/script>\n<!-- \/ Yoast SEO plugin. -->","yoast_head_json":{"title":"Anbieter finden f\u00fcr das Laserschwei\u00dfen von Aluminium","description":"Kompetente Partner sind das, was viele Firmen suchen. \u2705 Beim Laserschwei\u00dfen von Aluminium kommt es auf den optimalen Maschinenpark an. \u2705","robots":{"index":"noindex","follow":"follow","max-snippet":"max-snippet:-1","max-image-preview":"max-image-preview:large","max-video-preview":"max-video-preview:-1"},"og_locale":"de_DE","og_type":"article","og_title":"Anbieter finden f\u00fcr das Laserschwei\u00dfen von Aluminium","og_description":"Kompetente Partner sind das, was viele Firmen suchen. \u2705 Beim Laserschwei\u00dfen von Aluminium kommt es auf den optimalen Maschinenpark an. \u2705","og_url":"https:\/\/form-klar.de\/schorcht\/laserschweissen-aluminium\/","og_site_name":"Laserzentrum Schorcht","article_modified_time":"2020-02-11T11:10:03+00:00","og_image":[{"url":"https:\/\/form-klar.de\/schorcht\/wp-content\/uploads\/2018\/04\/laserschweissen-hersteller2.jpg"}],"twitter_misc":{"Gesch\u00e4tzte Lesezeit":"2\u00a0Minuten"},"schema":{"@context":"https:\/\/schema.org","@graph":[{"@type":"WebPage","@id":"https:\/\/form-klar.de\/schorcht\/laserschweissen-aluminium\/","url":"https:\/\/form-klar.de\/schorcht\/laserschweissen-aluminium\/","name":"Anbieter finden f\u00fcr das Laserschwei\u00dfen von Aluminium","isPartOf":{"@id":"https:\/\/form-klar.de\/schorcht\/#website"},"primaryImageOfPage":{"@id":"https:\/\/form-klar.de\/schorcht\/laserschweissen-aluminium\/#primaryimage"},"image":{"@id":"https:\/\/form-klar.de\/schorcht\/laserschweissen-aluminium\/#primaryimage"},"thumbnailUrl":"https:\/\/form-klar.de\/schorcht\/wp-content\/uploads\/2018\/04\/laserschweissen-hersteller2.jpg","datePublished":"2019-12-19T13:46:51+00:00","dateModified":"2020-02-11T11:10:03+00:00","description":"Kompetente Partner sind das, was viele Firmen suchen. \u2705 Beim Laserschwei\u00dfen von Aluminium kommt es auf den optimalen Maschinenpark an. \u2705","inLanguage":"de","potentialAction":[{"@type":"ReadAction","target":["https:\/\/form-klar.de\/schorcht\/laserschweissen-aluminium\/"]}]},{"@type":"ImageObject","inLanguage":"de","@id":"https:\/\/form-klar.de\/schorcht\/laserschweissen-aluminium\/#primaryimage","url":"https:\/\/form-klar.de\/schorcht\/wp-content\/uploads\/2018\/04\/laserschweissen-hersteller2.jpg","contentUrl":"https:\/\/form-klar.de\/schorcht\/wp-content\/uploads\/2018\/04\/laserschweissen-hersteller2.jpg","width":820,"height":243},{"@type":"WebSite","@id":"https:\/\/form-klar.de\/schorcht\/#website","url":"https:\/\/form-klar.de\/schorcht\/","name":"Laserzentrum Schorcht","description":"Lohnfertigung in der Lasermaterialbearbeitung - 12 Laseranlagen","potentialAction":[{"@type":"SearchAction","target":{"@type":"EntryPoint","urlTemplate":"https:\/\/form-klar.de\/schorcht\/?s={search_term_string}"},"query-input":"required name=search_term_string"}],"inLanguage":"de"}]}},"_links":{"self":[{"href":"https:\/\/form-klar.de\/schorcht\/wp-json\/wp\/v2\/pages\/1199"}],"collection":[{"href":"https:\/\/form-klar.de\/schorcht\/wp-json\/wp\/v2\/pages"}],"about":[{"href":"https:\/\/form-klar.de\/schorcht\/wp-json\/wp\/v2\/types\/page"}],"author":[{"embeddable":true,"href":"https:\/\/form-klar.de\/schorcht\/wp-json\/wp\/v2\/users\/10"}],"replies":[{"embeddable":true,"href":"https:\/\/form-klar.de\/schorcht\/wp-json\/wp\/v2\/comments?post=1199"}],"version-history":[{"count":2,"href":"https:\/\/form-klar.de\/schorcht\/wp-json\/wp\/v2\/pages\/1199\/revisions"}],"predecessor-version":[{"id":1267,"href":"https:\/\/form-klar.de\/schorcht\/wp-json\/wp\/v2\/pages\/1199\/revisions\/1267"}],"wp:attachment":[{"href":"https:\/\/form-klar.de\/schorcht\/wp-json\/wp\/v2\/media?parent=1199"}],"curies":[{"name":"wp","href":"https:\/\/api.w.org\/{rel}","templated":true}]}}