{"id":1193,"date":"2017-11-30T13:30:41","date_gmt":"2017-11-30T13:30:41","guid":{"rendered":"https:\/\/form-klar.de\/schorcht\/?page_id=1193"},"modified":"2018-12-10T16:54:23","modified_gmt":"2018-12-10T16:54:23","slug":"laserauftragschweissen","status":"publish","type":"page","link":"https:\/\/form-klar.de\/schorcht\/laserauftragschweissen\/","title":{"rendered":"Laserauftragschwei\u00dfen"},"content":{"rendered":"<h1>Laserauftragschwei\u00dfen<\/h1>\n<h2>Laserauftragschwei\u00dfen im Laserzentrum Schorcht<\/h2>\n<div id=\"attachment_1055\" style=\"width: 160px\" class=\"wp-caption alignleft\"><img decoding=\"async\" aria-describedby=\"caption-attachment-1055\" class=\"lazyload wp-image-1055\" src=\"https:\/\/form-klar.de\/schorcht\/wp-content\/uploads\/2016\/09\/laserschweissen-300x245.jpg\" data-orig-src=\"https:\/\/form-klar.de\/schorcht\/wp-content\/uploads\/2016\/09\/laserschweissen-300x245.jpg\" alt=\"Laserschweissen\" width=\"150\" height=\"123\" srcset=\"data:image\/svg+xml,%3Csvg%20xmlns%3D%27http%3A%2F%2Fwww.w3.org%2F2000%2Fsvg%27%20width%3D%27150%27%20height%3D%27123%27%20viewBox%3D%270%200%20150%20123%27%3E%3Crect%20width%3D%27150%27%20height%3D%27123%27%20fill-opacity%3D%220%22%2F%3E%3C%2Fsvg%3E\" data-srcset=\"https:\/\/form-klar.de\/schorcht\/wp-content\/uploads\/2016\/09\/laserschweissen-200x164.jpg 200w, https:\/\/form-klar.de\/schorcht\/wp-content\/uploads\/2016\/09\/laserschweissen-300x245.jpg 300w, https:\/\/form-klar.de\/schorcht\/wp-content\/uploads\/2016\/09\/laserschweissen-400x327.jpg 400w, https:\/\/form-klar.de\/schorcht\/wp-content\/uploads\/2016\/09\/laserschweissen.jpg 440w\" data-sizes=\"auto\" data-orig-sizes=\"(max-width: 150px) 100vw, 150px\" \/><p id=\"caption-attachment-1055\" class=\"wp-caption-text\">Laserschweissen<\/p><\/div>\n<p><strong>Laserauftragschwei\u00dfen<\/strong>: Wir sind Ihr Partner f\u00fcr <strong>Laserauftragschwei\u00dfen<\/strong>, auch Laserauftragen genannt. F\u00fcr unsere Kunden bieten wir 14 unterschiedliche <strong><a href=\"https:\/\/form-klar.de\/schorcht\/laserbearbeitung\/\">Lasersysteme <\/a><\/strong>an. Sichern Sie sich Kompetenz, Schnelligkeit und Kundenfreundlichkeit. Wir bieten Ihnen f\u00fcr das Laserauftragschwei\u00dfen Faserlaser, CO2-Laser und ND:YAG Laser.<\/p>\n<p>Das Verfahren wird im Englischen auch Cladding genannt. Die Oberfl\u00e4che des Materials wird aufgeschmolzen. Im selben Arbeitsschritt wird ein beliebiges Material hinzugef\u00fcgt. Alle Laser aus unserem Bestand k\u00f6nnen f\u00fcr das Verfahren eingesetzt werden. Wichtig ist das Verfahren beim <strong>Reparaturschwei\u00dfen<\/strong>. Veredeln Sie die Oberfl\u00e4chen oder reparieren und modifizieren Sie Bauteile.<\/p>\n<h3>Laserauftragschwei\u00dfen \u2013 Schorcht springt ein wenn Ihre Produktion stockt<\/h3>\n<p>Wir bieten Ihnen unsere Power und Zuverl\u00e4ssigkeit, wenn die Produktion einmal stockt. Wir reparieren <strong>Werkzeuge und Bauteile<\/strong>, die nicht ausgetauscht werden k\u00f6nnen. Laserauftragschwei\u00dfen bietet eine sehr hohe Qualit\u00e4t bei s\u00e4mtlichen Reparaturen. <strong>W\u00e4hrend des Laserschwei\u00dfens<\/strong> f\u00fchren wir entweder mehrere Dr\u00e4hte oder metallisches Pulver zu.<\/p>\n<h3>Setzen Sie Ihre Werkzeuge wieder instand \u2013 Laserauftragschwei\u00dfen bietet einige Vorteile<\/h3>\n<p>Die Vorteile des Verfahrens liegen klar auf der Hand. Nutzen Sie die verzugsfreie <strong>Bearbeitung<\/strong> auch f\u00fcr hitzeempfindlicher <a href=\"https:\/\/form-klar.de\/schorcht\/edelstahlverarbeitung\/\"><strong>Oberfl\u00e4chen<\/strong><\/a>. Mit dem Auftragschwei\u00dfen erzeugen wir Beschichtungen ohne Verf\u00e4rbungen und Einbrandstellen. Durch das Einschmelzen des Metallpulvers oder des Drahts verbindet sich das Metall so mit dem Werkst\u00fcck, dass kaum <strong>Nachbearbeiten<\/strong> notwendig ist. Die Verbindung ist extrem stabil.<\/p>\n<h3>Sprechen Sie uns an \u2013 wir bieten Ihnen schnellen Service im bereich Laserauftragschwei\u00dfen<\/h3>\n<div id=\"attachment_1033\" style=\"width: 310px\" class=\"wp-caption alignright\"><img decoding=\"async\" aria-describedby=\"caption-attachment-1033\" class=\"lazyload wp-image-1033 size-medium\" src=\"https:\/\/form-klar.de\/schorcht\/wp-content\/uploads\/2015\/01\/laserschweissen-automobilindustrie-1-300x105.jpg\" data-orig-src=\"https:\/\/form-klar.de\/schorcht\/wp-content\/uploads\/2015\/01\/laserschweissen-automobilindustrie-1-300x105.jpg\" alt=\"Laserauftragschwei\u00dfen\" width=\"300\" height=\"105\" srcset=\"data:image\/svg+xml,%3Csvg%20xmlns%3D%27http%3A%2F%2Fwww.w3.org%2F2000%2Fsvg%27%20width%3D%27300%27%20height%3D%27105%27%20viewBox%3D%270%200%20300%20105%27%3E%3Crect%20width%3D%27300%27%20height%3D%27105%27%20fill-opacity%3D%220%22%2F%3E%3C%2Fsvg%3E\" data-srcset=\"https:\/\/form-klar.de\/schorcht\/wp-content\/uploads\/2015\/01\/laserschweissen-automobilindustrie-1-200x70.jpg 200w, https:\/\/form-klar.de\/schorcht\/wp-content\/uploads\/2015\/01\/laserschweissen-automobilindustrie-1-300x105.jpg 300w, https:\/\/form-klar.de\/schorcht\/wp-content\/uploads\/2015\/01\/laserschweissen-automobilindustrie-1-400x140.jpg 400w, https:\/\/form-klar.de\/schorcht\/wp-content\/uploads\/2015\/01\/laserschweissen-automobilindustrie-1-600x210.jpg 600w, https:\/\/form-klar.de\/schorcht\/wp-content\/uploads\/2015\/01\/laserschweissen-automobilindustrie-1-768x269.jpg 768w, https:\/\/form-klar.de\/schorcht\/wp-content\/uploads\/2015\/01\/laserschweissen-automobilindustrie-1-800x280.jpg 800w, https:\/\/form-klar.de\/schorcht\/wp-content\/uploads\/2015\/01\/laserschweissen-automobilindustrie-1-1024x358.jpg 1024w, https:\/\/form-klar.de\/schorcht\/wp-content\/uploads\/2015\/01\/laserschweissen-automobilindustrie-1.jpg 1200w\" data-sizes=\"auto\" data-orig-sizes=\"(max-width: 300px) 100vw, 300px\" \/><p id=\"caption-attachment-1033\" class=\"wp-caption-text\">Laserschweissen Lohnfertigung<\/p><\/div>\n<p>Mit unserem <strong>Know how<\/strong> erzeugen wir stabile Schichten, zum Beispiel bei Rissen im Werkzeug. Ein gro\u00dfes Problem von Werkzeugen ist der t\u00e4gliche Verschlei\u00df. Anstatt sich mit hohem Aufwand und hohen Kosten ein komplettes neues <strong>Werkzeug<\/strong> zuzulegen, bieten wir Ihnen die M\u00f6glichkeit einer <strong>kosteng\u00fcnstigen Reparatur<\/strong>.<\/p>\n<p>Der <strong>Materialauftrag<\/strong> wird meist als Fl\u00e4che oder Wand geformt. Das Verfahren Laserauftragschwei\u00dfen erm\u00f6glicht aber auch frei definierte Strukturen. Wie soll die neue Schicht an das <strong>Grundmaterial<\/strong> angebunden werden? Hier beraten Sie unsere Ingenieure. Sprechen Sie mit uns.<\/p>\n<p>Werkzeuge, die Ihre Funktionsf\u00e4higkeit eingeb\u00fc\u00dft haben, setzen wir wieder Instand. Sichern Sie sich extrem stabile <strong>Reparaturen<\/strong>, <strong>Neubeschichtungen<\/strong> \u2013 ohne viel Nachbearbeitung. Bei v\u00f6llig neu definierten Parametern und Formen kann ein Fr\u00e4sen oder Drehen als <strong>Nachbearbeitung<\/strong> in Frage kommen.<\/p>\n<h3>Gro\u00dfe Bauteile mit Laserauftragschwei\u00dfen reparieren<\/h3>\n<p>Zwar kommen selbst kleine <strong>Werkzeuge<\/strong> f\u00fcr das Laserauftragschwei\u00dfen in Frage. Spannend wird das Verfahren aber bei komplexen oder gro\u00dfen Bauteilen. Denn diese k\u00f6nnen oft nicht einfach so ausgetauscht werden.<\/p>\n<p>Dazu z\u00e4hlen neben Werkzeugen zur Umformung auch im Maschinenbau zum Beispiel Teile von Triebwerken und Turbinen. Sie m\u00f6chten Werkzeuge oder Maschinenteile vor Verschlei\u00df sch\u00fctzen? Auch dazu eignet sich das Verfahren <strong>Laserauftragschwei\u00dfen<\/strong> hervorragend.<\/p>\n<p><strong>Volle Leistung im Laserzentrum Schorcht<\/strong><\/p>\n<p>Dabei stellen wir Ihnen ca. 20.000 Watt Laserleistung zur Verf\u00fcgung. Massive 8mm Einschwei\u00dftiefe sind ebenso m\u00f6glich wie mit blo\u00dfen Auge kaum zu erkennende <a href=\"https:\/\/form-klar.de\/schorcht\/kontakt\/\"><strong>Schwei\u00dfauftr\u00e4ge<\/strong><\/a>.<\/p>\n","protected":false},"excerpt":{"rendered":"<p>Laserauftragschwei\u00dfen Laserauftragschwei\u00dfen im Laserzentrum Schorcht Laserauftragschwei\u00dfen: Wir sind Ihr Partner f\u00fcr Laserauftragschwei\u00dfen, auch Laserauftragen genannt. F\u00fcr unsere Kunden bieten wir 14 unterschiedliche Lasersysteme an. Sichern [&hellip;]<\/p>\n","protected":false},"author":9,"featured_media":0,"parent":0,"menu_order":0,"comment_status":"closed","ping_status":"closed","template":"","meta":{"ngg_post_thumbnail":0,"footnotes":"","_links_to":"","_links_to_target":""},"yoast_head":"<!-- This site is optimized with the Yoast SEO plugin v22.5 - https:\/\/yoast.com\/wordpress\/plugins\/seo\/ -->\n<title>Laserauftragschwei\u00dfen | Laserzentrum Schorcht | Auftrag Laserschwei\u00dfen<\/title>\n<meta name=\"description\" content=\"Laserauftragschwei\u00dfen: Wir sind Ihr Partner f\u00fcr Laserauftragschwei\u00dfen, auch Laserauftragen genannt. | Laserzentrum Schorcht | Ihr Auftrag f\u00fcr Laserschwei\u00dfen\" \/>\n<meta name=\"robots\" content=\"noindex, follow, max-snippet:-1, max-image-preview:large, max-video-preview:-1\" \/>\n<meta property=\"og:locale\" content=\"de_DE\" \/>\n<meta property=\"og:type\" content=\"article\" \/>\n<meta property=\"og:title\" content=\"Laserauftragschwei\u00dfen | Laserzentrum Schorcht | Auftrag Laserschwei\u00dfen\" \/>\n<meta property=\"og:description\" content=\"Laserauftragschwei\u00dfen: Wir sind Ihr Partner f\u00fcr Laserauftragschwei\u00dfen, auch Laserauftragen genannt. | Laserzentrum Schorcht | Ihr Auftrag f\u00fcr Laserschwei\u00dfen\" \/>\n<meta property=\"og:url\" content=\"https:\/\/form-klar.de\/schorcht\/laserauftragschweissen\/\" \/>\n<meta property=\"og:site_name\" content=\"Laserzentrum Schorcht\" \/>\n<meta property=\"article:modified_time\" content=\"2018-12-10T16:54:23+00:00\" \/>\n<meta property=\"og:image\" content=\"https:\/\/form-klar.de\/schorcht\/wp-content\/uploads\/2016\/09\/laserschweissen-300x245.jpg\" \/>\n<meta name=\"twitter:label1\" content=\"Gesch\u00e4tzte Lesezeit\" \/>\n\t<meta name=\"twitter:data1\" content=\"3\u00a0Minuten\" \/>\n<script type=\"application\/ld+json\" class=\"yoast-schema-graph\">{\"@context\":\"https:\/\/schema.org\",\"@graph\":[{\"@type\":\"WebPage\",\"@id\":\"https:\/\/form-klar.de\/schorcht\/laserauftragschweissen\/\",\"url\":\"https:\/\/form-klar.de\/schorcht\/laserauftragschweissen\/\",\"name\":\"Laserauftragschwei\u00dfen | Laserzentrum Schorcht | Auftrag Laserschwei\u00dfen\",\"isPartOf\":{\"@id\":\"https:\/\/form-klar.de\/schorcht\/#website\"},\"primaryImageOfPage\":{\"@id\":\"https:\/\/form-klar.de\/schorcht\/laserauftragschweissen\/#primaryimage\"},\"image\":{\"@id\":\"https:\/\/form-klar.de\/schorcht\/laserauftragschweissen\/#primaryimage\"},\"thumbnailUrl\":\"https:\/\/form-klar.de\/schorcht\/wp-content\/uploads\/2016\/09\/laserschweissen-300x245.jpg\",\"datePublished\":\"2017-11-30T13:30:41+00:00\",\"dateModified\":\"2018-12-10T16:54:23+00:00\",\"description\":\"Laserauftragschwei\u00dfen: Wir sind Ihr Partner f\u00fcr Laserauftragschwei\u00dfen, auch Laserauftragen genannt. | Laserzentrum Schorcht | Ihr Auftrag f\u00fcr Laserschwei\u00dfen\",\"inLanguage\":\"de\",\"potentialAction\":[{\"@type\":\"ReadAction\",\"target\":[\"https:\/\/form-klar.de\/schorcht\/laserauftragschweissen\/\"]}]},{\"@type\":\"ImageObject\",\"inLanguage\":\"de\",\"@id\":\"https:\/\/form-klar.de\/schorcht\/laserauftragschweissen\/#primaryimage\",\"url\":\"https:\/\/form-klar.de\/schorcht\/wp-content\/uploads\/2016\/09\/laserschweissen.jpg\",\"contentUrl\":\"https:\/\/form-klar.de\/schorcht\/wp-content\/uploads\/2016\/09\/laserschweissen.jpg\",\"width\":440,\"height\":360,\"caption\":\"Laserschweissen bei Schorcht\"},{\"@type\":\"WebSite\",\"@id\":\"https:\/\/form-klar.de\/schorcht\/#website\",\"url\":\"https:\/\/form-klar.de\/schorcht\/\",\"name\":\"Laserzentrum Schorcht\",\"description\":\"Lohnfertigung in der Lasermaterialbearbeitung - 12 Laseranlagen\",\"potentialAction\":[{\"@type\":\"SearchAction\",\"target\":{\"@type\":\"EntryPoint\",\"urlTemplate\":\"https:\/\/form-klar.de\/schorcht\/?s={search_term_string}\"},\"query-input\":\"required name=search_term_string\"}],\"inLanguage\":\"de\"}]}<\/script>\n<!-- \/ Yoast SEO plugin. -->","yoast_head_json":{"title":"Laserauftragschwei\u00dfen | Laserzentrum Schorcht | Auftrag Laserschwei\u00dfen","description":"Laserauftragschwei\u00dfen: Wir sind Ihr Partner f\u00fcr Laserauftragschwei\u00dfen, auch Laserauftragen genannt. | Laserzentrum Schorcht | Ihr Auftrag f\u00fcr Laserschwei\u00dfen","robots":{"index":"noindex","follow":"follow","max-snippet":"max-snippet:-1","max-image-preview":"max-image-preview:large","max-video-preview":"max-video-preview:-1"},"og_locale":"de_DE","og_type":"article","og_title":"Laserauftragschwei\u00dfen | Laserzentrum Schorcht | Auftrag Laserschwei\u00dfen","og_description":"Laserauftragschwei\u00dfen: Wir sind Ihr Partner f\u00fcr Laserauftragschwei\u00dfen, auch Laserauftragen genannt. | Laserzentrum Schorcht | Ihr Auftrag f\u00fcr Laserschwei\u00dfen","og_url":"https:\/\/form-klar.de\/schorcht\/laserauftragschweissen\/","og_site_name":"Laserzentrum Schorcht","article_modified_time":"2018-12-10T16:54:23+00:00","og_image":[{"url":"https:\/\/form-klar.de\/schorcht\/wp-content\/uploads\/2016\/09\/laserschweissen-300x245.jpg"}],"twitter_misc":{"Gesch\u00e4tzte Lesezeit":"3\u00a0Minuten"},"schema":{"@context":"https:\/\/schema.org","@graph":[{"@type":"WebPage","@id":"https:\/\/form-klar.de\/schorcht\/laserauftragschweissen\/","url":"https:\/\/form-klar.de\/schorcht\/laserauftragschweissen\/","name":"Laserauftragschwei\u00dfen | Laserzentrum Schorcht | Auftrag Laserschwei\u00dfen","isPartOf":{"@id":"https:\/\/form-klar.de\/schorcht\/#website"},"primaryImageOfPage":{"@id":"https:\/\/form-klar.de\/schorcht\/laserauftragschweissen\/#primaryimage"},"image":{"@id":"https:\/\/form-klar.de\/schorcht\/laserauftragschweissen\/#primaryimage"},"thumbnailUrl":"https:\/\/form-klar.de\/schorcht\/wp-content\/uploads\/2016\/09\/laserschweissen-300x245.jpg","datePublished":"2017-11-30T13:30:41+00:00","dateModified":"2018-12-10T16:54:23+00:00","description":"Laserauftragschwei\u00dfen: Wir sind Ihr Partner f\u00fcr Laserauftragschwei\u00dfen, auch Laserauftragen genannt. | Laserzentrum Schorcht | Ihr Auftrag f\u00fcr Laserschwei\u00dfen","inLanguage":"de","potentialAction":[{"@type":"ReadAction","target":["https:\/\/form-klar.de\/schorcht\/laserauftragschweissen\/"]}]},{"@type":"ImageObject","inLanguage":"de","@id":"https:\/\/form-klar.de\/schorcht\/laserauftragschweissen\/#primaryimage","url":"https:\/\/form-klar.de\/schorcht\/wp-content\/uploads\/2016\/09\/laserschweissen.jpg","contentUrl":"https:\/\/form-klar.de\/schorcht\/wp-content\/uploads\/2016\/09\/laserschweissen.jpg","width":440,"height":360,"caption":"Laserschweissen bei Schorcht"},{"@type":"WebSite","@id":"https:\/\/form-klar.de\/schorcht\/#website","url":"https:\/\/form-klar.de\/schorcht\/","name":"Laserzentrum Schorcht","description":"Lohnfertigung in der Lasermaterialbearbeitung - 12 Laseranlagen","potentialAction":[{"@type":"SearchAction","target":{"@type":"EntryPoint","urlTemplate":"https:\/\/form-klar.de\/schorcht\/?s={search_term_string}"},"query-input":"required name=search_term_string"}],"inLanguage":"de"}]}},"_links":{"self":[{"href":"https:\/\/form-klar.de\/schorcht\/wp-json\/wp\/v2\/pages\/1193"}],"collection":[{"href":"https:\/\/form-klar.de\/schorcht\/wp-json\/wp\/v2\/pages"}],"about":[{"href":"https:\/\/form-klar.de\/schorcht\/wp-json\/wp\/v2\/types\/page"}],"author":[{"embeddable":true,"href":"https:\/\/form-klar.de\/schorcht\/wp-json\/wp\/v2\/users\/9"}],"replies":[{"embeddable":true,"href":"https:\/\/form-klar.de\/schorcht\/wp-json\/wp\/v2\/comments?post=1193"}],"version-history":[{"count":4,"href":"https:\/\/form-klar.de\/schorcht\/wp-json\/wp\/v2\/pages\/1193\/revisions"}],"predecessor-version":[{"id":1412,"href":"https:\/\/form-klar.de\/schorcht\/wp-json\/wp\/v2\/pages\/1193\/revisions\/1412"}],"wp:attachment":[{"href":"https:\/\/form-klar.de\/schorcht\/wp-json\/wp\/v2\/media?parent=1193"}],"curies":[{"name":"wp","href":"https:\/\/api.w.org\/{rel}","templated":true}]}}