{"id":739,"date":"2022-12-20T11:10:15","date_gmt":"2022-12-20T11:10:15","guid":{"rendered":"https:\/\/form-klar.de\/meyersolar\/?page_id=739"},"modified":"2024-12-11T09:49:21","modified_gmt":"2024-12-11T09:49:21","slug":"bleicherode-solaranlage","status":"publish","type":"page","link":"https:\/\/form-klar.de\/meyersolar\/bleicherode-solaranlage\/","title":{"rendered":"Bleicherode Solaranlage"},"content":{"rendered":"<h2>In Bleicherode Solaranlage errichten<\/h2>\n<p>In Bleicherode <strong>Solaranlage planen<\/strong> und errichten: Wir sind Ihr Ansprechpartner. Denn mit uns k\u00f6nnen Sie z\u00fcgig Photovoltaik planen, errichten und anmelden. Wir sind Ihre Profis f\u00fcr eine Anlage, die Ihnen keine Sorgen bereitet. Kontaktieren Sie uns \u2013 und Ihr Photovoltaik-Projekt l\u00e4uft.<\/p>\n<h3>Solarprojekt professionell umsetzen<\/h3>\n<p>Wer sich heutzutage f\u00fcr Solar interessiert, der m\u00f6chte mit nachhaltiger <strong>Haustechnik<\/strong> letztendlich <strong>Energie sparen<\/strong>. Die gro\u00dfe Herausforderung ist es nicht, die Solaranlage zu betreiben. Denn wenn die gesamte Anlage errichtet ist, l\u00e4uft alles wie von selbst. Sie ernten den kostenlosen Strom von der Sonne. Um das Projekt auf sichere F\u00fc\u00dfe zu stellen, kontaktieren Sie uns im ersten Schritt. Wir beraten Sie vor Ort und k\u00f6nnen Ihnen gleich im ersten Gespr\u00e4ch wichtige Hinweise geben. Au\u00dferdem f\u00fchren wir einen Check Ihrer \u00d6rtlichkeiten durch. Denn durch die Lage Ihres Grundst\u00fcckes und der Ausrichtung Ihres Daches k\u00f6nnen wir schon auf die wichtigsten Parameter der k\u00fcnftigen Anlage schlie\u00dfen. Von uns bekommen Sie auch eine <a title=\"Bleicherode Solaranlage\" href=\"https:\/\/form-klar.de\/meyersolar\/produkte\/rentabilitaet-und- funktionalitaetsweise-von-photovoltaikanlagen\/\"><strong>Ertragsvorschau<\/strong><\/a>, damit Sie Sicherheit \u00fcber das Betreiben der PV-Anlage bekommen.<\/p>\n<h3>Bleicherode Solaranlage: Anmelden beim \u00f6rtlichen Energieversorger<\/h3>\n<p>Wir sind dann \u00fcbrigens auch der Ansprechpartner f\u00fcr Sie, wenn es um das <strong>Anmelden der PV-Anlage beim \u00f6rtlichen Energieversorger<\/strong> geht. Denn wir sind kompetent in diesem Bereich und haben schon viele Anlage konzipiert, gebaut und angemeldet. Alles wird also seinen geregelten Gang gehen. Gegenw\u00e4rtig gibt es einen gro\u00dfen Bedarf an cleverer PV- Technik f\u00fcr das Dach oder das Grundst\u00fcck. Wir sind die Experten in der Region um Bleicherode und bieten Ihnen <a title=\"Solaranlage Bleicherode\" href=\"https:\/\/form-klar.de\/meyersolar\/photovoltaikanlagen-solar-erfurt\/vororttermin-solaranlagen- erfurt\/\"><strong>schl\u00fcsselfertige PV-Anlagen<\/strong><\/a> an, die ma\u00dfgeschneidert f\u00fcr Sie sind. Dazu k\u00f6nnen Sie zumindest im ersten Schritt erfahren, ob Einschr\u00e4nkungen f\u00fcr den Betrieb einer Solaranlage f\u00fcr Ihren Standort zu bef\u00fcrchten sind.<\/p>\n<h3>Ma\u00dfgeschneiderte PV-Anlage bestellen<\/h3>\n<p>\u200b<br \/>\nEs geht aber letztendlich nicht nur um die Technik, sondern auch um die \u00c4sthetik. Wir planen und bauen die Anlage so, dass Sie wirklich zu Ihrem Haus oder Ihrem Grundst\u00fcck passt. Wir binden alle n\u00f6tigen Gewerke in den Prozess mit ein. Zum Beispiel m\u00fcssen unter Umst\u00e4nden auch Dachdecker und Statiker zum Einsatz kommen. <strong>Kosten und Nutzen <\/strong>sollten zudem in einem gesunden Verh\u00e4ltnis zueinanderstehen. Auch daf\u00fcr ist unsere Beratung optimal geeignet.<\/p>\n","protected":false},"excerpt":{"rendered":"<p>In Bleicherode Solaranlage errichten In Bleicherode Solaranlage planen und errichten: [&hellip;]<\/p>\n","protected":false},"author":5,"featured_media":0,"parent":0,"menu_order":0,"comment_status":"closed","ping_status":"closed","template":"","meta":{"ngg_post_thumbnail":0,"footnotes":""},"class_list":["post-739","page","type-page","status-publish","hentry"],"yoast_head":"<!-- This site is optimized with the Yoast SEO plugin v24.8 - https:\/\/yoast.com\/wordpress\/plugins\/seo\/ -->\n<title>Bleicherode Solaranlage | Wir planen Photovoltaik auf Ihrem Dach<\/title>\n<meta name=\"description\" content=\"Sie m\u00f6chten sich in Bleicherode eine Solaranlage zulegen? Kontaktieren Sie uns \u2013 damit bringen wir Ihr Solar-Projekt schnell auf den Weg.\" \/>\n<meta name=\"robots\" content=\"noindex, follow, max-snippet:-1, max-image-preview:large, max-video-preview:-1\" \/>\n<meta property=\"og:locale\" content=\"de_DE\" \/>\n<meta property=\"og:type\" content=\"article\" \/>\n<meta property=\"og:title\" content=\"Bleicherode Solaranlage | Wir planen Photovoltaik auf Ihrem Dach\" \/>\n<meta property=\"og:description\" content=\"Sie m\u00f6chten sich in Bleicherode eine Solaranlage zulegen? Kontaktieren Sie uns \u2013 damit bringen wir Ihr Solar-Projekt schnell auf den Weg.\" \/>\n<meta property=\"og:url\" content=\"https:\/\/form-klar.de\/meyersolar\/bleicherode-solaranlage\/\" \/>\n<meta property=\"og:site_name\" content=\"Meyer Solar\" \/>\n<meta property=\"article:modified_time\" content=\"2024-12-11T09:49:21+00:00\" \/>\n<meta name=\"twitter:card\" content=\"summary_large_image\" \/>\n<meta name=\"twitter:label1\" content=\"Gesch\u00e4tzte Lesezeit\" \/>\n\t<meta name=\"twitter:data1\" content=\"2\u00a0Minuten\" \/>\n<script type=\"application\/ld+json\" class=\"yoast-schema-graph\">{\"@context\":\"https:\/\/schema.org\",\"@graph\":[{\"@type\":\"WebPage\",\"@id\":\"https:\/\/form-klar.de\/meyersolar\/bleicherode-solaranlage\/\",\"url\":\"https:\/\/form-klar.de\/meyersolar\/bleicherode-solaranlage\/\",\"name\":\"Bleicherode Solaranlage | Wir planen Photovoltaik auf Ihrem Dach\",\"isPartOf\":{\"@id\":\"https:\/\/form-klar.de\/meyersolar\/#website\"},\"datePublished\":\"2022-12-20T11:10:15+00:00\",\"dateModified\":\"2024-12-11T09:49:21+00:00\",\"description\":\"Sie m\u00f6chten sich in Bleicherode eine Solaranlage zulegen? Kontaktieren Sie uns \u2013 damit bringen wir Ihr Solar-Projekt schnell auf den Weg.\",\"breadcrumb\":{\"@id\":\"https:\/\/form-klar.de\/meyersolar\/bleicherode-solaranlage\/#breadcrumb\"},\"inLanguage\":\"de\",\"potentialAction\":[{\"@type\":\"ReadAction\",\"target\":[\"https:\/\/form-klar.de\/meyersolar\/bleicherode-solaranlage\/\"]}]},{\"@type\":\"BreadcrumbList\",\"@id\":\"https:\/\/form-klar.de\/meyersolar\/bleicherode-solaranlage\/#breadcrumb\",\"itemListElement\":[{\"@type\":\"ListItem\",\"position\":1,\"name\":\"Startseite\",\"item\":\"https:\/\/form-klar.de\/meyersolar\/\"},{\"@type\":\"ListItem\",\"position\":2,\"name\":\"Bleicherode Solaranlage\"}]},{\"@type\":\"WebSite\",\"@id\":\"https:\/\/form-klar.de\/meyersolar\/#website\",\"url\":\"https:\/\/form-klar.de\/meyersolar\/\",\"name\":\"Meyer Solar\",\"description\":\"Solaranlagen und Photovoltaikanlagen in Th\u00fcringen aus Erfurt\",\"potentialAction\":[{\"@type\":\"SearchAction\",\"target\":{\"@type\":\"EntryPoint\",\"urlTemplate\":\"https:\/\/form-klar.de\/meyersolar\/?s={search_term_string}\"},\"query-input\":{\"@type\":\"PropertyValueSpecification\",\"valueRequired\":true,\"valueName\":\"search_term_string\"}}],\"inLanguage\":\"de\"}]}<\/script>\n<!-- \/ Yoast SEO plugin. -->","yoast_head_json":{"title":"Bleicherode Solaranlage | Wir planen Photovoltaik auf Ihrem Dach","description":"Sie m\u00f6chten sich in Bleicherode eine Solaranlage zulegen? Kontaktieren Sie uns \u2013 damit bringen wir Ihr Solar-Projekt schnell auf den Weg.","robots":{"index":"noindex","follow":"follow","max-snippet":"max-snippet:-1","max-image-preview":"max-image-preview:large","max-video-preview":"max-video-preview:-1"},"og_locale":"de_DE","og_type":"article","og_title":"Bleicherode Solaranlage | Wir planen Photovoltaik auf Ihrem Dach","og_description":"Sie m\u00f6chten sich in Bleicherode eine Solaranlage zulegen? Kontaktieren Sie uns \u2013 damit bringen wir Ihr Solar-Projekt schnell auf den Weg.","og_url":"https:\/\/form-klar.de\/meyersolar\/bleicherode-solaranlage\/","og_site_name":"Meyer Solar","article_modified_time":"2024-12-11T09:49:21+00:00","twitter_card":"summary_large_image","twitter_misc":{"Gesch\u00e4tzte Lesezeit":"2\u00a0Minuten"},"schema":{"@context":"https:\/\/schema.org","@graph":[{"@type":"WebPage","@id":"https:\/\/form-klar.de\/meyersolar\/bleicherode-solaranlage\/","url":"https:\/\/form-klar.de\/meyersolar\/bleicherode-solaranlage\/","name":"Bleicherode Solaranlage | Wir planen Photovoltaik auf Ihrem Dach","isPartOf":{"@id":"https:\/\/form-klar.de\/meyersolar\/#website"},"datePublished":"2022-12-20T11:10:15+00:00","dateModified":"2024-12-11T09:49:21+00:00","description":"Sie m\u00f6chten sich in Bleicherode eine Solaranlage zulegen? Kontaktieren Sie uns \u2013 damit bringen wir Ihr Solar-Projekt schnell auf den Weg.","breadcrumb":{"@id":"https:\/\/form-klar.de\/meyersolar\/bleicherode-solaranlage\/#breadcrumb"},"inLanguage":"de","potentialAction":[{"@type":"ReadAction","target":["https:\/\/form-klar.de\/meyersolar\/bleicherode-solaranlage\/"]}]},{"@type":"BreadcrumbList","@id":"https:\/\/form-klar.de\/meyersolar\/bleicherode-solaranlage\/#breadcrumb","itemListElement":[{"@type":"ListItem","position":1,"name":"Startseite","item":"https:\/\/form-klar.de\/meyersolar\/"},{"@type":"ListItem","position":2,"name":"Bleicherode Solaranlage"}]},{"@type":"WebSite","@id":"https:\/\/form-klar.de\/meyersolar\/#website","url":"https:\/\/form-klar.de\/meyersolar\/","name":"Meyer Solar","description":"Solaranlagen und Photovoltaikanlagen in Th\u00fcringen aus Erfurt","potentialAction":[{"@type":"SearchAction","target":{"@type":"EntryPoint","urlTemplate":"https:\/\/form-klar.de\/meyersolar\/?s={search_term_string}"},"query-input":{"@type":"PropertyValueSpecification","valueRequired":true,"valueName":"search_term_string"}}],"inLanguage":"de"}]}},"_links":{"self":[{"href":"https:\/\/form-klar.de\/meyersolar\/wp-json\/wp\/v2\/pages\/739","targetHints":{"allow":["GET"]}}],"collection":[{"href":"https:\/\/form-klar.de\/meyersolar\/wp-json\/wp\/v2\/pages"}],"about":[{"href":"https:\/\/form-klar.de\/meyersolar\/wp-json\/wp\/v2\/types\/page"}],"author":[{"embeddable":true,"href":"https:\/\/form-klar.de\/meyersolar\/wp-json\/wp\/v2\/users\/5"}],"replies":[{"embeddable":true,"href":"https:\/\/form-klar.de\/meyersolar\/wp-json\/wp\/v2\/comments?post=739"}],"version-history":[{"count":2,"href":"https:\/\/form-klar.de\/meyersolar\/wp-json\/wp\/v2\/pages\/739\/revisions"}],"predecessor-version":[{"id":741,"href":"https:\/\/form-klar.de\/meyersolar\/wp-json\/wp\/v2\/pages\/739\/revisions\/741"}],"wp:attachment":[{"href":"https:\/\/form-klar.de\/meyersolar\/wp-json\/wp\/v2\/media?parent=739"}],"curies":[{"name":"wp","href":"https:\/\/api.w.org\/{rel}","templated":true}]}}

<h2>In Bleicherode Solaranlage errichten</h2>
<p>In Bleicherode <strong>Solaranlage planen</strong> und errichten: Wir sind Ihr Ansprechpartner. Denn mit uns können Sie zügig Photovoltaik planen, errichten und anmelden. Wir sind Ihre Profis für eine Anlage, die Ihnen keine Sorgen bereitet. Kontaktieren Sie uns – und Ihr Photovoltaik-Projekt läuft.</p>
<h3>Solarprojekt professionell umsetzen</h3>
<p>Wer sich heutzutage für Solar interessiert, der möchte mit nachhaltiger <strong>Haustechnik</strong> letztendlich <strong>Energie sparen</strong>. Die große Herausforderung ist es nicht, die Solaranlage zu betreiben. Denn wenn die gesamte Anlage errichtet ist, läuft alles wie von selbst. Sie ernten den kostenlosen Strom von der Sonne. Um das Projekt auf sichere Füße zu stellen, kontaktieren Sie uns im ersten Schritt. Wir beraten Sie vor Ort und können Ihnen gleich im ersten Gespräch wichtige Hinweise geben. Außerdem führen wir einen Check Ihrer Örtlichkeiten durch. Denn durch die Lage Ihres Grundstückes und der Ausrichtung Ihres Daches können wir schon auf die wichtigsten Parameter der künftigen Anlage schließen. Von uns bekommen Sie auch eine <a title="Bleicherode Solaranlage" href="https://form-klar.de/meyersolar/produkte/rentabilitaet-und- funktionalitaetsweise-von-photovoltaikanlagen/"><strong>Ertragsvorschau</strong></a>, damit Sie Sicherheit über das Betreiben der PV-Anlage bekommen.</p>
<h3>Bleicherode Solaranlage: Anmelden beim örtlichen Energieversorger</h3>
<p>Wir sind dann übrigens auch der Ansprechpartner für Sie, wenn es um das <strong>Anmelden der PV-Anlage beim örtlichen Energieversorger</strong> geht. Denn wir sind kompetent in diesem Bereich und haben schon viele Anlage konzipiert, gebaut und angemeldet. Alles wird also seinen geregelten Gang gehen. Gegenwärtig gibt es einen großen Bedarf an cleverer PV- Technik für das Dach oder das Grundstück. Wir sind die Experten in der Region um Bleicherode und bieten Ihnen <a title="Solaranlage Bleicherode" href="https://form-klar.de/meyersolar/photovoltaikanlagen-solar-erfurt/vororttermin-solaranlagen- erfurt/"><strong>schlüsselfertige PV-Anlagen</strong></a> an, die maßgeschneidert für Sie sind. Dazu können Sie zumindest im ersten Schritt erfahren, ob Einschränkungen für den Betrieb einer Solaranlage für Ihren Standort zu befürchten sind.</p>
<h3>Maßgeschneiderte PV-Anlage bestellen</h3>
<p>​<br />
Es geht aber letztendlich nicht nur um die Technik, sondern auch um die Ästhetik. Wir planen und bauen die Anlage so, dass Sie wirklich zu Ihrem Haus oder Ihrem Grundstück passt. Wir binden alle nötigen Gewerke in den Prozess mit ein. Zum Beispiel müssen unter Umständen auch Dachdecker und Statiker zum Einsatz kommen. <strong>Kosten und Nutzen </strong>sollten zudem in einem gesunden Verhältnis zueinanderstehen. Auch dafür ist unsere Beratung optimal geeignet.</p>

<!-- This site is optimized with the Yoast SEO plugin v24.8 - https://yoast.com/wordpress/plugins/seo/ -->
<title>Bleicherode Solaranlage | Wir planen Photovoltaik auf Ihrem Dach</title>
<meta name="description" content="Sie möchten sich in Bleicherode eine Solaranlage zulegen? Kontaktieren Sie uns – damit bringen wir Ihr Solar-Projekt schnell auf den Weg." />
<meta name="robots" content="noindex, follow, max-snippet:-1, max-image-preview:large, max-video-preview:-1" />
<meta property="og:locale" content="de_DE" />
<meta property="og:type" content="article" />
<meta property="og:title" content="Bleicherode Solaranlage | Wir planen Photovoltaik auf Ihrem Dach" />
<meta property="og:description" content="Sie möchten sich in Bleicherode eine Solaranlage zulegen? Kontaktieren Sie uns – damit bringen wir Ihr Solar-Projekt schnell auf den Weg." />
<meta property="og:url" content="https://form-klar.de/meyersolar/bleicherode-solaranlage/" />
<meta property="og:site_name" content="Meyer Solar" />
<meta property="article:modified_time" content="2024-12-11T09:49:21+00:00" />
<meta name="twitter:card" content="summary_large_image" />
<meta name="twitter:label1" content="Geschätzte Lesezeit" />
	<meta name="twitter:data1" content="2 Minuten" />
<script type="application/ld+json" class="yoast-schema-graph">{"@context":"https://schema.org","@graph":[{"@type":"WebPage","@id":"https://form-klar.de/meyersolar/bleicherode-solaranlage/","url":"https://form-klar.de/meyersolar/bleicherode-solaranlage/","name":"Bleicherode Solaranlage | Wir planen Photovoltaik auf Ihrem Dach","isPartOf":{"@id":"https://form-klar.de/meyersolar/#website"},"datePublished":"2022-12-20T11:10:15+00:00","dateModified":"2024-12-11T09:49:21+00:00","description":"Sie möchten sich in Bleicherode eine Solaranlage zulegen? Kontaktieren Sie uns – damit bringen wir Ihr Solar-Projekt schnell auf den Weg.","breadcrumb":{"@id":"https://form-klar.de/meyersolar/bleicherode-solaranlage/#breadcrumb"},"inLanguage":"de","potentialAction":[{"@type":"ReadAction","target":["https://form-klar.de/meyersolar/bleicherode-solaranlage/"]}]},{"@type":"BreadcrumbList","@id":"https://form-klar.de/meyersolar/bleicherode-solaranlage/#breadcrumb","itemListElement":[{"@type":"ListItem","position":1,"name":"Startseite","item":"https://form-klar.de/meyersolar/"},{"@type":"ListItem","position":2,"name":"Bleicherode Solaranlage"}]},{"@type":"WebSite","@id":"https://form-klar.de/meyersolar/#website","url":"https://form-klar.de/meyersolar/","name":"Meyer Solar","description":"Solaranlagen und Photovoltaikanlagen in Thüringen aus Erfurt","potentialAction":[{"@type":"SearchAction","target":{"@type":"EntryPoint","urlTemplate":"https://form-klar.de/meyersolar/?s={search_term_string}"},"query-input":{"@type":"PropertyValueSpecification","valueRequired":true,"valueName":"search_term_string"}}],"inLanguage":"de"}]}</script>
<!-- / Yoast SEO plugin. -->

Sie möchten sich in Bleicherode eine Solaranlage zulegen? Kontaktieren Sie uns – damit bringen wir Ihr Solar-Projekt schnell auf den Weg.

Solaranlagen und Photovoltaikanlagen in Thüringen aus Erfurt
