{"id":706,"date":"2022-01-13T11:51:42","date_gmt":"2022-01-13T11:51:42","guid":{"rendered":"https:\/\/form-klar.de\/meyersolar\/?page_id=706"},"modified":"2024-12-11T09:45:24","modified_gmt":"2024-12-11T09:45:24","slug":"zella-mehlis-solaranlage","status":"publish","type":"page","link":"https:\/\/form-klar.de\/meyersolar\/zella-mehlis-solaranlage\/","title":{"rendered":"Zella-Mehlis Solaranlage"},"content":{"rendered":"<h2>Solaranlage Zella-Mehlis &#8211; MeyerSolar hilft Ihnen bei der Planung<\/h2>\n<p>Zella-Mehlis Solaranlage: Wir sind Ihre Technik- und Planungspartner vor Ort. Ob Sie in Zella-Mehlis privat ein Haus bauen oder die Solaranlage f\u00fcr Ihre Gewerbegeb\u00e4ude planen \u2013 wir k\u00fcmmern uns sofort um Sie mit kompetenter Beratung. Ziel ist es, bei Ihnen eine individuelle und schl\u00fcsselfertige Solaranlage zu installieren. Ob <a title=\"Zella-Mehlis Solaranlage\" href=\"https:\/\/form-klar.de\/meyersolar\/produkte\/rentabilitaet-und-funktionalitaetsweise-von-photovoltaikanlagen\/\"><strong>Photovoltaik oder Solarthermie<\/strong><\/a> \u2013 wir empfehlen Ihnen die passenden Einzelkomponenten und Anlagen zur solaren Energiegewinnung.<\/p>\n<h3>Unabh\u00e4ngig von der zentralen Versorgung: Solare Insell\u00f6sungen<\/h3>\n<p>Gern beraten wir Sie f\u00fcr die Region um Zella-Mehlis auch zu solaren Inselsystemen. Hier k\u00f6nnen Sie sich autonom mit Solarstrom oder W\u00e4rme versorgen. \u00dcbrigens: Sie setzen mit uns auf <strong>Qualit\u00e4tsmodule<\/strong>. Denn wir m\u00f6chten, dass Ihre Anlage auch in Jahrzehnten noch den Ertrag bietet, um wirtschaftlich und effektiv Sonnenenergie zu ernten.<\/p>\n<p>Setzen Sie sich gern mit uns in Verbindung. Von unserem Hauptstandort in Erfurt aus sind wir in ganz Th\u00fcringen unterwegs, um Sie zu beraten und Ihren Traum von der klimafreundlichen Energie Wirklichkeit werden zu lassen.<\/p>\n<h3>Unser Angebot f\u00fcr Sie: Zella-Mehlis Solaranlage<\/h3>\n<p>Dabei sind wir stets kundenfreundlich unterwegs. Denn der erste Schritt, den wir unternehmen, ist Ihren Standort vor Ort zu begutachten. Also rufen Sie uns gern an, wenn Sie Interesse an einer professionellen <strong>PV-Anlage<\/strong> haben. Zuerst checken wir Ihren Standort auf alle Gegebenheiten. Sind Einschr\u00e4nkungen der Leistungsf\u00e4higkeit zu bef\u00fcrchten, teilen wir das Ihnen mit. Denn es gibt verschiedene M\u00f6glichkeiten, den Standort f\u00fcr Ihre Solaranlage zu optimieren.<\/p>\n<h3>Unser Ziel: Nachhaltig hohe Ertr\u00e4ge f\u00fcr Sie<\/h3>\n<p>Damit beginnen wir eigentlich schon mit der Planung des Projektes. Denn eine <strong>Verschattungsanalyse<\/strong> zeigt auf, wie der Ertrag Ihrer Solaranlage im Laufe des Jahres sein wird. Dann schicken wir Ihnen unser Kostenangebot. Wir \u00fcberwachen die Ausf\u00fchrung des Baus und organisieren auch alle n\u00f6tigen Partner wie Energieversorger, Statiker und Dachdecker. Im Angebot sind \u00fcbrigens auch eine Ertragsvorschau und eine <strong>Betrachtung der Wirtschaftlichkeit<\/strong> f\u00fcr Ihren <strong>Standort in Zella-Mehlis<\/strong> enthalten.<\/p>\n<p>Mit Qualit\u00e4tswerkzeugen installieren wir Ihre PV-Anlage schlie\u00dflich schl\u00fcsselfertig auf Ihrem Dach. Gern informieren wir Sie \u00fcber unsere Leistungen \u00dcberwachung, <a title=\"Optimaler Betrieb Ihrer Solaranlage\" href=\"https:\/\/form-klar.de\/meyersolar\/photovoltaikanlagen-solar-erfurt\/\"><strong>Wartung und Pflege<\/strong><\/a> \u2013 auf nachhaltig hohe Ertr\u00e4ge!<\/p>\n","protected":false},"excerpt":{"rendered":"<p>Solaranlage Zella-Mehlis &#8211; MeyerSolar hilft Ihnen bei der Planung Zella-Mehlis [&hellip;]<\/p>\n","protected":false},"author":6,"featured_media":0,"parent":0,"menu_order":0,"comment_status":"closed","ping_status":"closed","template":"","meta":{"ngg_post_thumbnail":0,"footnotes":""},"class_list":["post-706","page","type-page","status-publish","hentry"],"yoast_head":"<!-- This site is optimized with the Yoast SEO plugin v24.8 - https:\/\/yoast.com\/wordpress\/plugins\/seo\/ -->\n<title>Zella-Mehlis Solaranlage Photovoltaikanlagen Komponentenpartner<\/title>\n<meta name=\"description\" content=\"Zella-Mehlis Solaranlage: \u2705 Wir bieten Ihnen Planung, Angebotserstellung, Installation, \u00dcberwachung, Wartung und Pflege. \u2705 Zella-Mehlis Solaranlage, Photovoltaikanlagen, Komponentenpartner\" \/>\n<meta name=\"robots\" content=\"noindex, follow, max-snippet:-1, max-image-preview:large, max-video-preview:-1\" \/>\n<meta property=\"og:locale\" content=\"de_DE\" \/>\n<meta property=\"og:type\" content=\"article\" \/>\n<meta property=\"og:title\" content=\"Zella-Mehlis Solaranlage Photovoltaikanlagen Komponentenpartner\" \/>\n<meta property=\"og:description\" content=\"Zella-Mehlis Solaranlage: \u2705 Wir bieten Ihnen Planung, Angebotserstellung, Installation, \u00dcberwachung, Wartung und Pflege. \u2705 Zella-Mehlis Solaranlage, Photovoltaikanlagen, Komponentenpartner\" \/>\n<meta property=\"og:url\" content=\"https:\/\/form-klar.de\/meyersolar\/zella-mehlis-solaranlage\/\" \/>\n<meta property=\"og:site_name\" content=\"Meyer Solar\" \/>\n<meta property=\"article:modified_time\" content=\"2024-12-11T09:45:24+00:00\" \/>\n<meta name=\"twitter:card\" content=\"summary_large_image\" \/>\n<meta name=\"twitter:label1\" content=\"Gesch\u00e4tzte Lesezeit\" \/>\n\t<meta name=\"twitter:data1\" content=\"2\u00a0Minuten\" \/>\n<script type=\"application\/ld+json\" class=\"yoast-schema-graph\">{\"@context\":\"https:\/\/schema.org\",\"@graph\":[{\"@type\":\"WebPage\",\"@id\":\"https:\/\/form-klar.de\/meyersolar\/zella-mehlis-solaranlage\/\",\"url\":\"https:\/\/form-klar.de\/meyersolar\/zella-mehlis-solaranlage\/\",\"name\":\"Zella-Mehlis Solaranlage Photovoltaikanlagen Komponentenpartner\",\"isPartOf\":{\"@id\":\"https:\/\/form-klar.de\/meyersolar\/#website\"},\"datePublished\":\"2022-01-13T11:51:42+00:00\",\"dateModified\":\"2024-12-11T09:45:24+00:00\",\"description\":\"Zella-Mehlis Solaranlage: \u2705 Wir bieten Ihnen Planung, Angebotserstellung, Installation, \u00dcberwachung, Wartung und Pflege. \u2705 Zella-Mehlis Solaranlage, Photovoltaikanlagen, Komponentenpartner\",\"breadcrumb\":{\"@id\":\"https:\/\/form-klar.de\/meyersolar\/zella-mehlis-solaranlage\/#breadcrumb\"},\"inLanguage\":\"de\",\"potentialAction\":[{\"@type\":\"ReadAction\",\"target\":[\"https:\/\/form-klar.de\/meyersolar\/zella-mehlis-solaranlage\/\"]}]},{\"@type\":\"BreadcrumbList\",\"@id\":\"https:\/\/form-klar.de\/meyersolar\/zella-mehlis-solaranlage\/#breadcrumb\",\"itemListElement\":[{\"@type\":\"ListItem\",\"position\":1,\"name\":\"Startseite\",\"item\":\"https:\/\/form-klar.de\/meyersolar\/\"},{\"@type\":\"ListItem\",\"position\":2,\"name\":\"Zella-Mehlis Solaranlage\"}]},{\"@type\":\"WebSite\",\"@id\":\"https:\/\/form-klar.de\/meyersolar\/#website\",\"url\":\"https:\/\/form-klar.de\/meyersolar\/\",\"name\":\"Meyer Solar\",\"description\":\"Solaranlagen und Photovoltaikanlagen in Th\u00fcringen aus Erfurt\",\"potentialAction\":[{\"@type\":\"SearchAction\",\"target\":{\"@type\":\"EntryPoint\",\"urlTemplate\":\"https:\/\/form-klar.de\/meyersolar\/?s={search_term_string}\"},\"query-input\":{\"@type\":\"PropertyValueSpecification\",\"valueRequired\":true,\"valueName\":\"search_term_string\"}}],\"inLanguage\":\"de\"}]}<\/script>\n<!-- \/ Yoast SEO plugin. -->","yoast_head_json":{"title":"Zella-Mehlis Solaranlage Photovoltaikanlagen Komponentenpartner","description":"Zella-Mehlis Solaranlage: \u2705 Wir bieten Ihnen Planung, Angebotserstellung, Installation, \u00dcberwachung, Wartung und Pflege. \u2705 Zella-Mehlis Solaranlage, Photovoltaikanlagen, Komponentenpartner","robots":{"index":"noindex","follow":"follow","max-snippet":"max-snippet:-1","max-image-preview":"max-image-preview:large","max-video-preview":"max-video-preview:-1"},"og_locale":"de_DE","og_type":"article","og_title":"Zella-Mehlis Solaranlage Photovoltaikanlagen Komponentenpartner","og_description":"Zella-Mehlis Solaranlage: \u2705 Wir bieten Ihnen Planung, Angebotserstellung, Installation, \u00dcberwachung, Wartung und Pflege. \u2705 Zella-Mehlis Solaranlage, Photovoltaikanlagen, Komponentenpartner","og_url":"https:\/\/form-klar.de\/meyersolar\/zella-mehlis-solaranlage\/","og_site_name":"Meyer Solar","article_modified_time":"2024-12-11T09:45:24+00:00","twitter_card":"summary_large_image","twitter_misc":{"Gesch\u00e4tzte Lesezeit":"2\u00a0Minuten"},"schema":{"@context":"https:\/\/schema.org","@graph":[{"@type":"WebPage","@id":"https:\/\/form-klar.de\/meyersolar\/zella-mehlis-solaranlage\/","url":"https:\/\/form-klar.de\/meyersolar\/zella-mehlis-solaranlage\/","name":"Zella-Mehlis Solaranlage Photovoltaikanlagen Komponentenpartner","isPartOf":{"@id":"https:\/\/form-klar.de\/meyersolar\/#website"},"datePublished":"2022-01-13T11:51:42+00:00","dateModified":"2024-12-11T09:45:24+00:00","description":"Zella-Mehlis Solaranlage: \u2705 Wir bieten Ihnen Planung, Angebotserstellung, Installation, \u00dcberwachung, Wartung und Pflege. \u2705 Zella-Mehlis Solaranlage, Photovoltaikanlagen, Komponentenpartner","breadcrumb":{"@id":"https:\/\/form-klar.de\/meyersolar\/zella-mehlis-solaranlage\/#breadcrumb"},"inLanguage":"de","potentialAction":[{"@type":"ReadAction","target":["https:\/\/form-klar.de\/meyersolar\/zella-mehlis-solaranlage\/"]}]},{"@type":"BreadcrumbList","@id":"https:\/\/form-klar.de\/meyersolar\/zella-mehlis-solaranlage\/#breadcrumb","itemListElement":[{"@type":"ListItem","position":1,"name":"Startseite","item":"https:\/\/form-klar.de\/meyersolar\/"},{"@type":"ListItem","position":2,"name":"Zella-Mehlis Solaranlage"}]},{"@type":"WebSite","@id":"https:\/\/form-klar.de\/meyersolar\/#website","url":"https:\/\/form-klar.de\/meyersolar\/","name":"Meyer Solar","description":"Solaranlagen und Photovoltaikanlagen in Th\u00fcringen aus Erfurt","potentialAction":[{"@type":"SearchAction","target":{"@type":"EntryPoint","urlTemplate":"https:\/\/form-klar.de\/meyersolar\/?s={search_term_string}"},"query-input":{"@type":"PropertyValueSpecification","valueRequired":true,"valueName":"search_term_string"}}],"inLanguage":"de"}]}},"_links":{"self":[{"href":"https:\/\/form-klar.de\/meyersolar\/wp-json\/wp\/v2\/pages\/706","targetHints":{"allow":["GET"]}}],"collection":[{"href":"https:\/\/form-klar.de\/meyersolar\/wp-json\/wp\/v2\/pages"}],"about":[{"href":"https:\/\/form-klar.de\/meyersolar\/wp-json\/wp\/v2\/types\/page"}],"author":[{"embeddable":true,"href":"https:\/\/form-klar.de\/meyersolar\/wp-json\/wp\/v2\/users\/6"}],"replies":[{"embeddable":true,"href":"https:\/\/form-klar.de\/meyersolar\/wp-json\/wp\/v2\/comments?post=706"}],"version-history":[{"count":1,"href":"https:\/\/form-klar.de\/meyersolar\/wp-json\/wp\/v2\/pages\/706\/revisions"}],"predecessor-version":[{"id":707,"href":"https:\/\/form-klar.de\/meyersolar\/wp-json\/wp\/v2\/pages\/706\/revisions\/707"}],"wp:attachment":[{"href":"https:\/\/form-klar.de\/meyersolar\/wp-json\/wp\/v2\/media?parent=706"}],"curies":[{"name":"wp","href":"https:\/\/api.w.org\/{rel}","templated":true}]}}