{"id":655,"date":"2020-08-13T11:54:59","date_gmt":"2020-08-13T11:54:59","guid":{"rendered":"https:\/\/form-klar.de\/meyersolar\/?page_id=655"},"modified":"2024-12-11T09:26:16","modified_gmt":"2024-12-11T09:26:16","slug":"solaranlagen-bad-salzungen","status":"publish","type":"page","link":"https:\/\/form-klar.de\/meyersolar\/solaranlagen-bad-salzungen\/","title":{"rendered":"Solaranlagen Bad Salzungen"},"content":{"rendered":"<h2>Sie planen in der Region um Bad Salzungen neue Solaranlagen?<\/h2>\n<p>Sie suchen eine fachliche Beratung f\u00fcr den Bau von Solaranlagen in Bad Salzungen? Dann nehmen Sie gern Kontakt mit uns auf: Wir beraten Sie zu Photovoltaik- und Solaranlagen. Dabei sind wir im gesamten Freistaat Th\u00fcringen unterwegs. Unsere Firma ber\u00e4t Sie auch in der Region Bad Salzungen. Ob <a title=\"Solaranlagen Bad Salzungen\" href=\"https:\/\/form-klar.de\/meyersolar\/produkte\/rentabilitaet-und-funktionalitaetsweise-von-photovoltaikanlagen\/\"><strong>Photovoltaik oder Solarthermie<\/strong><\/a> \u2013 wir stehen als Premium Installateur mit Modulen von <a title=\"Solaranlagen mit Qualit\u00e4t\" href=\"https:\/\/form-klar.de\/meyersolar\/produkte\/\"><strong>Sunpower<\/strong><\/a> f\u00fcr Qualit\u00e4t und Nachhaltigkeit. Denn nur hochwertige Module erm\u00f6glichen Ihrer Anlage eine lange Lebensdauer. Und diese ist notwendig, um Ihre Ertragsbilanz entsprechend Ihren Vorstellungen gestalten zu k\u00f6nnen.<\/p>\n<h3>Stromkosten dauerhaft senken: Solaranlagen Bad Salzungen<\/h3>\n<p>Sie m\u00f6chten Ihre&nbsp;<strong>Stromkosten senken<\/strong>? Dann lassen Sie sich jetzt von unseren Fachleuten beraten! Wie gehen wir dabei vor? Zuerst pr\u00fcfen wir, wie ertragreich Ihr gew\u00e4hlter Standort f\u00fcr Solar in Zukunft sein kann. Dazu sind wir vor Ort in Bad Salzungen und sprechen pers\u00f6nlich mit Ihnen \u00fcber Ihr Vorhaben. Beim Vorort-Termin ist es f\u00fcr uns wichtig, zu sehen, ob eventuelle Einschr\u00e4nkungen durch die Lage von Haus oder Grundst\u00fcck gegeben sind.<\/p>\n<h3>In welchen Schritten gehen wir vor?<\/h3>\n<p>Dann folgt eine genaue Analyse f\u00fcr Ihren Standort. Zuerst kommt die Analyse f\u00fcr den Verlauf eines Jahres. Nachfolgend stellen wir Ihnen auch eine Langfrist-Analyse f\u00fcr Ihren Ertrag zur Verf\u00fcgung. F\u00fcr unsere Arbeit ist es besonders wichtig, dass Sie genau planen k\u00f6nnen. Zudem sollte die Anlage effektiv f\u00fcr Sie arbeiten. &nbsp;Nach Vororttermin, Planung und Angebotserstellung folgt dann die Beantragung Ihrer&nbsp;<strong>Solaranlage in Bad Salzungen<\/strong> beim zust\u00e4ndigen Energieversorger. Wir k\u00fcmmern uns um den Antrag und garantieren eine l\u00fcckenlose Dokumentation bis zur Inbetriebnahme.<\/p>\n<h3>Individuelle Installation Ihrer Anlage<\/h3>\n<p>Im n\u00e4chsten Schritt folgt die eigentliche Installation. Dann \u00fcbergeben wir die Solaranlage schl\u00fcsselfertig. Wir bauen \u00fcbrigens mit Komplett-Baus\u00e4tzen, die individuell auf Ihr Dach zugeschnitten werden. Sie m\u00f6chten&nbsp;<strong>solare Inselsysteme<\/strong> zur autonomen Versorgung in Bad Salzungen planen? Auch in diesem Fall sind wir Ihr Partner. Des Weiteren beraten wir Sie auch zu Einzelkomponenten und technisches Zubeh\u00f6r f\u00fcr SMA Wechselrichter.<br \/>\nSie haben weitere Fragen? Dann sprechen Sie mit uns \u00fcber Ihr Projekt in Bad Salzungen.<\/p>\n","protected":false},"excerpt":{"rendered":"<p>Sie planen in der Region um Bad Salzungen neue Solaranlagen? [&hellip;]<\/p>\n","protected":false},"author":6,"featured_media":0,"parent":0,"menu_order":0,"comment_status":"closed","ping_status":"closed","template":"","meta":{"ngg_post_thumbnail":0,"footnotes":""},"class_list":["post-655","page","type-page","status-publish","hentry"],"yoast_head":"<!-- This site is optimized with the Yoast SEO plugin v24.8 - https:\/\/yoast.com\/wordpress\/plugins\/seo\/ -->\n<title>Solaranlagen Bad Salzungen | Meyersolar | Alternative Energie<\/title>\n<meta name=\"description\" content=\"Sie suchen eine erste Beratung und fachliche Unterst\u00fctzung f\u00fcr Solaranlagen. \u2705 Wir sind auch in Bad Salzungen f\u00fcr Ihre Fragen rund um alternative Energie da. \u2705 Solaranlagen Bad Salzungen, Solaranlage, Planung, Beratung\" \/>\n<meta name=\"robots\" content=\"noindex, follow, max-snippet:-1, max-image-preview:large, max-video-preview:-1\" \/>\n<meta property=\"og:locale\" content=\"de_DE\" \/>\n<meta property=\"og:type\" content=\"article\" \/>\n<meta property=\"og:title\" content=\"Solaranlagen Bad Salzungen | Meyersolar | Alternative Energie\" \/>\n<meta property=\"og:description\" content=\"Sie suchen eine erste Beratung und fachliche Unterst\u00fctzung f\u00fcr Solaranlagen. \u2705 Wir sind auch in Bad Salzungen f\u00fcr Ihre Fragen rund um alternative Energie da. \u2705 Solaranlagen Bad Salzungen, Solaranlage, Planung, Beratung\" \/>\n<meta property=\"og:url\" content=\"https:\/\/form-klar.de\/meyersolar\/solaranlagen-bad-salzungen\/\" \/>\n<meta property=\"og:site_name\" content=\"Meyer Solar\" \/>\n<meta property=\"article:modified_time\" content=\"2024-12-11T09:26:16+00:00\" \/>\n<meta name=\"twitter:card\" content=\"summary_large_image\" \/>\n<meta name=\"twitter:label1\" content=\"Gesch\u00e4tzte Lesezeit\" \/>\n\t<meta name=\"twitter:data1\" content=\"2\u00a0Minuten\" \/>\n<script type=\"application\/ld+json\" class=\"yoast-schema-graph\">{\"@context\":\"https:\/\/schema.org\",\"@graph\":[{\"@type\":\"WebPage\",\"@id\":\"https:\/\/form-klar.de\/meyersolar\/solaranlagen-bad-salzungen\/\",\"url\":\"https:\/\/form-klar.de\/meyersolar\/solaranlagen-bad-salzungen\/\",\"name\":\"Solaranlagen Bad Salzungen | Meyersolar | Alternative Energie\",\"isPartOf\":{\"@id\":\"https:\/\/form-klar.de\/meyersolar\/#website\"},\"datePublished\":\"2020-08-13T11:54:59+00:00\",\"dateModified\":\"2024-12-11T09:26:16+00:00\",\"description\":\"Sie suchen eine erste Beratung und fachliche Unterst\u00fctzung f\u00fcr Solaranlagen. \u2705 Wir sind auch in Bad Salzungen f\u00fcr Ihre Fragen rund um alternative Energie da. \u2705 Solaranlagen Bad Salzungen, Solaranlage, Planung, Beratung\",\"breadcrumb\":{\"@id\":\"https:\/\/form-klar.de\/meyersolar\/solaranlagen-bad-salzungen\/#breadcrumb\"},\"inLanguage\":\"de\",\"potentialAction\":[{\"@type\":\"ReadAction\",\"target\":[\"https:\/\/form-klar.de\/meyersolar\/solaranlagen-bad-salzungen\/\"]}]},{\"@type\":\"BreadcrumbList\",\"@id\":\"https:\/\/form-klar.de\/meyersolar\/solaranlagen-bad-salzungen\/#breadcrumb\",\"itemListElement\":[{\"@type\":\"ListItem\",\"position\":1,\"name\":\"Startseite\",\"item\":\"https:\/\/form-klar.de\/meyersolar\/\"},{\"@type\":\"ListItem\",\"position\":2,\"name\":\"Solaranlagen Bad Salzungen\"}]},{\"@type\":\"WebSite\",\"@id\":\"https:\/\/form-klar.de\/meyersolar\/#website\",\"url\":\"https:\/\/form-klar.de\/meyersolar\/\",\"name\":\"Meyer Solar\",\"description\":\"Solaranlagen und Photovoltaikanlagen in Th\u00fcringen aus Erfurt\",\"potentialAction\":[{\"@type\":\"SearchAction\",\"target\":{\"@type\":\"EntryPoint\",\"urlTemplate\":\"https:\/\/form-klar.de\/meyersolar\/?s={search_term_string}\"},\"query-input\":{\"@type\":\"PropertyValueSpecification\",\"valueRequired\":true,\"valueName\":\"search_term_string\"}}],\"inLanguage\":\"de\"}]}<\/script>\n<!-- \/ Yoast SEO plugin. -->","yoast_head_json":{"title":"Solaranlagen Bad Salzungen | Meyersolar | Alternative Energie","description":"Sie suchen eine erste Beratung und fachliche Unterst\u00fctzung f\u00fcr Solaranlagen. \u2705 Wir sind auch in Bad Salzungen f\u00fcr Ihre Fragen rund um alternative Energie da. \u2705 Solaranlagen Bad Salzungen, Solaranlage, Planung, Beratung","robots":{"index":"noindex","follow":"follow","max-snippet":"max-snippet:-1","max-image-preview":"max-image-preview:large","max-video-preview":"max-video-preview:-1"},"og_locale":"de_DE","og_type":"article","og_title":"Solaranlagen Bad Salzungen | Meyersolar | Alternative Energie","og_description":"Sie suchen eine erste Beratung und fachliche Unterst\u00fctzung f\u00fcr Solaranlagen. \u2705 Wir sind auch in Bad Salzungen f\u00fcr Ihre Fragen rund um alternative Energie da. \u2705 Solaranlagen Bad Salzungen, Solaranlage, Planung, Beratung","og_url":"https:\/\/form-klar.de\/meyersolar\/solaranlagen-bad-salzungen\/","og_site_name":"Meyer Solar","article_modified_time":"2024-12-11T09:26:16+00:00","twitter_card":"summary_large_image","twitter_misc":{"Gesch\u00e4tzte Lesezeit":"2\u00a0Minuten"},"schema":{"@context":"https:\/\/schema.org","@graph":[{"@type":"WebPage","@id":"https:\/\/form-klar.de\/meyersolar\/solaranlagen-bad-salzungen\/","url":"https:\/\/form-klar.de\/meyersolar\/solaranlagen-bad-salzungen\/","name":"Solaranlagen Bad Salzungen | Meyersolar | Alternative Energie","isPartOf":{"@id":"https:\/\/form-klar.de\/meyersolar\/#website"},"datePublished":"2020-08-13T11:54:59+00:00","dateModified":"2024-12-11T09:26:16+00:00","description":"Sie suchen eine erste Beratung und fachliche Unterst\u00fctzung f\u00fcr Solaranlagen. \u2705 Wir sind auch in Bad Salzungen f\u00fcr Ihre Fragen rund um alternative Energie da. \u2705 Solaranlagen Bad Salzungen, Solaranlage, Planung, Beratung","breadcrumb":{"@id":"https:\/\/form-klar.de\/meyersolar\/solaranlagen-bad-salzungen\/#breadcrumb"},"inLanguage":"de","potentialAction":[{"@type":"ReadAction","target":["https:\/\/form-klar.de\/meyersolar\/solaranlagen-bad-salzungen\/"]}]},{"@type":"BreadcrumbList","@id":"https:\/\/form-klar.de\/meyersolar\/solaranlagen-bad-salzungen\/#breadcrumb","itemListElement":[{"@type":"ListItem","position":1,"name":"Startseite","item":"https:\/\/form-klar.de\/meyersolar\/"},{"@type":"ListItem","position":2,"name":"Solaranlagen Bad Salzungen"}]},{"@type":"WebSite","@id":"https:\/\/form-klar.de\/meyersolar\/#website","url":"https:\/\/form-klar.de\/meyersolar\/","name":"Meyer Solar","description":"Solaranlagen und Photovoltaikanlagen in Th\u00fcringen aus Erfurt","potentialAction":[{"@type":"SearchAction","target":{"@type":"EntryPoint","urlTemplate":"https:\/\/form-klar.de\/meyersolar\/?s={search_term_string}"},"query-input":{"@type":"PropertyValueSpecification","valueRequired":true,"valueName":"search_term_string"}}],"inLanguage":"de"}]}},"_links":{"self":[{"href":"https:\/\/form-klar.de\/meyersolar\/wp-json\/wp\/v2\/pages\/655","targetHints":{"allow":["GET"]}}],"collection":[{"href":"https:\/\/form-klar.de\/meyersolar\/wp-json\/wp\/v2\/pages"}],"about":[{"href":"https:\/\/form-klar.de\/meyersolar\/wp-json\/wp\/v2\/types\/page"}],"author":[{"embeddable":true,"href":"https:\/\/form-klar.de\/meyersolar\/wp-json\/wp\/v2\/users\/6"}],"replies":[{"embeddable":true,"href":"https:\/\/form-klar.de\/meyersolar\/wp-json\/wp\/v2\/comments?post=655"}],"version-history":[{"count":1,"href":"https:\/\/form-klar.de\/meyersolar\/wp-json\/wp\/v2\/pages\/655\/revisions"}],"predecessor-version":[{"id":656,"href":"https:\/\/form-klar.de\/meyersolar\/wp-json\/wp\/v2\/pages\/655\/revisions\/656"}],"wp:attachment":[{"href":"https:\/\/form-klar.de\/meyersolar\/wp-json\/wp\/v2\/media?parent=655"}],"curies":[{"name":"wp","href":"https:\/\/api.w.org\/{rel}","templated":true}]}}