{"id":610,"date":"2020-05-21T12:57:47","date_gmt":"2020-05-21T12:57:47","guid":{"rendered":"https:\/\/form-klar.de\/meyersolar\/?page_id=610"},"modified":"2024-12-11T09:20:01","modified_gmt":"2024-12-11T09:20:01","slug":"ihre-solaranlage-in-ilmenau","status":"publish","type":"page","link":"https:\/\/form-klar.de\/meyersolar\/ihre-solaranlage-in-ilmenau\/","title":{"rendered":"Ihre Solaranlage in Ilmenau"},"content":{"rendered":"\r\n<p>Sie leben in Ilmenau oder der n\u00e4heren Umgebung und planen die <strong>Anschaffung einer Solaranlage<\/strong>? Denn Sie wissen: Strom aus Sonnenenergie lohnt sich in vielerlei Hinsicht. Nat\u00fcrlich liegen Sie richtig. Und wir von meyersolar sind die richtigen Ansprechpartner f\u00fcr den Bau ihrer Anlage und alle Fragen rund um den Solarstrom.<\/p>\r\n\r\n\r\n\r\n<p><strong>Von der ersten Planung<\/strong> bis zur <strong>fertig installierten Anlage<\/strong> stehen wir als Spezialisten an Ihrer Seite. Wir besuchen Sie vor Ort in Ilmenau und beraten sie bereits im Vorfeld <strong><a title=\"\u00dcBER UNS\" href=\"https:\/\/form-klar.de\/meyersolar\/solaranlagen-meyersolar-erfurt-thueringen\/\">fachkompetent<\/a><\/strong> und umfangreich. Ob <strong>f\u00fcr den privaten Haushalt<\/strong> oder <strong>f\u00fcr gewerbliche Zwecke<\/strong>, wir sind vorbereitet.<\/p>\r\n\r\n\r\n\r\n<p>S<strong>etzen Sie Ihre Pl\u00e4ne in die Tat um<\/strong>. Denn die Kraft der Sonne ist eine unersch\u00f6pfliche Energiequelle.<\/p>\r\n\r\n\r\n\r\n<p><strong>Die richtige Solaranlage f\u00fcr Ihr Dach<\/strong><\/p>\r\n\r\n\r\n\r\n<p>Unser <strong>Familienunternehmen Meyersolar<\/strong> baut Solaranlagen zur Eigennutzung und f\u00fcr Industriegeb\u00e4ude. Egal welche Gr\u00f6\u00dfenordnung und Beschaffenheit &#8211; wir beraten Sie umfassend zur Auswahl der richtigen Module. Denn f\u00fcr die Umsetzung spielen verschiedene Faktoren eine Rolle, zum Beispiel die Bauweise ihres Daches und die Dauer der Sonneneinstrahlung.<\/p>\r\n\r\n\r\n\r\n<p><strong>Auch die Tageszeiten der Stromnutzung sind von Bedeutung<\/strong>. Wir planen Ihre Gegebenheiten und W\u00fcnsche auf effizienteste Weise in die Realisierung Ihrer Anlage ein. Dadurch garantieren wir Ihnen die optimale Installation Ihrer Solaranlage in Ilmenau.<\/p>\r\n\r\n\r\n\r\n<p><strong>Sauberer Strom in Gera \u2013 in guten wie in schlechten Zeiten <\/strong><\/p>\r\n\r\n\r\n\r\n<p>Ihre <strong>Solaranlage in Ilmenau<\/strong> soll auch in 20 Jahren und dar\u00fcber hinaus gute Ertr\u00e4ge liefern und sauberen Strom garantieren \u2013 zu allen Zeiten. Auch und vor allem, wenn diese zum Beispiel durch ung\u00fcnstige F\u00f6rderbedingungen vor\u00fcbergehend schwieriger sind. Gut zu wissen: die h\u00f6chsten Rendite entstehen durch langfristige Nutzung.<\/p>\r\n\r\n\r\n\r\n<p>Um die <strong>Langlebigkeit Ihrer Anlage<\/strong> zu gew\u00e4hrleisten, verwenden wir bei Meyer Solar nur die hochwertigsten Materialien. Denn die Qualit\u00e4t Ihrer Anlage ist unser grundlegendes Kriterium. Wir sind immer auf dem neuesten Stand und bieten Ihnen Innovation und neueste Technik. Lassen Sie uns loslegen! <strong><a title=\"Kontakt\" href=\"https:\/\/form-klar.de\/meyersolar\/kontakt\/\" target=\"_blank\" rel=\"noreferrer noopener\" aria-label=\"Wir freuen uns auf Sie (opens in a new tab)\">Wir freuen uns auf Sie<\/a><\/strong>!<\/p>\r\n","protected":false},"excerpt":{"rendered":"<p>Sie leben in Ilmenau oder der n\u00e4heren Umgebung und planen [&hellip;]<\/p>\n","protected":false},"author":6,"featured_media":0,"parent":0,"menu_order":0,"comment_status":"closed","ping_status":"closed","template":"","meta":{"ngg_post_thumbnail":0,"footnotes":""},"class_list":["post-610","page","type-page","status-publish","hentry"],"yoast_head":"<!-- This site is optimized with the Yoast SEO plugin v24.8 - https:\/\/yoast.com\/wordpress\/plugins\/seo\/ -->\n<title>Solaranlagen in Ilmenau \u2013 Ihr Partner f\u00fcr Sonnenenergie<\/title>\n<meta name=\"description\" content=\"Nutzen Sie die Kraft der Sonne. \u2705 Setzen Sie auf hohe Rendite. \u2705 Wir von Meyer Solar unterst\u00fctzen Sie bei Planung und Bau Ihrer Solaranlage in Ilmenau. \u2705 Solaranlagen Ilmenau, Solaranlagen, Ilmenau\" \/>\n<meta name=\"robots\" content=\"noindex, follow, max-snippet:-1, max-image-preview:large, max-video-preview:-1\" \/>\n<meta property=\"og:locale\" content=\"de_DE\" \/>\n<meta property=\"og:type\" content=\"article\" \/>\n<meta property=\"og:title\" content=\"Solaranlagen in Ilmenau \u2013 Ihr Partner f\u00fcr Sonnenenergie\" \/>\n<meta property=\"og:description\" content=\"Nutzen Sie die Kraft der Sonne. \u2705 Setzen Sie auf hohe Rendite. \u2705 Wir von Meyer Solar unterst\u00fctzen Sie bei Planung und Bau Ihrer Solaranlage in Ilmenau. \u2705 Solaranlagen Ilmenau, Solaranlagen, Ilmenau\" \/>\n<meta property=\"og:url\" content=\"https:\/\/form-klar.de\/meyersolar\/ihre-solaranlage-in-ilmenau\/\" \/>\n<meta property=\"og:site_name\" content=\"Meyer Solar\" \/>\n<meta property=\"article:modified_time\" content=\"2024-12-11T09:20:01+00:00\" \/>\n<meta name=\"twitter:card\" content=\"summary_large_image\" \/>\n<meta name=\"twitter:label1\" content=\"Gesch\u00e4tzte Lesezeit\" \/>\n\t<meta name=\"twitter:data1\" content=\"2\u00a0Minuten\" \/>\n<script type=\"application\/ld+json\" class=\"yoast-schema-graph\">{\"@context\":\"https:\/\/schema.org\",\"@graph\":[{\"@type\":\"WebPage\",\"@id\":\"https:\/\/form-klar.de\/meyersolar\/ihre-solaranlage-in-ilmenau\/\",\"url\":\"https:\/\/form-klar.de\/meyersolar\/ihre-solaranlage-in-ilmenau\/\",\"name\":\"Solaranlagen in Ilmenau \u2013 Ihr Partner f\u00fcr Sonnenenergie\",\"isPartOf\":{\"@id\":\"https:\/\/form-klar.de\/meyersolar\/#website\"},\"datePublished\":\"2020-05-21T12:57:47+00:00\",\"dateModified\":\"2024-12-11T09:20:01+00:00\",\"description\":\"Nutzen Sie die Kraft der Sonne. \u2705 Setzen Sie auf hohe Rendite. \u2705 Wir von Meyer Solar unterst\u00fctzen Sie bei Planung und Bau Ihrer Solaranlage in Ilmenau. \u2705 Solaranlagen Ilmenau, Solaranlagen, Ilmenau\",\"breadcrumb\":{\"@id\":\"https:\/\/form-klar.de\/meyersolar\/ihre-solaranlage-in-ilmenau\/#breadcrumb\"},\"inLanguage\":\"de\",\"potentialAction\":[{\"@type\":\"ReadAction\",\"target\":[\"https:\/\/form-klar.de\/meyersolar\/ihre-solaranlage-in-ilmenau\/\"]}]},{\"@type\":\"BreadcrumbList\",\"@id\":\"https:\/\/form-klar.de\/meyersolar\/ihre-solaranlage-in-ilmenau\/#breadcrumb\",\"itemListElement\":[{\"@type\":\"ListItem\",\"position\":1,\"name\":\"Startseite\",\"item\":\"https:\/\/form-klar.de\/meyersolar\/\"},{\"@type\":\"ListItem\",\"position\":2,\"name\":\"Ihre Solaranlage in Ilmenau\"}]},{\"@type\":\"WebSite\",\"@id\":\"https:\/\/form-klar.de\/meyersolar\/#website\",\"url\":\"https:\/\/form-klar.de\/meyersolar\/\",\"name\":\"Meyer Solar\",\"description\":\"Solaranlagen und Photovoltaikanlagen in Th\u00fcringen aus Erfurt\",\"potentialAction\":[{\"@type\":\"SearchAction\",\"target\":{\"@type\":\"EntryPoint\",\"urlTemplate\":\"https:\/\/form-klar.de\/meyersolar\/?s={search_term_string}\"},\"query-input\":{\"@type\":\"PropertyValueSpecification\",\"valueRequired\":true,\"valueName\":\"search_term_string\"}}],\"inLanguage\":\"de\"}]}<\/script>\n<!-- \/ Yoast SEO plugin. -->","yoast_head_json":{"title":"Solaranlagen in Ilmenau \u2013 Ihr Partner f\u00fcr Sonnenenergie","description":"Nutzen Sie die Kraft der Sonne. \u2705 Setzen Sie auf hohe Rendite. \u2705 Wir von Meyer Solar unterst\u00fctzen Sie bei Planung und Bau Ihrer Solaranlage in Ilmenau. \u2705 Solaranlagen Ilmenau, Solaranlagen, Ilmenau","robots":{"index":"noindex","follow":"follow","max-snippet":"max-snippet:-1","max-image-preview":"max-image-preview:large","max-video-preview":"max-video-preview:-1"},"og_locale":"de_DE","og_type":"article","og_title":"Solaranlagen in Ilmenau \u2013 Ihr Partner f\u00fcr Sonnenenergie","og_description":"Nutzen Sie die Kraft der Sonne. \u2705 Setzen Sie auf hohe Rendite. \u2705 Wir von Meyer Solar unterst\u00fctzen Sie bei Planung und Bau Ihrer Solaranlage in Ilmenau. \u2705 Solaranlagen Ilmenau, Solaranlagen, Ilmenau","og_url":"https:\/\/form-klar.de\/meyersolar\/ihre-solaranlage-in-ilmenau\/","og_site_name":"Meyer Solar","article_modified_time":"2024-12-11T09:20:01+00:00","twitter_card":"summary_large_image","twitter_misc":{"Gesch\u00e4tzte Lesezeit":"2\u00a0Minuten"},"schema":{"@context":"https:\/\/schema.org","@graph":[{"@type":"WebPage","@id":"https:\/\/form-klar.de\/meyersolar\/ihre-solaranlage-in-ilmenau\/","url":"https:\/\/form-klar.de\/meyersolar\/ihre-solaranlage-in-ilmenau\/","name":"Solaranlagen in Ilmenau \u2013 Ihr Partner f\u00fcr Sonnenenergie","isPartOf":{"@id":"https:\/\/form-klar.de\/meyersolar\/#website"},"datePublished":"2020-05-21T12:57:47+00:00","dateModified":"2024-12-11T09:20:01+00:00","description":"Nutzen Sie die Kraft der Sonne. \u2705 Setzen Sie auf hohe Rendite. \u2705 Wir von Meyer Solar unterst\u00fctzen Sie bei Planung und Bau Ihrer Solaranlage in Ilmenau. \u2705 Solaranlagen Ilmenau, Solaranlagen, Ilmenau","breadcrumb":{"@id":"https:\/\/form-klar.de\/meyersolar\/ihre-solaranlage-in-ilmenau\/#breadcrumb"},"inLanguage":"de","potentialAction":[{"@type":"ReadAction","target":["https:\/\/form-klar.de\/meyersolar\/ihre-solaranlage-in-ilmenau\/"]}]},{"@type":"BreadcrumbList","@id":"https:\/\/form-klar.de\/meyersolar\/ihre-solaranlage-in-ilmenau\/#breadcrumb","itemListElement":[{"@type":"ListItem","position":1,"name":"Startseite","item":"https:\/\/form-klar.de\/meyersolar\/"},{"@type":"ListItem","position":2,"name":"Ihre Solaranlage in Ilmenau"}]},{"@type":"WebSite","@id":"https:\/\/form-klar.de\/meyersolar\/#website","url":"https:\/\/form-klar.de\/meyersolar\/","name":"Meyer Solar","description":"Solaranlagen und Photovoltaikanlagen in Th\u00fcringen aus Erfurt","potentialAction":[{"@type":"SearchAction","target":{"@type":"EntryPoint","urlTemplate":"https:\/\/form-klar.de\/meyersolar\/?s={search_term_string}"},"query-input":{"@type":"PropertyValueSpecification","valueRequired":true,"valueName":"search_term_string"}}],"inLanguage":"de"}]}},"_links":{"self":[{"href":"https:\/\/form-klar.de\/meyersolar\/wp-json\/wp\/v2\/pages\/610","targetHints":{"allow":["GET"]}}],"collection":[{"href":"https:\/\/form-klar.de\/meyersolar\/wp-json\/wp\/v2\/pages"}],"about":[{"href":"https:\/\/form-klar.de\/meyersolar\/wp-json\/wp\/v2\/types\/page"}],"author":[{"embeddable":true,"href":"https:\/\/form-klar.de\/meyersolar\/wp-json\/wp\/v2\/users\/6"}],"replies":[{"embeddable":true,"href":"https:\/\/form-klar.de\/meyersolar\/wp-json\/wp\/v2\/comments?post=610"}],"version-history":[{"count":2,"href":"https:\/\/form-klar.de\/meyersolar\/wp-json\/wp\/v2\/pages\/610\/revisions"}],"predecessor-version":[{"id":3717,"href":"https:\/\/form-klar.de\/meyersolar\/wp-json\/wp\/v2\/pages\/610\/revisions\/3717"}],"wp:attachment":[{"href":"https:\/\/form-klar.de\/meyersolar\/wp-json\/wp\/v2\/media?parent=610"}],"curies":[{"name":"wp","href":"https:\/\/api.w.org\/{rel}","templated":true}]}}