{"id":584,"date":"2019-11-11T14:21:26","date_gmt":"2019-11-11T14:21:26","guid":{"rendered":"https:\/\/form-klar.de\/meyersolar\/?page_id=584"},"modified":"2024-12-11T09:14:25","modified_gmt":"2024-12-11T09:14:25","slug":"photovoltaik-ertrag","status":"publish","type":"page","link":"https:\/\/form-klar.de\/meyersolar\/photovoltaik-ertrag\/","title":{"rendered":"Photovoltaik Ertrag"},"content":{"rendered":"<h2>Photovoltaik: Die Energie der Sonne &#8211; <em>Photovoltaik Ertrag<\/em><\/h2>\n<p><strong>Photovoltaik Ertrag<\/strong>: Sie spielen mit dem Gedanken, sich eine Solaranlage anzuschaffen? \u00dcberall sehen Sie dunkle <strong><a title=\"Solaranlage Th\u00fcringen\" href=\"https:\/\/form-klar.de\/meyersolar\/solaranlage-thueringen\/\">Solarmodule<\/a><\/strong> vielversprechend in der Sonne gl\u00e4nzen. Und Sie fragen sich: Wie effizient ist der Ertrag aus Photovoltaik tats\u00e4chlich?<\/p>\n<p>Dazu sagen wir Ihnen: Strom aus Sonnenenergie lohnt sich in jeder Hinsicht! Denn Photovoltaik schont nicht nur die fossilen Ressourcen, sondern auch ihren Geldbeutel. Durch die Solarzellen wird Sonnenlicht direkt in elektrische Energie umgewandelt.<\/p>\n<p>Nachdem der so entstandene Gleichstrom zu Wechselstrom gewandelt wurde, kann dieser verbraucht werden. Das bedeutet, der Strom flie\u00dft in den privaten Haushalt oder wird gewerblich in ein Netz eingespeist. Der Ertrag aus Solarenergie ist so hoch, dass sich <strong>Photovoltaik<\/strong> langfristig immer rentiert.<\/p>\n<h3>Kommen Sie auf die Sonnenseite!<\/h3>\n<p>Beginnen Sie, effizient zu leben und setzen Sie Ihren Gedanken in die Tat um. Investieren Sie in <strong>Ihre eigene Photovoltaikanlage<\/strong>!<\/p>\n<p>Unser Familienunternehmen Meyersolar hilft Ihnen gern bei der Auswahl der richtigen Anlage und Module. <strong><a title=\"\u00dcber uns\" href=\"https:\/\/form-klar.de\/meyersolar\/solaranlagen-meyersolar-erfurt-thueringen\/\">Seit 5 Jahren<\/a> planen und bauen wir Photovoltaikanlagen<\/strong>. Dabei erweitern wir unser Spektrum stetig.<\/p>\n<p>Wir planen und bauen Anlagen von 3kWp zur Eigennutzung bis hin zu mehreren Hundert kWp Anlagen auf Industriegeb\u00e4uden. Egal welche Gr\u00f6\u00dfenordnung und Beschaffenheit \u2013 wir sind gern Ihr Partner bei Planung und Bau Ihrer Anlage.<\/p>\n<h3>Photovoltaik &#8211; Qualit\u00e4t f\u00fcr guten Ertrag<\/h3>\n<p>Egal, ob privat oder gewerblich &#8211; ihre <strong>Photovoltaikanlage<\/strong> soll auch in 20 Jahren noch gute Ertr\u00e4ge liefern. Deshalb ist es wichtig, dass sie aus hochwertigen Materialien besteht. Wir bei Meyersolar arbeiten mit zuverl\u00e4ssigen Partnern und verwenden qualitative und damit langlebige Materialien.<\/p>\n<p>Wir beobachten den Markt und arbeiten mit verschiedenen Anbietern. Deshalb behalten wir immer die \u00dcbersicht \u00fcber innovative Solarprodukte. Damit sind wir immer auf dem neuesten Stand und k\u00f6nnen Ihnen immer die <strong>optimale Variante einer Photovoltaikanlage<\/strong> bieten. Damit Ihnen Rentabilit\u00e4t und ein guter Ertrag garantiert sind.<\/p>\n<p><a title=\"Referenzen\" href=\"https:\/\/form-klar.de\/meyersolar\/referenzen-solaranlagen-photovoltaikanlagen\/\"><strong>Wir erfreuen uns sehr guter Resonanzen und wiederkehrender Kunden<\/strong><\/a>. Wir freuen uns, auch Sie auf der Sonnenseite zu begr\u00fc\u00dfen!<\/p>\n","protected":false},"excerpt":{"rendered":"<p>Photovoltaik: Die Energie der Sonne &#8211; Photovoltaik Ertrag Photovoltaik Ertrag: [&hellip;]<\/p>\n","protected":false},"author":6,"featured_media":0,"parent":0,"menu_order":0,"comment_status":"closed","ping_status":"closed","template":"","meta":{"ngg_post_thumbnail":0,"footnotes":""},"class_list":["post-584","page","type-page","status-publish","hentry"],"yoast_head":"<!-- This site is optimized with the Yoast SEO plugin v24.8 - https:\/\/yoast.com\/wordpress\/plugins\/seo\/ -->\n<title>Photovoltaik Ertrag | Sonnenenergie | Solarstrom | meyersolar<\/title>\n<meta name=\"description\" content=\"Photovoltaik Ertrag | Endlich eine Solaranlage? \u2705 Erfahren Sie mehr \u00fcber Rentabilit\u00e4t &amp; Funktionalit\u00e4t von Photovoltaik! \u2705 Kommen Sie auf die Sonnenseite! \u2705\" \/>\n<meta name=\"robots\" content=\"noindex, follow, max-snippet:-1, max-image-preview:large, max-video-preview:-1\" \/>\n<meta property=\"og:locale\" content=\"de_DE\" \/>\n<meta property=\"og:type\" content=\"article\" \/>\n<meta property=\"og:title\" content=\"Photovoltaik Ertrag | Sonnenenergie | Solarstrom | meyersolar\" \/>\n<meta property=\"og:description\" content=\"Photovoltaik Ertrag | Endlich eine Solaranlage? \u2705 Erfahren Sie mehr \u00fcber Rentabilit\u00e4t &amp; Funktionalit\u00e4t von Photovoltaik! \u2705 Kommen Sie auf die Sonnenseite! \u2705\" \/>\n<meta property=\"og:url\" content=\"https:\/\/form-klar.de\/meyersolar\/photovoltaik-ertrag\/\" \/>\n<meta property=\"og:site_name\" content=\"Meyer Solar\" \/>\n<meta property=\"article:modified_time\" content=\"2024-12-11T09:14:25+00:00\" \/>\n<meta name=\"twitter:card\" content=\"summary_large_image\" \/>\n<meta name=\"twitter:label1\" content=\"Gesch\u00e4tzte Lesezeit\" \/>\n\t<meta name=\"twitter:data1\" content=\"2\u00a0Minuten\" \/>\n<script type=\"application\/ld+json\" class=\"yoast-schema-graph\">{\"@context\":\"https:\/\/schema.org\",\"@graph\":[{\"@type\":\"WebPage\",\"@id\":\"https:\/\/form-klar.de\/meyersolar\/photovoltaik-ertrag\/\",\"url\":\"https:\/\/form-klar.de\/meyersolar\/photovoltaik-ertrag\/\",\"name\":\"Photovoltaik Ertrag | Sonnenenergie | Solarstrom | meyersolar\",\"isPartOf\":{\"@id\":\"https:\/\/form-klar.de\/meyersolar\/#website\"},\"datePublished\":\"2019-11-11T14:21:26+00:00\",\"dateModified\":\"2024-12-11T09:14:25+00:00\",\"description\":\"Photovoltaik Ertrag | Endlich eine Solaranlage? \u2705 Erfahren Sie mehr \u00fcber Rentabilit\u00e4t & Funktionalit\u00e4t von Photovoltaik! \u2705 Kommen Sie auf die Sonnenseite! \u2705\",\"breadcrumb\":{\"@id\":\"https:\/\/form-klar.de\/meyersolar\/photovoltaik-ertrag\/#breadcrumb\"},\"inLanguage\":\"de\",\"potentialAction\":[{\"@type\":\"ReadAction\",\"target\":[\"https:\/\/form-klar.de\/meyersolar\/photovoltaik-ertrag\/\"]}]},{\"@type\":\"BreadcrumbList\",\"@id\":\"https:\/\/form-klar.de\/meyersolar\/photovoltaik-ertrag\/#breadcrumb\",\"itemListElement\":[{\"@type\":\"ListItem\",\"position\":1,\"name\":\"Startseite\",\"item\":\"https:\/\/form-klar.de\/meyersolar\/\"},{\"@type\":\"ListItem\",\"position\":2,\"name\":\"Photovoltaik Ertrag\"}]},{\"@type\":\"WebSite\",\"@id\":\"https:\/\/form-klar.de\/meyersolar\/#website\",\"url\":\"https:\/\/form-klar.de\/meyersolar\/\",\"name\":\"Meyer Solar\",\"description\":\"Solaranlagen und Photovoltaikanlagen in Th\u00fcringen aus Erfurt\",\"potentialAction\":[{\"@type\":\"SearchAction\",\"target\":{\"@type\":\"EntryPoint\",\"urlTemplate\":\"https:\/\/form-klar.de\/meyersolar\/?s={search_term_string}\"},\"query-input\":{\"@type\":\"PropertyValueSpecification\",\"valueRequired\":true,\"valueName\":\"search_term_string\"}}],\"inLanguage\":\"de\"}]}<\/script>\n<!-- \/ Yoast SEO plugin. -->","yoast_head_json":{"title":"Photovoltaik Ertrag | Sonnenenergie | Solarstrom | meyersolar","description":"Photovoltaik Ertrag | Endlich eine Solaranlage? \u2705 Erfahren Sie mehr \u00fcber Rentabilit\u00e4t & Funktionalit\u00e4t von Photovoltaik! \u2705 Kommen Sie auf die Sonnenseite! \u2705","robots":{"index":"noindex","follow":"follow","max-snippet":"max-snippet:-1","max-image-preview":"max-image-preview:large","max-video-preview":"max-video-preview:-1"},"og_locale":"de_DE","og_type":"article","og_title":"Photovoltaik Ertrag | Sonnenenergie | Solarstrom | meyersolar","og_description":"Photovoltaik Ertrag | Endlich eine Solaranlage? \u2705 Erfahren Sie mehr \u00fcber Rentabilit\u00e4t & Funktionalit\u00e4t von Photovoltaik! \u2705 Kommen Sie auf die Sonnenseite! \u2705","og_url":"https:\/\/form-klar.de\/meyersolar\/photovoltaik-ertrag\/","og_site_name":"Meyer Solar","article_modified_time":"2024-12-11T09:14:25+00:00","twitter_card":"summary_large_image","twitter_misc":{"Gesch\u00e4tzte Lesezeit":"2\u00a0Minuten"},"schema":{"@context":"https:\/\/schema.org","@graph":[{"@type":"WebPage","@id":"https:\/\/form-klar.de\/meyersolar\/photovoltaik-ertrag\/","url":"https:\/\/form-klar.de\/meyersolar\/photovoltaik-ertrag\/","name":"Photovoltaik Ertrag | Sonnenenergie | Solarstrom | meyersolar","isPartOf":{"@id":"https:\/\/form-klar.de\/meyersolar\/#website"},"datePublished":"2019-11-11T14:21:26+00:00","dateModified":"2024-12-11T09:14:25+00:00","description":"Photovoltaik Ertrag | Endlich eine Solaranlage? \u2705 Erfahren Sie mehr \u00fcber Rentabilit\u00e4t & Funktionalit\u00e4t von Photovoltaik! \u2705 Kommen Sie auf die Sonnenseite! \u2705","breadcrumb":{"@id":"https:\/\/form-klar.de\/meyersolar\/photovoltaik-ertrag\/#breadcrumb"},"inLanguage":"de","potentialAction":[{"@type":"ReadAction","target":["https:\/\/form-klar.de\/meyersolar\/photovoltaik-ertrag\/"]}]},{"@type":"BreadcrumbList","@id":"https:\/\/form-klar.de\/meyersolar\/photovoltaik-ertrag\/#breadcrumb","itemListElement":[{"@type":"ListItem","position":1,"name":"Startseite","item":"https:\/\/form-klar.de\/meyersolar\/"},{"@type":"ListItem","position":2,"name":"Photovoltaik Ertrag"}]},{"@type":"WebSite","@id":"https:\/\/form-klar.de\/meyersolar\/#website","url":"https:\/\/form-klar.de\/meyersolar\/","name":"Meyer Solar","description":"Solaranlagen und Photovoltaikanlagen in Th\u00fcringen aus Erfurt","potentialAction":[{"@type":"SearchAction","target":{"@type":"EntryPoint","urlTemplate":"https:\/\/form-klar.de\/meyersolar\/?s={search_term_string}"},"query-input":{"@type":"PropertyValueSpecification","valueRequired":true,"valueName":"search_term_string"}}],"inLanguage":"de"}]}},"_links":{"self":[{"href":"https:\/\/form-klar.de\/meyersolar\/wp-json\/wp\/v2\/pages\/584","targetHints":{"allow":["GET"]}}],"collection":[{"href":"https:\/\/form-klar.de\/meyersolar\/wp-json\/wp\/v2\/pages"}],"about":[{"href":"https:\/\/form-klar.de\/meyersolar\/wp-json\/wp\/v2\/types\/page"}],"author":[{"embeddable":true,"href":"https:\/\/form-klar.de\/meyersolar\/wp-json\/wp\/v2\/users\/6"}],"replies":[{"embeddable":true,"href":"https:\/\/form-klar.de\/meyersolar\/wp-json\/wp\/v2\/comments?post=584"}],"version-history":[{"count":3,"href":"https:\/\/form-klar.de\/meyersolar\/wp-json\/wp\/v2\/pages\/584\/revisions"}],"predecessor-version":[{"id":603,"href":"https:\/\/form-klar.de\/meyersolar\/wp-json\/wp\/v2\/pages\/584\/revisions\/603"}],"wp:attachment":[{"href":"https:\/\/form-klar.de\/meyersolar\/wp-json\/wp\/v2\/media?parent=584"}],"curies":[{"name":"wp","href":"https:\/\/api.w.org\/{rel}","templated":true}]}}