{"id":517,"date":"2019-09-09T15:08:52","date_gmt":"2019-09-09T15:08:52","guid":{"rendered":"https:\/\/form-klar.de\/meyersolar\/?page_id=517"},"modified":"2024-12-11T09:11:24","modified_gmt":"2024-12-11T09:11:24","slug":"photovoltaik-arnstadt","status":"publish","type":"page","link":"https:\/\/form-klar.de\/meyersolar\/photovoltaik-arnstadt\/","title":{"rendered":"Photovoltaik Arnstadt"},"content":{"rendered":"<h3>Photovoltaik f\u00fcr Arnstadt<\/h3>\n<p><strong>Setzen Sie auf die Beratung durch einen Profi<\/strong>, wenn es um Ihre <strong>Photovoltaik<\/strong> geht. In der Region um Arnstadt stehen wir Ihnen zur Verf\u00fcgung. Bereits beim Hausbau lohnt sich fr\u00fchzeitig die <strong>Photovoltaik mit einzuplanen<\/strong>.<\/p>\n<h4>Beratung bei Ihnen vor Ort in Arnstadt<\/h4>\n<p><strong>Wir kommen vor Ort vorbei und beraten Sie<\/strong>. Von uns k\u00f6nnen Sie das ganze Paket erwarten. Wir liefern Ihnen sozusagen Ihre <a title=\"Planung Solaranlage\" href=\"https:\/\/form-klar.de\/meyersolar\/photovoltaikanlagen-solar-erfurt\/planung-von-solar-photovoltaikanlagen\/planung-solaranlage\/\"><strong>Solaranlage schl\u00fcsselfertig aufs Dach<\/strong><\/a>. Vorher sollte die Anlage aber optimal geplant sein.<\/p>\n<h4>Profitieren Sie von unserem Wissen f\u00fcr eine ertragreiche Stromernte<\/h4>\n<p>Denn es geh\u00f6rt schon Hintergrundwissen dazu, <strong>Photovoltaik sinnvoll einzusetzen<\/strong>. Zum Beispiel geht es da um die Effizienz Ihrer Anlage. Schlie\u00dflich soll sich Solar so fr\u00fch wie m\u00f6glich rentieren. <strong>Kernst\u00fcck dieser Planung<\/strong> ist die <a title=\"Angebotserstellung\" href=\"https:\/\/form-klar.de\/meyersolar\/photovoltaikanlagen-solar-erfurt\/angebot-realisierung-von-solar-photovoltaikanlagen\/\"><strong>Ertragsvorschau<\/strong><\/a>.<\/p>\n<h4>Photovoltaik f\u00fcr Arnstadt \u2013 moderne Module in hoher Qualit\u00e4t<\/h4>\n<p><strong>Daf\u00fcr sind wir im ersten Schritt f\u00fcr Sie da<\/strong>. Wir kommen bei Ihnen in Arnstadt vorbei. Denn&nbsp; nur vor Ort k\u00f6nnen wir den zuk\u00fcnftigen Standort Ihrer PV Anlage professionell pr\u00fcfen. Denn auch eine regenerative Energiequelle sollte sich f\u00fcr Sie rechnen. Dass Sie <strong>auch etwas f\u00fcr die Umwelt<\/strong> und <strong>f\u00fcr das Klima tun<\/strong>, daf\u00fcr erhalten Sie auch <strong>staatliche F\u00f6rderung<\/strong>.<\/p>\n<p><a title=\"Service\" href=\"https:\/\/form-klar.de\/meyersolar\/photovoltaikanlagen-solar-erfurt\/\"><strong>Auch dazu beraten wir Sie<\/strong><\/a>. Unsere Aufgabe als Unternehmen ist es, <strong>die Stromernte auf solide F\u00fc\u00dfe zu stellen<\/strong>. Wichtig daf\u00fcr ist einerseits der Qualit\u00e4t des Standortes. Andererseits sind aber ausgereifte zuverl\u00e4ssige Module ausschlaggebend f\u00fcr ein <strong>gutes Ergebnis<\/strong>.<\/p>\n<p><strong>Stimmt Qualit\u00e4t<\/strong> und <strong>Standort bei Ihnen in Arnstadt<\/strong>, k\u00f6nnen wir Ihren Stromertrag genau im Voraus planen. Mindestens die n\u00e4chsten 10 bis 15 Jahre sichern wir ab. Auch deshalb sind <strong>hochqualitative Module<\/strong> so wichtig \u2013 damit die <strong>Anlage zuverl\u00e4ssig l\u00e4uft<\/strong>.<\/p>\n<h4>Beratung f\u00fcr Privatpersonen aber auch f\u00fcr Investoren und Unternehmen<\/h4>\n<p><strong>Sie m\u00f6chten Photovoltaik im gro\u00dfen Stil einsetzen<\/strong>? Wir beraten auch Unternehmen, die auf ihrem Dach oder ihrem Grundst\u00fcck gro\u00dfe PV Anlagen installieren m\u00f6chten. Je gr\u00f6\u00dfer \u2013 je mehr Ertrag. <a title=\"Kontakt\" href=\"https:\/\/form-klar.de\/meyersolar\/siteinfo\/kontakt\/\"><strong>Tragen Sie Ihren Beitrag zu einer dezentralen Stromerzeugung bei<\/strong><\/a>.<\/p>\n<p><a title=\"Kontakt\" href=\"https:\/\/form-klar.de\/meyersolar\/kontakt\/\"><strong>Mit Ihrer PV Anlage tragen Sie \u00fcbrigens auch zur CO2-Reduktion in Deutschland bei<\/strong><\/a>.<\/p>\n","protected":false},"excerpt":{"rendered":"<p>Photovoltaik f\u00fcr Arnstadt Setzen Sie auf die Beratung durch einen [&hellip;]<\/p>\n","protected":false},"author":6,"featured_media":0,"parent":0,"menu_order":0,"comment_status":"closed","ping_status":"closed","template":"","meta":{"ngg_post_thumbnail":0,"footnotes":""},"class_list":["post-517","page","type-page","status-publish","hentry"],"yoast_head":"<!-- This site is optimized with the Yoast SEO plugin v24.8 - https:\/\/yoast.com\/wordpress\/plugins\/seo\/ -->\n<title>Photovoltaik Beratung | Meyer Solar | Region Arnstadt<\/title>\n<meta name=\"description\" content=\"Photovoltaik f\u00fcr die Region Arnstadt \u2705 Ihr Beratungspartner von A bis Z \u2705 Planung \u2705 Installation \u2705 Wartung \u2705 Rentabilit\u00e4tsplan \u2705 Photovoltaik Beratung, Photovoltaik, Beratung, Meyer Solar, Arnstadt\" \/>\n<meta name=\"robots\" content=\"noindex, follow, max-snippet:-1, max-image-preview:large, max-video-preview:-1\" \/>\n<meta property=\"og:locale\" content=\"de_DE\" \/>\n<meta property=\"og:type\" content=\"article\" \/>\n<meta property=\"og:title\" content=\"Photovoltaik Beratung | Meyer Solar | Region Arnstadt\" \/>\n<meta property=\"og:description\" content=\"Photovoltaik f\u00fcr die Region Arnstadt \u2705 Ihr Beratungspartner von A bis Z \u2705 Planung \u2705 Installation \u2705 Wartung \u2705 Rentabilit\u00e4tsplan \u2705 Photovoltaik Beratung, Photovoltaik, Beratung, Meyer Solar, Arnstadt\" \/>\n<meta property=\"og:url\" content=\"https:\/\/form-klar.de\/meyersolar\/photovoltaik-arnstadt\/\" \/>\n<meta property=\"og:site_name\" content=\"Meyer Solar\" \/>\n<meta property=\"article:modified_time\" content=\"2024-12-11T09:11:24+00:00\" \/>\n<meta name=\"twitter:card\" content=\"summary_large_image\" \/>\n<meta name=\"twitter:label1\" content=\"Gesch\u00e4tzte Lesezeit\" \/>\n\t<meta name=\"twitter:data1\" content=\"2\u00a0Minuten\" \/>\n<script type=\"application\/ld+json\" class=\"yoast-schema-graph\">{\"@context\":\"https:\/\/schema.org\",\"@graph\":[{\"@type\":\"WebPage\",\"@id\":\"https:\/\/form-klar.de\/meyersolar\/photovoltaik-arnstadt\/\",\"url\":\"https:\/\/form-klar.de\/meyersolar\/photovoltaik-arnstadt\/\",\"name\":\"Photovoltaik Beratung | Meyer Solar | Region Arnstadt\",\"isPartOf\":{\"@id\":\"https:\/\/form-klar.de\/meyersolar\/#website\"},\"datePublished\":\"2019-09-09T15:08:52+00:00\",\"dateModified\":\"2024-12-11T09:11:24+00:00\",\"description\":\"Photovoltaik f\u00fcr die Region Arnstadt \u2705 Ihr Beratungspartner von A bis Z \u2705 Planung \u2705 Installation \u2705 Wartung \u2705 Rentabilit\u00e4tsplan \u2705 Photovoltaik Beratung, Photovoltaik, Beratung, Meyer Solar, Arnstadt\",\"breadcrumb\":{\"@id\":\"https:\/\/form-klar.de\/meyersolar\/photovoltaik-arnstadt\/#breadcrumb\"},\"inLanguage\":\"de\",\"potentialAction\":[{\"@type\":\"ReadAction\",\"target\":[\"https:\/\/form-klar.de\/meyersolar\/photovoltaik-arnstadt\/\"]}]},{\"@type\":\"BreadcrumbList\",\"@id\":\"https:\/\/form-klar.de\/meyersolar\/photovoltaik-arnstadt\/#breadcrumb\",\"itemListElement\":[{\"@type\":\"ListItem\",\"position\":1,\"name\":\"Startseite\",\"item\":\"https:\/\/form-klar.de\/meyersolar\/\"},{\"@type\":\"ListItem\",\"position\":2,\"name\":\"Photovoltaik Arnstadt\"}]},{\"@type\":\"WebSite\",\"@id\":\"https:\/\/form-klar.de\/meyersolar\/#website\",\"url\":\"https:\/\/form-klar.de\/meyersolar\/\",\"name\":\"Meyer Solar\",\"description\":\"Solaranlagen und Photovoltaikanlagen in Th\u00fcringen aus Erfurt\",\"potentialAction\":[{\"@type\":\"SearchAction\",\"target\":{\"@type\":\"EntryPoint\",\"urlTemplate\":\"https:\/\/form-klar.de\/meyersolar\/?s={search_term_string}\"},\"query-input\":{\"@type\":\"PropertyValueSpecification\",\"valueRequired\":true,\"valueName\":\"search_term_string\"}}],\"inLanguage\":\"de\"}]}<\/script>\n<!-- \/ Yoast SEO plugin. -->","yoast_head_json":{"title":"Photovoltaik Beratung | Meyer Solar | Region Arnstadt","description":"Photovoltaik f\u00fcr die Region Arnstadt \u2705 Ihr Beratungspartner von A bis Z \u2705 Planung \u2705 Installation \u2705 Wartung \u2705 Rentabilit\u00e4tsplan \u2705 Photovoltaik Beratung, Photovoltaik, Beratung, Meyer Solar, Arnstadt","robots":{"index":"noindex","follow":"follow","max-snippet":"max-snippet:-1","max-image-preview":"max-image-preview:large","max-video-preview":"max-video-preview:-1"},"og_locale":"de_DE","og_type":"article","og_title":"Photovoltaik Beratung | Meyer Solar | Region Arnstadt","og_description":"Photovoltaik f\u00fcr die Region Arnstadt \u2705 Ihr Beratungspartner von A bis Z \u2705 Planung \u2705 Installation \u2705 Wartung \u2705 Rentabilit\u00e4tsplan \u2705 Photovoltaik Beratung, Photovoltaik, Beratung, Meyer Solar, Arnstadt","og_url":"https:\/\/form-klar.de\/meyersolar\/photovoltaik-arnstadt\/","og_site_name":"Meyer Solar","article_modified_time":"2024-12-11T09:11:24+00:00","twitter_card":"summary_large_image","twitter_misc":{"Gesch\u00e4tzte Lesezeit":"2\u00a0Minuten"},"schema":{"@context":"https:\/\/schema.org","@graph":[{"@type":"WebPage","@id":"https:\/\/form-klar.de\/meyersolar\/photovoltaik-arnstadt\/","url":"https:\/\/form-klar.de\/meyersolar\/photovoltaik-arnstadt\/","name":"Photovoltaik Beratung | Meyer Solar | Region Arnstadt","isPartOf":{"@id":"https:\/\/form-klar.de\/meyersolar\/#website"},"datePublished":"2019-09-09T15:08:52+00:00","dateModified":"2024-12-11T09:11:24+00:00","description":"Photovoltaik f\u00fcr die Region Arnstadt \u2705 Ihr Beratungspartner von A bis Z \u2705 Planung \u2705 Installation \u2705 Wartung \u2705 Rentabilit\u00e4tsplan \u2705 Photovoltaik Beratung, Photovoltaik, Beratung, Meyer Solar, Arnstadt","breadcrumb":{"@id":"https:\/\/form-klar.de\/meyersolar\/photovoltaik-arnstadt\/#breadcrumb"},"inLanguage":"de","potentialAction":[{"@type":"ReadAction","target":["https:\/\/form-klar.de\/meyersolar\/photovoltaik-arnstadt\/"]}]},{"@type":"BreadcrumbList","@id":"https:\/\/form-klar.de\/meyersolar\/photovoltaik-arnstadt\/#breadcrumb","itemListElement":[{"@type":"ListItem","position":1,"name":"Startseite","item":"https:\/\/form-klar.de\/meyersolar\/"},{"@type":"ListItem","position":2,"name":"Photovoltaik Arnstadt"}]},{"@type":"WebSite","@id":"https:\/\/form-klar.de\/meyersolar\/#website","url":"https:\/\/form-klar.de\/meyersolar\/","name":"Meyer Solar","description":"Solaranlagen und Photovoltaikanlagen in Th\u00fcringen aus Erfurt","potentialAction":[{"@type":"SearchAction","target":{"@type":"EntryPoint","urlTemplate":"https:\/\/form-klar.de\/meyersolar\/?s={search_term_string}"},"query-input":{"@type":"PropertyValueSpecification","valueRequired":true,"valueName":"search_term_string"}}],"inLanguage":"de"}]}},"_links":{"self":[{"href":"https:\/\/form-klar.de\/meyersolar\/wp-json\/wp\/v2\/pages\/517","targetHints":{"allow":["GET"]}}],"collection":[{"href":"https:\/\/form-klar.de\/meyersolar\/wp-json\/wp\/v2\/pages"}],"about":[{"href":"https:\/\/form-klar.de\/meyersolar\/wp-json\/wp\/v2\/types\/page"}],"author":[{"embeddable":true,"href":"https:\/\/form-klar.de\/meyersolar\/wp-json\/wp\/v2\/users\/6"}],"replies":[{"embeddable":true,"href":"https:\/\/form-klar.de\/meyersolar\/wp-json\/wp\/v2\/comments?post=517"}],"version-history":[{"count":3,"href":"https:\/\/form-klar.de\/meyersolar\/wp-json\/wp\/v2\/pages\/517\/revisions"}],"predecessor-version":[{"id":3712,"href":"https:\/\/form-klar.de\/meyersolar\/wp-json\/wp\/v2\/pages\/517\/revisions\/3712"}],"wp:attachment":[{"href":"https:\/\/form-klar.de\/meyersolar\/wp-json\/wp\/v2\/media?parent=517"}],"curies":[{"name":"wp","href":"https:\/\/api.w.org\/{rel}","templated":true}]}}