{"id":447,"date":"2017-12-22T13:24:36","date_gmt":"2017-12-22T13:24:36","guid":{"rendered":"https:\/\/form-klar.de\/meyersolar\/?page_id=447"},"modified":"2024-12-11T08:54:44","modified_gmt":"2024-12-11T08:54:44","slug":"solaranlage-eisenach","status":"publish","type":"page","link":"https:\/\/form-klar.de\/meyersolar\/solaranlage-eisenach\/","title":{"rendered":"Solaranlage Eisenach"},"content":{"rendered":"<h2>Tipps f\u00fcr Ihre Solaranlage in und bei Eisenach<\/h2>\n<p>Sie m\u00f6chten sich in Eisenach oder Umgebung eine Solaranlage anschaffen? Eine Solaranlage kann eine effektive Form der Energiegewinnung sein. Wenn Sie einen Fachpartner zu Rate ziehen, planen Sie besser. Denn eine Solaranlage sollte optimal f\u00fcr Ihr Haus zugeschnitten sein. Auch auf einem Grundst\u00fcck oder f\u00fcr Gewerbe l\u00e4sst sich eine Solaranlage planen.<\/p>\n<h3>F\u00fcr Kunden aus Eisenach: Beratung rund um Planung, Bau und Ertrag Ihrer Solaranlage<\/h3>\n<p>Wer eine Solaranlage installieren m\u00f6chte, sollte sich mit einem Fach-Partner beraten lassen. Nachdem Ihr Wunsch klar ist, sollte dieser auch einem Realit\u00e4tstest unterworfen werden. Ein Fachpartner kann genau einsch\u00e4tzen, ob zum Beispiel Ihr Haus den Anforderungen an einen effizienten Betrieb gen\u00fcgt. Auch in der Umgebung von Eisenach kommt es darauf an, dass Solaranlagen effizient sind. \u00dcberdies sollten die Anlagen so bald wie m\u00f6glich die Kosten wieder \u201eeinspielen\u201c.<\/p>\n<h3>Saubere Energie von Ihrem Hausdach \u2013 Solaranlage f\u00fcr Eisenach<\/h3>\n<p>Leisten Sie Ihren Beitrag zur Energiewende und f\u00fcr weniger CO<sub>2<\/sub> in der Atmosph\u00e4re. Zudem sollte eine Solaranlage sich auch f\u00fcr Sie rechnen. Und das in einer \u00fcberschaubaren Zeit. Saubere Energie will gut geplant sein. Ein Fachmann pr\u00fcft, in welcher Ausf\u00fchrung bei Ihnen zum Einsatz kommen. Dazu gibt es ein tragf\u00e4higes Konzept mit Ertragsberechnung und Kostenvoranschlag. Zudem bietet ein Fachinstallateur Ihnen einen optischen Entwurf. Achten Sie auch auf hochwertige Technik-Komponenten.<\/p>\n<h3>Treffen Sie vor Ort in Eisenach und Umgebung Ihren Solar-Fachmann<\/h3>\n<p>Im Folgenden sollte ein Vorort-Termin immer Bedingung sein. Denn nur so werden alle M\u00f6glichkeiten des Standorts ber\u00fccksichtigst. Vielleicht m\u00f6chten Sie Ihre Solaranlagen auch gewerblich nutzen? Eine Fachfirma kann Ihnen die optimalen M\u00f6glichkeiten der Umsetzung direkt vor Ort erkl\u00e4ren. Fachlich einwandfreie Angebote enthalten klare Zielvorgaben. Dazu geh\u00f6ren eine Ertragsvorausschau sowie ein Konzept zur Wirtschaftlichkeit.<\/p>\n<h3>Neben der Montage ist Service immens wichtig<\/h3>\n<p>Die Montage von Solaranlagen ist aufwendig. Bastler k\u00f6nnen aber auch in Eigenregie eine Anlage errichten. Hier bietet sich ein Fachh\u00e4ndler als Berater an, der Ihnen hilft, Fehler bei der Montage zu vermeiden. Die eigentliche Crux ist jedoch die professionelle Planung und die die Wartung. Denn ein st\u00f6rungsfreier Betrieb der Anlage ist wichtig, um die Ertragsziele an Strom gut zu erreichen. Eine Fachfirma \u00fcberwacht Ihre Ertr\u00e4ge und kann, falls die Anlage nicht optimal arbeitet, auch nachsteuern.<\/p>\n<p><strong>Gesamtlaufzeit von Solaranlagen optimal gestalten: Sind Sie zufrieden mit Ihrer Solaranlage?<\/strong><\/p>\n<p>Bei besonders gro\u00dfen Solaranlagen wird der Service immer wichtiger. Denn die Gesamtlaufzeit einer Anlage kann verl\u00e4ngert werden, wenn die Anlage gepflegt und in Schuss gehalten wird.<\/p>\n<p><strong><span style=\"text-decoration: underline;\">Mehr Informationen und fachliche Beratung in Eisenach und Umgebung erhalten Sie hier!<\/span><\/strong><\/p>\n","protected":false},"excerpt":{"rendered":"<p>Tipps f\u00fcr Ihre Solaranlage in und bei Eisenach Sie m\u00f6chten [&hellip;]<\/p>\n","protected":false},"author":5,"featured_media":0,"parent":0,"menu_order":0,"comment_status":"open","ping_status":"open","template":"","meta":{"ngg_post_thumbnail":0,"footnotes":""},"class_list":["post-447","page","type-page","status-publish","hentry"],"yoast_head":"<!-- This site is optimized with the Yoast SEO plugin v24.8 - https:\/\/yoast.com\/wordpress\/plugins\/seo\/ -->\n<title>Solaranlage planen und betreiben - so wird\u00b4s gemacht!<\/title>\n<meta name=\"description\" content=\"Auch f\u00fcr das Bauen in Eigenregie gilt: Wenn Sie einen Fachmann f\u00fcr die Planung Ihrer Solaranlage zu Rate ziehen, wird der Ertrag nachhaltig gesichert.\" \/>\n<meta name=\"robots\" content=\"noindex, follow, max-snippet:-1, max-image-preview:large, max-video-preview:-1\" \/>\n<meta property=\"og:locale\" content=\"de_DE\" \/>\n<meta property=\"og:type\" content=\"article\" \/>\n<meta property=\"og:title\" content=\"Solaranlage planen und betreiben - so wird\u00b4s gemacht!\" \/>\n<meta property=\"og:description\" content=\"Auch f\u00fcr das Bauen in Eigenregie gilt: Wenn Sie einen Fachmann f\u00fcr die Planung Ihrer Solaranlage zu Rate ziehen, wird der Ertrag nachhaltig gesichert.\" \/>\n<meta property=\"og:url\" content=\"https:\/\/form-klar.de\/meyersolar\/solaranlage-eisenach\/\" \/>\n<meta property=\"og:site_name\" content=\"Meyer Solar\" \/>\n<meta property=\"article:modified_time\" content=\"2024-12-11T08:54:44+00:00\" \/>\n<meta name=\"twitter:card\" content=\"summary_large_image\" \/>\n<meta name=\"twitter:label1\" content=\"Gesch\u00e4tzte Lesezeit\" \/>\n\t<meta name=\"twitter:data1\" content=\"3\u00a0Minuten\" \/>\n<script type=\"application\/ld+json\" class=\"yoast-schema-graph\">{\"@context\":\"https:\/\/schema.org\",\"@graph\":[{\"@type\":\"WebPage\",\"@id\":\"https:\/\/form-klar.de\/meyersolar\/solaranlage-eisenach\/\",\"url\":\"https:\/\/form-klar.de\/meyersolar\/solaranlage-eisenach\/\",\"name\":\"Solaranlage planen und betreiben - so wird\u00b4s gemacht!\",\"isPartOf\":{\"@id\":\"https:\/\/form-klar.de\/meyersolar\/#website\"},\"datePublished\":\"2017-12-22T13:24:36+00:00\",\"dateModified\":\"2024-12-11T08:54:44+00:00\",\"description\":\"Auch f\u00fcr das Bauen in Eigenregie gilt: Wenn Sie einen Fachmann f\u00fcr die Planung Ihrer Solaranlage zu Rate ziehen, wird der Ertrag nachhaltig gesichert.\",\"breadcrumb\":{\"@id\":\"https:\/\/form-klar.de\/meyersolar\/solaranlage-eisenach\/#breadcrumb\"},\"inLanguage\":\"de\",\"potentialAction\":[{\"@type\":\"ReadAction\",\"target\":[\"https:\/\/form-klar.de\/meyersolar\/solaranlage-eisenach\/\"]}]},{\"@type\":\"BreadcrumbList\",\"@id\":\"https:\/\/form-klar.de\/meyersolar\/solaranlage-eisenach\/#breadcrumb\",\"itemListElement\":[{\"@type\":\"ListItem\",\"position\":1,\"name\":\"Startseite\",\"item\":\"https:\/\/form-klar.de\/meyersolar\/\"},{\"@type\":\"ListItem\",\"position\":2,\"name\":\"Solaranlage Eisenach\"}]},{\"@type\":\"WebSite\",\"@id\":\"https:\/\/form-klar.de\/meyersolar\/#website\",\"url\":\"https:\/\/form-klar.de\/meyersolar\/\",\"name\":\"Meyer Solar\",\"description\":\"Solaranlagen und Photovoltaikanlagen in Th\u00fcringen aus Erfurt\",\"potentialAction\":[{\"@type\":\"SearchAction\",\"target\":{\"@type\":\"EntryPoint\",\"urlTemplate\":\"https:\/\/form-klar.de\/meyersolar\/?s={search_term_string}\"},\"query-input\":{\"@type\":\"PropertyValueSpecification\",\"valueRequired\":true,\"valueName\":\"search_term_string\"}}],\"inLanguage\":\"de\"}]}<\/script>\n<!-- \/ Yoast SEO plugin. -->","yoast_head_json":{"title":"Solaranlage planen und betreiben - so wird\u00b4s gemacht!","description":"Auch f\u00fcr das Bauen in Eigenregie gilt: Wenn Sie einen Fachmann f\u00fcr die Planung Ihrer Solaranlage zu Rate ziehen, wird der Ertrag nachhaltig gesichert.","robots":{"index":"noindex","follow":"follow","max-snippet":"max-snippet:-1","max-image-preview":"max-image-preview:large","max-video-preview":"max-video-preview:-1"},"og_locale":"de_DE","og_type":"article","og_title":"Solaranlage planen und betreiben - so wird\u00b4s gemacht!","og_description":"Auch f\u00fcr das Bauen in Eigenregie gilt: Wenn Sie einen Fachmann f\u00fcr die Planung Ihrer Solaranlage zu Rate ziehen, wird der Ertrag nachhaltig gesichert.","og_url":"https:\/\/form-klar.de\/meyersolar\/solaranlage-eisenach\/","og_site_name":"Meyer Solar","article_modified_time":"2024-12-11T08:54:44+00:00","twitter_card":"summary_large_image","twitter_misc":{"Gesch\u00e4tzte Lesezeit":"3\u00a0Minuten"},"schema":{"@context":"https:\/\/schema.org","@graph":[{"@type":"WebPage","@id":"https:\/\/form-klar.de\/meyersolar\/solaranlage-eisenach\/","url":"https:\/\/form-klar.de\/meyersolar\/solaranlage-eisenach\/","name":"Solaranlage planen und betreiben - so wird\u00b4s gemacht!","isPartOf":{"@id":"https:\/\/form-klar.de\/meyersolar\/#website"},"datePublished":"2017-12-22T13:24:36+00:00","dateModified":"2024-12-11T08:54:44+00:00","description":"Auch f\u00fcr das Bauen in Eigenregie gilt: Wenn Sie einen Fachmann f\u00fcr die Planung Ihrer Solaranlage zu Rate ziehen, wird der Ertrag nachhaltig gesichert.","breadcrumb":{"@id":"https:\/\/form-klar.de\/meyersolar\/solaranlage-eisenach\/#breadcrumb"},"inLanguage":"de","potentialAction":[{"@type":"ReadAction","target":["https:\/\/form-klar.de\/meyersolar\/solaranlage-eisenach\/"]}]},{"@type":"BreadcrumbList","@id":"https:\/\/form-klar.de\/meyersolar\/solaranlage-eisenach\/#breadcrumb","itemListElement":[{"@type":"ListItem","position":1,"name":"Startseite","item":"https:\/\/form-klar.de\/meyersolar\/"},{"@type":"ListItem","position":2,"name":"Solaranlage Eisenach"}]},{"@type":"WebSite","@id":"https:\/\/form-klar.de\/meyersolar\/#website","url":"https:\/\/form-klar.de\/meyersolar\/","name":"Meyer Solar","description":"Solaranlagen und Photovoltaikanlagen in Th\u00fcringen aus Erfurt","potentialAction":[{"@type":"SearchAction","target":{"@type":"EntryPoint","urlTemplate":"https:\/\/form-klar.de\/meyersolar\/?s={search_term_string}"},"query-input":{"@type":"PropertyValueSpecification","valueRequired":true,"valueName":"search_term_string"}}],"inLanguage":"de"}]}},"_links":{"self":[{"href":"https:\/\/form-klar.de\/meyersolar\/wp-json\/wp\/v2\/pages\/447","targetHints":{"allow":["GET"]}}],"collection":[{"href":"https:\/\/form-klar.de\/meyersolar\/wp-json\/wp\/v2\/pages"}],"about":[{"href":"https:\/\/form-klar.de\/meyersolar\/wp-json\/wp\/v2\/types\/page"}],"author":[{"embeddable":true,"href":"https:\/\/form-klar.de\/meyersolar\/wp-json\/wp\/v2\/users\/5"}],"replies":[{"embeddable":true,"href":"https:\/\/form-klar.de\/meyersolar\/wp-json\/wp\/v2\/comments?post=447"}],"version-history":[{"count":2,"href":"https:\/\/form-klar.de\/meyersolar\/wp-json\/wp\/v2\/pages\/447\/revisions"}],"predecessor-version":[{"id":3699,"href":"https:\/\/form-klar.de\/meyersolar\/wp-json\/wp\/v2\/pages\/447\/revisions\/3699"}],"wp:attachment":[{"href":"https:\/\/form-klar.de\/meyersolar\/wp-json\/wp\/v2\/media?parent=447"}],"curies":[{"name":"wp","href":"https:\/\/api.w.org\/{rel}","templated":true}]}}

<h2>Tipps für Ihre Solaranlage in und bei Eisenach</h2>
<p>Sie möchten sich in Eisenach oder Umgebung eine Solaranlage anschaffen? Eine Solaranlage kann eine effektive Form der Energiegewinnung sein. Wenn Sie einen Fachpartner zu Rate ziehen, planen Sie besser. Denn eine Solaranlage sollte optimal für Ihr Haus zugeschnitten sein. Auch auf einem Grundstück oder für Gewerbe lässt sich eine Solaranlage planen.</p>
<h3>Für Kunden aus Eisenach: Beratung rund um Planung, Bau und Ertrag Ihrer Solaranlage</h3>
<p>Wer eine Solaranlage installieren möchte, sollte sich mit einem Fach-Partner beraten lassen. Nachdem Ihr Wunsch klar ist, sollte dieser auch einem Realitätstest unterworfen werden. Ein Fachpartner kann genau einschätzen, ob zum Beispiel Ihr Haus den Anforderungen an einen effizienten Betrieb genügt. Auch in der Umgebung von Eisenach kommt es darauf an, dass Solaranlagen effizient sind. Überdies sollten die Anlagen so bald wie möglich die Kosten wieder „einspielen“.</p>
<h3>Saubere Energie von Ihrem Hausdach – Solaranlage für Eisenach</h3>
<p>Leisten Sie Ihren Beitrag zur Energiewende und für weniger CO<sub>2</sub> in der Atmosphäre. Zudem sollte eine Solaranlage sich auch für Sie rechnen. Und das in einer überschaubaren Zeit. Saubere Energie will gut geplant sein. Ein Fachmann prüft, in welcher Ausführung bei Ihnen zum Einsatz kommen. Dazu gibt es ein tragfähiges Konzept mit Ertragsberechnung und Kostenvoranschlag. Zudem bietet ein Fachinstallateur Ihnen einen optischen Entwurf. Achten Sie auch auf hochwertige Technik-Komponenten.</p>
<h3>Treffen Sie vor Ort in Eisenach und Umgebung Ihren Solar-Fachmann</h3>
<p>Im Folgenden sollte ein Vorort-Termin immer Bedingung sein. Denn nur so werden alle Möglichkeiten des Standorts berücksichtigst. Vielleicht möchten Sie Ihre Solaranlagen auch gewerblich nutzen? Eine Fachfirma kann Ihnen die optimalen Möglichkeiten der Umsetzung direkt vor Ort erklären. Fachlich einwandfreie Angebote enthalten klare Zielvorgaben. Dazu gehören eine Ertragsvorausschau sowie ein Konzept zur Wirtschaftlichkeit.</p>
<h3>Neben der Montage ist Service immens wichtig</h3>
<p>Die Montage von Solaranlagen ist aufwendig. Bastler können aber auch in Eigenregie eine Anlage errichten. Hier bietet sich ein Fachhändler als Berater an, der Ihnen hilft, Fehler bei der Montage zu vermeiden. Die eigentliche Crux ist jedoch die professionelle Planung und die die Wartung. Denn ein störungsfreier Betrieb der Anlage ist wichtig, um die Ertragsziele an Strom gut zu erreichen. Eine Fachfirma überwacht Ihre Erträge und kann, falls die Anlage nicht optimal arbeitet, auch nachsteuern.</p>
<p><strong>Gesamtlaufzeit von Solaranlagen optimal gestalten: Sind Sie zufrieden mit Ihrer Solaranlage?</strong></p>
<p>Bei besonders großen Solaranlagen wird der Service immer wichtiger. Denn die Gesamtlaufzeit einer Anlage kann verlängert werden, wenn die Anlage gepflegt und in Schuss gehalten wird.</p>
<p><strong><span style="text-decoration: underline;">Mehr Informationen und fachliche Beratung in Eisenach und Umgebung erhalten Sie hier!</span></strong></p>

<p>Tipps für Ihre Solaranlage in und bei Eisenach Sie möchten [&hellip;]</p>

<!-- This site is optimized with the Yoast SEO plugin v24.8 - https://yoast.com/wordpress/plugins/seo/ -->
<title>Solaranlage planen und betreiben - so wird´s gemacht!</title>
<meta name="description" content="Auch für das Bauen in Eigenregie gilt: Wenn Sie einen Fachmann für die Planung Ihrer Solaranlage zu Rate ziehen, wird der Ertrag nachhaltig gesichert." />
<meta name="robots" content="noindex, follow, max-snippet:-1, max-image-preview:large, max-video-preview:-1" />
<meta property="og:locale" content="de_DE" />
<meta property="og:type" content="article" />
<meta property="og:title" content="Solaranlage planen und betreiben - so wird´s gemacht!" />
<meta property="og:description" content="Auch für das Bauen in Eigenregie gilt: Wenn Sie einen Fachmann für die Planung Ihrer Solaranlage zu Rate ziehen, wird der Ertrag nachhaltig gesichert." />
<meta property="og:url" content="https://form-klar.de/meyersolar/solaranlage-eisenach/" />
<meta property="og:site_name" content="Meyer Solar" />
<meta property="article:modified_time" content="2024-12-11T08:54:44+00:00" />
<meta name="twitter:card" content="summary_large_image" />
<meta name="twitter:label1" content="Geschätzte Lesezeit" />
	<meta name="twitter:data1" content="3 Minuten" />
<script type="application/ld+json" class="yoast-schema-graph">{"@context":"https://schema.org","@graph":[{"@type":"WebPage","@id":"https://form-klar.de/meyersolar/solaranlage-eisenach/","url":"https://form-klar.de/meyersolar/solaranlage-eisenach/","name":"Solaranlage planen und betreiben - so wird´s gemacht!","isPartOf":{"@id":"https://form-klar.de/meyersolar/#website"},"datePublished":"2017-12-22T13:24:36+00:00","dateModified":"2024-12-11T08:54:44+00:00","description":"Auch für das Bauen in Eigenregie gilt: Wenn Sie einen Fachmann für die Planung Ihrer Solaranlage zu Rate ziehen, wird der Ertrag nachhaltig gesichert.","breadcrumb":{"@id":"https://form-klar.de/meyersolar/solaranlage-eisenach/#breadcrumb"},"inLanguage":"de","potentialAction":[{"@type":"ReadAction","target":["https://form-klar.de/meyersolar/solaranlage-eisenach/"]}]},{"@type":"BreadcrumbList","@id":"https://form-klar.de/meyersolar/solaranlage-eisenach/#breadcrumb","itemListElement":[{"@type":"ListItem","position":1,"name":"Startseite","item":"https://form-klar.de/meyersolar/"},{"@type":"ListItem","position":2,"name":"Solaranlage Eisenach"}]},{"@type":"WebSite","@id":"https://form-klar.de/meyersolar/#website","url":"https://form-klar.de/meyersolar/","name":"Meyer Solar","description":"Solaranlagen und Photovoltaikanlagen in Thüringen aus Erfurt","potentialAction":[{"@type":"SearchAction","target":{"@type":"EntryPoint","urlTemplate":"https://form-klar.de/meyersolar/?s={search_term_string}"},"query-input":{"@type":"PropertyValueSpecification","valueRequired":true,"valueName":"search_term_string"}}],"inLanguage":"de"}]}</script>
<!-- / Yoast SEO plugin. -->

Auch für das Bauen in Eigenregie gilt: Wenn Sie einen Fachmann für die Planung Ihrer Solaranlage zu Rate ziehen, wird der Ertrag nachhaltig gesichert.

Solaranlagen und Photovoltaikanlagen in Thüringen aus Erfurt
