{"id":4118,"date":"2019-03-22T14:58:46","date_gmt":"2019-03-22T13:58:46","guid":{"rendered":"https:\/\/www.ferienwohnung-binz-strandnah.de\/?page_id=4118"},"modified":"2025-04-30T10:03:06","modified_gmt":"2025-04-30T08:03:06","slug":"ferienwohnung-binz-strandpromenade","status":"publish","type":"page","link":"https:\/\/form-klar.de\/fewo-binz\/ferienwohnung-binz-strandpromenade\/","title":{"rendered":"Ferienwohnung Binz Strandpromenade"},"content":{"rendered":"<p><div class=\"fusion-fullwidth fullwidth-box fusion-builder-row-1 fusion-flex-container nonhundred-percent-fullwidth non-hundred-percent-height-scrolling\" style=\"--awb-border-radius-top-left:0px;--awb-border-radius-top-right:0px;--awb-border-radius-bottom-right:0px;--awb-border-radius-bottom-left:0px;--awb-flex-wrap:wrap;\" ><div class=\"fusion-builder-row fusion-row fusion-flex-align-items-flex-start fusion-flex-content-wrap\" style=\"max-width:1216.8px;margin-left: calc(-4% \/ 2 );margin-right: calc(-4% \/ 2 );\"><div class=\"fusion-layout-column fusion_builder_column fusion-builder-column-0 fusion_builder_column_1_1 1_1 fusion-flex-column\" style=\"--awb-bg-size:cover;--awb-width-large:100%;--awb-margin-top-large:0px;--awb-spacing-right-large:1.92%;--awb-margin-bottom-large:0px;--awb-spacing-left-large:1.92%;--awb-width-medium:100%;--awb-spacing-right-medium:1.92%;--awb-spacing-left-medium:1.92%;--awb-width-small:100%;--awb-spacing-right-small:1.92%;--awb-spacing-left-small:1.92%;\"><div class=\"fusion-column-wrapper fusion-flex-justify-content-flex-start fusion-content-layout-column\"><div class=\"fusion-text fusion-text-1\"><h2>Buchen Sie Ihre Ferienwohnung an der Strandpromenade in Binz<\/h2>\n<p><strong>Gleich um die Ecke die Strandpromenade<\/strong>, nur <strong>40 Meter bis zum Strand<\/strong> \u2013 so machen Sie richtig sch\u00f6n <strong>Urlaub<\/strong> in Ihrer <strong>Ferienwohnung in Binz<\/strong>. F\u00fcr viele ist es jedes Jahr ein echter Traum \u2013 Urlaub auf R\u00fcgen an der Ostsee! Sie waren noch nie auf R\u00fcgen? Dann empfehlen wir Ihnen unsere <strong>Ferienwohnung<\/strong> \u201e<strong>Strandnah<\/strong>\u201c gleich an der <a href=\"https:\/\/form-klar.de\/fewo-binz\/margaretenstrasse\/\"><strong>Strandpromenade in Binz<\/strong><\/a>.<\/p>\n<h3>FeWo buchen: Strandnah und doch mittendrin<\/h3>\n<p>Denn so haben Sie nur <strong>einen kurzen Weg bis zum Strand<\/strong>. Au\u00dferdem wohnen Sie in der gem\u00fctlichen Margaretenstra\u00dfe. Hier finden Sie Kunsthandwerker der Insel R\u00fcgen rund um Binz versammelt. Da lohnt es sich, einen Espresso oder einen Cappuccino zu trinken und durch die <strong>Gesch\u00e4fte zu schlendern<\/strong>. Anschlie\u00dfend geht\u2019s um die Ecke auf die ber\u00fchmte Strandpromenade von Binz. Hier f\u00fchlt man sich fast wie in der Gr\u00fcnderzeit, als dieser <a href=\"https:\/\/form-klar.de\/fewo-binz\/ostseebad-binz\/\"><strong>Badeort mit seinen typischen Villen<\/strong><\/a> und der <strong>B\u00e4derarchitektur<\/strong> entstand.<\/p><\/p>\n<\/div><\/div><\/div><\/div><\/div><div class=\"fusion-fullwidth fullwidth-box fusion-builder-row-2 fusion-flex-container has-pattern-background has-mask-background nonhundred-percent-fullwidth non-hundred-percent-height-scrolling\" style=\"--awb-border-radius-top-left:0px;--awb-border-radius-top-right:0px;--awb-border-radius-bottom-right:0px;--awb-border-radius-bottom-left:0px;--awb-flex-wrap:wrap;\" ><div class=\"fusion-builder-row fusion-row fusion-flex-align-items-flex-start fusion-flex-content-wrap\" style=\"max-width:1216.8px;margin-left: calc(-4% \/ 2 );margin-right: calc(-4% \/ 2 );\"><div class=\"fusion-layout-column fusion_builder_column fusion-builder-column-1 fusion_builder_column_1_2 1_2 fusion-flex-column\" style=\"--awb-bg-size:cover;--awb-width-large:50%;--awb-margin-top-large:0px;--awb-spacing-right-large:3.84%;--awb-margin-bottom-large:20px;--awb-spacing-left-large:3.84%;--awb-width-medium:100%;--awb-order-medium:0;--awb-spacing-right-medium:1.92%;--awb-spacing-left-medium:1.92%;--awb-width-small:100%;--awb-order-small:0;--awb-spacing-right-small:1.92%;--awb-spacing-left-small:1.92%;\"><div class=\"fusion-column-wrapper fusion-column-has-shadow fusion-flex-justify-content-flex-start fusion-content-layout-column\"><div class=\"fusion-image-element \" style=\"--awb-aspect-ratio:4 \/ 3;--awb-caption-title-font-family:var(--h2_typography-font-family);--awb-caption-title-font-weight:var(--h2_typography-font-weight);--awb-caption-title-font-style:var(--h2_typography-font-style);--awb-caption-title-size:var(--h2_typography-font-size);--awb-caption-title-transform:var(--h2_typography-text-transform);--awb-caption-title-line-height:var(--h2_typography-line-height);--awb-caption-title-letter-spacing:var(--h2_typography-letter-spacing);\"><span class=\" fusion-imageframe imageframe-none imageframe-1 hover-type-none has-aspect-ratio\"><img decoding=\"async\" width=\"600\" height=\"338\" alt=\"Strandnahe Ferienwohnung in Binz\" title=\"Ferienwohnung Binz strandnah\" src=\"https:\/\/form-klar.de\/fewo-binz\/wp-content\/uploads\/IMG_6277.jpg\" data-orig-src=\"https:\/\/form-klar.de\/fewo-binz\/wp-content\/uploads\/IMG_6277-600x338.jpg\" class=\"lazyload img-responsive wp-image-4038 img-with-aspect-ratio\" srcset=\"data:image\/svg+xml,%3Csvg%20xmlns%3D%27http%3A%2F%2Fwww.w3.org%2F2000%2Fsvg%27%20width%3D%271599%27%20height%3D%27900%27%20viewBox%3D%270%200%201599%20900%27%3E%3Crect%20width%3D%271599%27%20height%3D%27900%27%20fill-opacity%3D%220%22%2F%3E%3C%2Fsvg%3E\" data-srcset=\"https:\/\/form-klar.de\/fewo-binz\/wp-content\/uploads\/IMG_6277-200x113.jpg 200w, https:\/\/form-klar.de\/fewo-binz\/wp-content\/uploads\/IMG_6277-400x225.jpg 400w, https:\/\/form-klar.de\/fewo-binz\/wp-content\/uploads\/IMG_6277-600x338.jpg 600w, https:\/\/form-klar.de\/fewo-binz\/wp-content\/uploads\/IMG_6277-800x450.jpg 800w, https:\/\/form-klar.de\/fewo-binz\/wp-content\/uploads\/IMG_6277-1200x675.jpg 1200w, https:\/\/form-klar.de\/fewo-binz\/wp-content\/uploads\/IMG_6277.jpg 1599w\" data-sizes=\"auto\" data-orig-sizes=\"(max-width: 1024px) 100vw, (max-width: 640px) 100vw, 600px\" \/><\/span><\/div><\/div><\/div><div class=\"fusion-layout-column fusion_builder_column fusion-builder-column-2 fusion_builder_column_1_2 1_2 fusion-flex-column\" style=\"--awb-bg-size:cover;--awb-width-large:50%;--awb-margin-top-large:0px;--awb-spacing-right-large:3.84%;--awb-margin-bottom-large:20px;--awb-spacing-left-large:3.84%;--awb-width-medium:100%;--awb-order-medium:0;--awb-spacing-right-medium:1.92%;--awb-spacing-left-medium:1.92%;--awb-width-small:100%;--awb-order-small:0;--awb-spacing-right-small:1.92%;--awb-spacing-left-small:1.92%;\"><div class=\"fusion-column-wrapper fusion-column-has-shadow fusion-flex-justify-content-flex-start fusion-content-layout-column\"><div class=\"fusion-image-element \" style=\"--awb-aspect-ratio:4 \/ 3;--awb-caption-title-font-family:var(--h2_typography-font-family);--awb-caption-title-font-weight:var(--h2_typography-font-weight);--awb-caption-title-font-style:var(--h2_typography-font-style);--awb-caption-title-size:var(--h2_typography-font-size);--awb-caption-title-transform:var(--h2_typography-text-transform);--awb-caption-title-line-height:var(--h2_typography-line-height);--awb-caption-title-letter-spacing:var(--h2_typography-letter-spacing);\"><span class=\" fusion-imageframe imageframe-none imageframe-2 hover-type-none has-aspect-ratio\"><img decoding=\"async\" width=\"600\" height=\"450\" alt=\"B\u00e4ckerei Binz\" title=\"B\u00e4ckerei Binz, Ferienwohnung Binz Strandnah\" src=\"https:\/\/form-klar.de\/fewo-binz\/wp-content\/uploads\/IMG_59103.jpg\" data-orig-src=\"https:\/\/form-klar.de\/fewo-binz\/wp-content\/uploads\/IMG_59103.jpg\" class=\"lazyload img-responsive wp-image-3837 img-with-aspect-ratio\" srcset=\"data:image\/svg+xml,%3Csvg%20xmlns%3D%27http%3A%2F%2Fwww.w3.org%2F2000%2Fsvg%27%20width%3D%27600%27%20height%3D%27450%27%20viewBox%3D%270%200%20600%20450%27%3E%3Crect%20width%3D%27600%27%20height%3D%27450%27%20fill-opacity%3D%220%22%2F%3E%3C%2Fsvg%3E\" data-srcset=\"https:\/\/form-klar.de\/fewo-binz\/wp-content\/uploads\/IMG_59103-200x150.jpg 200w, https:\/\/form-klar.de\/fewo-binz\/wp-content\/uploads\/IMG_59103-400x300.jpg 400w, https:\/\/form-klar.de\/fewo-binz\/wp-content\/uploads\/IMG_59103.jpg 600w\" data-sizes=\"auto\" data-orig-sizes=\"(max-width: 1024px) 100vw, (max-width: 640px) 100vw, 600px\" \/><\/span><\/div><\/div><\/div><\/div><\/div><div class=\"fusion-fullwidth fullwidth-box fusion-builder-row-3 fusion-flex-container has-pattern-background has-mask-background nonhundred-percent-fullwidth non-hundred-percent-height-scrolling\" style=\"--awb-border-radius-top-left:0px;--awb-border-radius-top-right:0px;--awb-border-radius-bottom-right:0px;--awb-border-radius-bottom-left:0px;--awb-flex-wrap:wrap;\" ><div class=\"fusion-builder-row fusion-row fusion-flex-align-items-flex-start fusion-flex-content-wrap\" style=\"max-width:1216.8px;margin-left: calc(-4% \/ 2 );margin-right: calc(-4% \/ 2 );\"><div class=\"fusion-layout-column fusion_builder_column fusion-builder-column-3 fusion_builder_column_1_1 1_1 fusion-flex-column\" style=\"--awb-bg-size:cover;--awb-width-large:100%;--awb-margin-top-large:0px;--awb-spacing-right-large:1.92%;--awb-margin-bottom-large:20px;--awb-spacing-left-large:1.92%;--awb-width-medium:100%;--awb-order-medium:0;--awb-spacing-right-medium:1.92%;--awb-spacing-left-medium:1.92%;--awb-width-small:100%;--awb-order-small:0;--awb-spacing-right-small:1.92%;--awb-spacing-left-small:1.92%;\"><div class=\"fusion-column-wrapper fusion-column-has-shadow fusion-flex-justify-content-flex-start fusion-content-layout-column\"><div class=\"fusion-text fusion-text-2\"><p><strong>R\u00fcgen bietet einfach unvergleichlich viel f\u00fcr seine Urlaubsg\u00e4ste<\/strong>. Hier finden Sie einen der l\u00e4ngsten <strong>Naturstr\u00e4nde der Ostsee<\/strong> \u2013 herrlich <strong>sauberer Sand<\/strong>. Und das alles nur <strong>ein paar Gehminuten<\/strong> von Ihrer <a href=\"https:\/\/form-klar.de\/fewo-binz\/ferienwohnung-binz-strandnaehe\/\"><strong>Ferienwohnung entfernt<\/strong><\/a>! Buchen Sie bei uns in bester Lage. Lernen Sie <strong>Binz und R\u00fcgen<\/strong> kennen.<\/p>\n<h3>Warum eine Ferienwohnung mit der Strandpromenade um die Ecke Urlaub pur ist<\/h3>\n<p>F\u00fcr viele Erholungssuchende kommt nur das <strong>Buchen einer Ferienwohnung<\/strong> in Frage. Warum? Ganz einfach: In einer <strong>Ferienwohnung<\/strong> kann man seinen gewohnten Tagesablauf beibehalten. Beispielsweise bleibt einfach im Bett, so lang man will. Denn starre Fr\u00fchst\u00fcckszeiten gibt\u2019s f\u00fcr Sie nicht. Nur in einer Ferienwohnung kann man so richtig faulenzen und den <strong>Kaffee im Bett genie\u00dfen<\/strong>. Da Ihre <a href=\"https:\/\/form-klar.de\/fewo-binz\/ferienwohnung-mit-balkon-binz\/\"><strong>Ferienwohnung mitten in Binz<\/strong><\/a> liegt, l\u00e4uft man einfach ein paar Meter zum B\u00e4cker und holt sich frische Br\u00f6tchen. Der K\u00fchlschrank ist mit Ihren Lieblingsfr\u00fchst\u00fcck gef\u00fcllt. Was kann es Sch\u00f6neres als so einen Ferienmorgen geben? Hier <strong>in Binz finden Sie Erholung pur<\/strong>. Schlie\u00dflich hatten Sie die Idee vor dem Fr\u00fchst\u00fcck oder abends am Strand zu joggen? Hier in Ihrer <strong>Ferienwohnung \u201eStrandnah\u201c<\/strong> kein Problem. Rein in die Sportklamotten und in einer Minute sind <strong>Sie unten am Strand und laufen neben der Ostseebrandung<\/strong>.<\/p>\n<p><strong>Fragen Sie uns einfach an:<\/strong><\/p>\n<p><strong>per Anruf unter&nbsp;\u260e\ufe0f<\/strong> <strong><a href=\"tel:+491744469235\">0174 4469235<\/a><\/strong><\/p>\n<p>oder<\/p>\n<p><strong>per E-Mail<\/strong> unter&nbsp;? <a href=\"mailto:kontakt@ferienwohnung-binz-strandnah.de\"><strong>kontakt@ferienwohnung-binz-strandnah.de<\/strong><\/a><\/p>\n<p>Klicke den Bearbeitungs-Button um diesen Text zu ver\u00e4ndern. Lorem ipsum dolor sit amet, consectetur adipiscing elit. Ut elit tellus, luctus nec ullamcorper mattis, pulvinar dapibus leo.<\/p>\n<\/div><\/div><\/div><\/div><\/div><\/p>\n","protected":false},"excerpt":{"rendered":"","protected":false},"author":3,"featured_media":4038,"parent":0,"menu_order":0,"comment_status":"closed","ping_status":"closed","template":"","meta":{"footnotes":""},"class_list":["post-4118","page","type-page","status-publish","has-post-thumbnail","hentry"],"yoast_head":"<!-- This site is optimized with the Yoast SEO plugin v24.3 - https:\/\/yoast.com\/wordpress\/plugins\/seo\/ -->\n<title>Ferienwohnung \u201eStrandnah\u201c | Binz | Strandpromenade | Ostsee | R\u00fcgen<\/title>\n<meta name=\"description\" content=\"FeWo buchen \u2705 Ferienwohnung \u201eStrandnah\u201c \u2705 an der Strandpromenade in Binz \u2705 direkt beim Vermieter buchen \u2705 Margaretenstra\u00dfe in Binz \u2705\" \/>\n<meta name=\"robots\" content=\"noindex, follow, max-snippet:-1, max-image-preview:large, max-video-preview:-1\" \/>\n<meta property=\"og:locale\" content=\"de_DE\" \/>\n<meta property=\"og:type\" content=\"article\" \/>\n<meta property=\"og:title\" content=\"Ferienwohnung \u201eStrandnah\u201c | Binz | Strandpromenade | Ostsee | R\u00fcgen\" \/>\n<meta property=\"og:description\" content=\"FeWo buchen \u2705 Ferienwohnung \u201eStrandnah\u201c \u2705 an der Strandpromenade in Binz \u2705 direkt beim Vermieter buchen \u2705 Margaretenstra\u00dfe in Binz \u2705\" \/>\n<meta property=\"og:url\" content=\"https:\/\/form-klar.de\/fewo-binz\/ferienwohnung-binz-strandpromenade\/\" \/>\n<meta property=\"og:site_name\" content=\"Ferienwohnung Binz Strandnah\" \/>\n<meta property=\"article:modified_time\" content=\"2025-04-30T08:03:06+00:00\" \/>\n<meta property=\"og:image\" content=\"https:\/\/form-klar.de\/fewo-binz\/wp-content\/uploads\/IMG_6277.jpg\" \/>\n\t<meta property=\"og:image:width\" content=\"1599\" \/>\n\t<meta property=\"og:image:height\" content=\"900\" \/>\n\t<meta property=\"og:image:type\" content=\"image\/jpeg\" \/>\n<meta name=\"twitter:card\" content=\"summary_large_image\" \/>\n<meta name=\"twitter:label1\" content=\"Gesch\u00e4tzte Lesezeit\" \/>\n\t<meta name=\"twitter:data1\" content=\"12\u00a0Minuten\" \/>\n<script type=\"application\/ld+json\" class=\"yoast-schema-graph\">{\"@context\":\"https:\/\/schema.org\",\"@graph\":[{\"@type\":\"WebPage\",\"@id\":\"https:\/\/form-klar.de\/fewo-binz\/ferienwohnung-binz-strandpromenade\/\",\"url\":\"https:\/\/form-klar.de\/fewo-binz\/ferienwohnung-binz-strandpromenade\/\",\"name\":\"Ferienwohnung \u201eStrandnah\u201c | Binz | Strandpromenade | Ostsee | R\u00fcgen\",\"isPartOf\":{\"@id\":\"https:\/\/form-klar.de\/fewo-binz\/#website\"},\"primaryImageOfPage\":{\"@id\":\"https:\/\/form-klar.de\/fewo-binz\/ferienwohnung-binz-strandpromenade\/#primaryimage\"},\"image\":{\"@id\":\"https:\/\/form-klar.de\/fewo-binz\/ferienwohnung-binz-strandpromenade\/#primaryimage\"},\"thumbnailUrl\":\"https:\/\/form-klar.de\/fewo-binz\/wp-content\/uploads\/IMG_6277.jpg\",\"datePublished\":\"2019-03-22T13:58:46+00:00\",\"dateModified\":\"2025-04-30T08:03:06+00:00\",\"description\":\"FeWo buchen \u2705 Ferienwohnung \u201eStrandnah\u201c \u2705 an der Strandpromenade in Binz \u2705 direkt beim Vermieter buchen \u2705 Margaretenstra\u00dfe in Binz \u2705\",\"breadcrumb\":{\"@id\":\"https:\/\/form-klar.de\/fewo-binz\/ferienwohnung-binz-strandpromenade\/#breadcrumb\"},\"inLanguage\":\"de\",\"potentialAction\":[{\"@type\":\"ReadAction\",\"target\":[\"https:\/\/form-klar.de\/fewo-binz\/ferienwohnung-binz-strandpromenade\/\"]}]},{\"@type\":\"ImageObject\",\"inLanguage\":\"de\",\"@id\":\"https:\/\/form-klar.de\/fewo-binz\/ferienwohnung-binz-strandpromenade\/#primaryimage\",\"url\":\"https:\/\/form-klar.de\/fewo-binz\/wp-content\/uploads\/IMG_6277.jpg\",\"contentUrl\":\"https:\/\/form-klar.de\/fewo-binz\/wp-content\/uploads\/IMG_6277.jpg\",\"width\":1599,\"height\":900,\"caption\":\"Strandnahe Ferienwohnung in Binz\"},{\"@type\":\"BreadcrumbList\",\"@id\":\"https:\/\/form-klar.de\/fewo-binz\/ferienwohnung-binz-strandpromenade\/#breadcrumb\",\"itemListElement\":[{\"@type\":\"ListItem\",\"position\":1,\"name\":\"Startseite\",\"item\":\"https:\/\/form-klar.de\/fewo-binz\/\"},{\"@type\":\"ListItem\",\"position\":2,\"name\":\"Ferienwohnung Binz Strandpromenade\"}]},{\"@type\":\"WebSite\",\"@id\":\"https:\/\/form-klar.de\/fewo-binz\/#website\",\"url\":\"https:\/\/form-klar.de\/fewo-binz\/\",\"name\":\"Ferienwohnung Binz Strandnah\",\"description\":\"\",\"potentialAction\":[{\"@type\":\"SearchAction\",\"target\":{\"@type\":\"EntryPoint\",\"urlTemplate\":\"https:\/\/form-klar.de\/fewo-binz\/?s={search_term_string}\"},\"query-input\":{\"@type\":\"PropertyValueSpecification\",\"valueRequired\":true,\"valueName\":\"search_term_string\"}}],\"inLanguage\":\"de\"}]}<\/script>\n<!-- \/ Yoast SEO plugin. -->","yoast_head_json":{"title":"Ferienwohnung \u201eStrandnah\u201c | Binz | Strandpromenade | Ostsee | R\u00fcgen","description":"FeWo buchen \u2705 Ferienwohnung \u201eStrandnah\u201c \u2705 an der Strandpromenade in Binz \u2705 direkt beim Vermieter buchen \u2705 Margaretenstra\u00dfe in Binz \u2705","robots":{"index":"noindex","follow":"follow","max-snippet":"max-snippet:-1","max-image-preview":"max-image-preview:large","max-video-preview":"max-video-preview:-1"},"og_locale":"de_DE","og_type":"article","og_title":"Ferienwohnung \u201eStrandnah\u201c | Binz | Strandpromenade | Ostsee | R\u00fcgen","og_description":"FeWo buchen \u2705 Ferienwohnung \u201eStrandnah\u201c \u2705 an der Strandpromenade in Binz \u2705 direkt beim Vermieter buchen \u2705 Margaretenstra\u00dfe in Binz \u2705","og_url":"https:\/\/form-klar.de\/fewo-binz\/ferienwohnung-binz-strandpromenade\/","og_site_name":"Ferienwohnung Binz Strandnah","article_modified_time":"2025-04-30T08:03:06+00:00","og_image":[{"width":1599,"height":900,"url":"https:\/\/form-klar.de\/fewo-binz\/wp-content\/uploads\/IMG_6277.jpg","type":"image\/jpeg"}],"twitter_card":"summary_large_image","twitter_misc":{"Gesch\u00e4tzte Lesezeit":"12\u00a0Minuten"},"schema":{"@context":"https:\/\/schema.org","@graph":[{"@type":"WebPage","@id":"https:\/\/form-klar.de\/fewo-binz\/ferienwohnung-binz-strandpromenade\/","url":"https:\/\/form-klar.de\/fewo-binz\/ferienwohnung-binz-strandpromenade\/","name":"Ferienwohnung \u201eStrandnah\u201c | Binz | Strandpromenade | Ostsee | R\u00fcgen","isPartOf":{"@id":"https:\/\/form-klar.de\/fewo-binz\/#website"},"primaryImageOfPage":{"@id":"https:\/\/form-klar.de\/fewo-binz\/ferienwohnung-binz-strandpromenade\/#primaryimage"},"image":{"@id":"https:\/\/form-klar.de\/fewo-binz\/ferienwohnung-binz-strandpromenade\/#primaryimage"},"thumbnailUrl":"https:\/\/form-klar.de\/fewo-binz\/wp-content\/uploads\/IMG_6277.jpg","datePublished":"2019-03-22T13:58:46+00:00","dateModified":"2025-04-30T08:03:06+00:00","description":"FeWo buchen \u2705 Ferienwohnung \u201eStrandnah\u201c \u2705 an der Strandpromenade in Binz \u2705 direkt beim Vermieter buchen \u2705 Margaretenstra\u00dfe in Binz \u2705","breadcrumb":{"@id":"https:\/\/form-klar.de\/fewo-binz\/ferienwohnung-binz-strandpromenade\/#breadcrumb"},"inLanguage":"de","potentialAction":[{"@type":"ReadAction","target":["https:\/\/form-klar.de\/fewo-binz\/ferienwohnung-binz-strandpromenade\/"]}]},{"@type":"ImageObject","inLanguage":"de","@id":"https:\/\/form-klar.de\/fewo-binz\/ferienwohnung-binz-strandpromenade\/#primaryimage","url":"https:\/\/form-klar.de\/fewo-binz\/wp-content\/uploads\/IMG_6277.jpg","contentUrl":"https:\/\/form-klar.de\/fewo-binz\/wp-content\/uploads\/IMG_6277.jpg","width":1599,"height":900,"caption":"Strandnahe Ferienwohnung in Binz"},{"@type":"BreadcrumbList","@id":"https:\/\/form-klar.de\/fewo-binz\/ferienwohnung-binz-strandpromenade\/#breadcrumb","itemListElement":[{"@type":"ListItem","position":1,"name":"Startseite","item":"https:\/\/form-klar.de\/fewo-binz\/"},{"@type":"ListItem","position":2,"name":"Ferienwohnung Binz Strandpromenade"}]},{"@type":"WebSite","@id":"https:\/\/form-klar.de\/fewo-binz\/#website","url":"https:\/\/form-klar.de\/fewo-binz\/","name":"Ferienwohnung Binz Strandnah","description":"","potentialAction":[{"@type":"SearchAction","target":{"@type":"EntryPoint","urlTemplate":"https:\/\/form-klar.de\/fewo-binz\/?s={search_term_string}"},"query-input":{"@type":"PropertyValueSpecification","valueRequired":true,"valueName":"search_term_string"}}],"inLanguage":"de"}]}},"_links":{"self":[{"href":"https:\/\/form-klar.de\/fewo-binz\/wp-json\/wp\/v2\/pages\/4118","targetHints":{"allow":["GET"]}}],"collection":[{"href":"https:\/\/form-klar.de\/fewo-binz\/wp-json\/wp\/v2\/pages"}],"about":[{"href":"https:\/\/form-klar.de\/fewo-binz\/wp-json\/wp\/v2\/types\/page"}],"author":[{"embeddable":true,"href":"https:\/\/form-klar.de\/fewo-binz\/wp-json\/wp\/v2\/users\/3"}],"replies":[{"embeddable":true,"href":"https:\/\/form-klar.de\/fewo-binz\/wp-json\/wp\/v2\/comments?post=4118"}],"version-history":[{"count":10,"href":"https:\/\/form-klar.de\/fewo-binz\/wp-json\/wp\/v2\/pages\/4118\/revisions"}],"predecessor-version":[{"id":4645,"href":"https:\/\/form-klar.de\/fewo-binz\/wp-json\/wp\/v2\/pages\/4118\/revisions\/4645"}],"wp:featuredmedia":[{"embeddable":true,"href":"https:\/\/form-klar.de\/fewo-binz\/wp-json\/wp\/v2\/media\/4038"}],"wp:attachment":[{"href":"https:\/\/form-klar.de\/fewo-binz\/wp-json\/wp\/v2\/media?parent=4118"}],"curies":[{"name":"wp","href":"https:\/\/api.w.org\/{rel}","templated":true}]}}