{"id":4018,"date":"2019-01-04T17:52:50","date_gmt":"2019-01-04T16:52:50","guid":{"rendered":"https:\/\/www.ferienwohnung-binz-strandnah.de\/?page_id=4018"},"modified":"2019-01-08T18:34:02","modified_gmt":"2019-01-08T17:34:02","slug":"seebruecke-binz","status":"publish","type":"page","link":"https:\/\/form-klar.de\/fewo-binz\/seebruecke-binz\/","title":{"rendered":"Seebr\u00fccke Binz"},"content":{"rendered":"<h1>Seebr\u00fccke Binz &#8211;  Ostseebad Binz<\/h1>\n<h2>370 Meter lang &#8211; Zweitl\u00e4ngste Seebr\u00fccke R\u00fcgens<br \/>\n<\/h2>\n<p>\t\t\t\t\t\t\t\t\t\t<img class=\"lazyload\" decoding=\"async\" width=\"768\" height=\"517\" src=\"https:\/\/form-klar.de\/fewo-binz\/wp-content\/uploads\/P1100064_Binz-Panorama_03-768x517.jpg\" data-orig-src=\"https:\/\/form-klar.de\/fewo-binz\/wp-content\/uploads\/P1100064_Binz-Panorama_03-768x517.jpg\" alt=\"Panorama Ostseebad Binz\" srcset=\"data:image\/svg+xml,%3Csvg%20xmlns%3D%27http%3A%2F%2Fwww.w3.org%2F2000%2Fsvg%27%20width%3D%27768%27%20height%3D%27517%27%20viewBox%3D%270%200%20768%20517%27%3E%3Crect%20width%3D%27768%27%20height%3D%27517%27%20fill-opacity%3D%220%22%2F%3E%3C%2Fsvg%3E\" data-srcset=\"https:\/\/form-klar.de\/fewo-binz\/wp-content\/uploads\/P1100064_Binz-Panorama_03-768x517.jpg 768w, https:\/\/form-klar.de\/fewo-binz\/wp-content\/uploads\/P1100064_Binz-Panorama_03-300x202.jpg 300w, https:\/\/form-klar.de\/fewo-binz\/wp-content\/uploads\/P1100064_Binz-Panorama_03-1200x808.jpg 1200w\" data-sizes=\"auto\" data-orig-sizes=\"(max-width: 768px) 100vw, 768px\" \/>\t\t\t\t\t\t\t\t\t\t\t<\/p>\n<p>Sie ist von der L\u00e4nge her die Nummer Zwei der Seebr\u00fccken auf R\u00fcgen: Die Seebr\u00fccke von <a href=\"https:\/\/form-klar.de\/fewo-binz\/ostseebad-binz\/\">Binz<\/a>. Sie schuf im 19. Jahrhundert einen schnellen Zugang vom Meer direkt in den Badeort. Denn die Insel R\u00fcgen war vom Festland aus nur beschwerlich erreichbar. Heute geht die Anreise viel leichter \u00fcber den modernen R\u00fcgendamm. Daf\u00fcr wird heute auf der <strong>Seebr\u00fccke<\/strong> immer noch gern flaniert. Au\u00dferdem legen hier die Ausflugschiffe zu den ber\u00fchmten <strong>Kreidefelsen<\/strong> der Insel an. Wussten Sie , dass die Seebr\u00fccke schon 1942 an Altersschw\u00e4che zusammenbrach und erst in den 90er Jahren wieder errichtet wurde? Erfahren Sie mehr dazu im Museum des Ortes!<\/p>\n<p>TIPP: An der Br\u00fccke findet <strong>allj\u00e4hrlich ein stimmungsvolles Br\u00fcckenfest<\/strong> mit einem fulminanten <strong>H\u00f6henfeuerwerk<\/strong> statt.<\/p>\n","protected":false},"excerpt":{"rendered":"<p>Seebr\u00fccke Binz &#8211; Ostseebad Binz 370 Meter lang &#8211; Zweitl\u00e4ngste Seebr\u00fccke R\u00fcgens Sie ist von der L\u00e4nge her die Nummer Zwei der Seebr\u00fccken auf R\u00fcgen: Die Seebr\u00fccke von Binz. Sie schuf im 19. Jahrhundert einen schnellen Zugang vom Meer direkt  [&#8230;]<\/p>\n","protected":false},"author":2,"featured_media":4026,"parent":0,"menu_order":2,"comment_status":"closed","ping_status":"closed","template":"","meta":{"footnotes":""},"class_list":["post-4018","page","type-page","status-publish","has-post-thumbnail","hentry"],"yoast_head":"<!-- This site is optimized with the Yoast SEO plugin v24.3 - https:\/\/yoast.com\/wordpress\/plugins\/seo\/ -->\n<title>Seebr\u00fccke Binz | Ferienwohnung Binz Strandnah<\/title>\n<meta name=\"description\" content=\"Seebr\u00fccke Binz? Erleben Sie die zweitl\u00e4ngste Seebr\u00fccke R\u00fcgens. Erleben Sie diese Sehensw\u00fcrdigkeit im sch\u00f6nen im Ostseebad Binz.\" \/>\n<meta name=\"robots\" content=\"noindex, follow, max-snippet:-1, max-image-preview:large, max-video-preview:-1\" \/>\n<meta property=\"og:locale\" content=\"de_DE\" \/>\n<meta property=\"og:type\" content=\"article\" \/>\n<meta property=\"og:title\" content=\"Seebr\u00fccke Binz | Ferienwohnung Binz Strandnah\" \/>\n<meta property=\"og:description\" content=\"Seebr\u00fccke Binz? Erleben Sie die zweitl\u00e4ngste Seebr\u00fccke R\u00fcgens. Erleben Sie diese Sehensw\u00fcrdigkeit im sch\u00f6nen im Ostseebad Binz.\" \/>\n<meta property=\"og:url\" content=\"https:\/\/form-klar.de\/fewo-binz\/seebruecke-binz\/\" \/>\n<meta property=\"og:site_name\" content=\"Ferienwohnung Binz Strandnah\" \/>\n<meta property=\"article:modified_time\" content=\"2019-01-08T17:34:02+00:00\" \/>\n<meta property=\"og:image\" content=\"https:\/\/form-klar.de\/fewo-binz\/wp-content\/uploads\/P1100071_03.jpg\" \/>\n\t<meta property=\"og:image:width\" content=\"1920\" \/>\n\t<meta property=\"og:image:height\" content=\"1082\" \/>\n\t<meta property=\"og:image:type\" content=\"image\/jpeg\" \/>\n<meta name=\"twitter:card\" content=\"summary_large_image\" \/>\n<meta name=\"twitter:label1\" content=\"Gesch\u00e4tzte Lesezeit\" \/>\n\t<meta name=\"twitter:data1\" content=\"1\u00a0Minute\" \/>\n<script type=\"application\/ld+json\" class=\"yoast-schema-graph\">{\"@context\":\"https:\/\/schema.org\",\"@graph\":[{\"@type\":\"WebPage\",\"@id\":\"https:\/\/form-klar.de\/fewo-binz\/seebruecke-binz\/\",\"url\":\"https:\/\/form-klar.de\/fewo-binz\/seebruecke-binz\/\",\"name\":\"Seebr\u00fccke Binz | Ferienwohnung Binz Strandnah\",\"isPartOf\":{\"@id\":\"https:\/\/form-klar.de\/fewo-binz\/#website\"},\"primaryImageOfPage\":{\"@id\":\"https:\/\/form-klar.de\/fewo-binz\/seebruecke-binz\/#primaryimage\"},\"image\":{\"@id\":\"https:\/\/form-klar.de\/fewo-binz\/seebruecke-binz\/#primaryimage\"},\"thumbnailUrl\":\"https:\/\/form-klar.de\/fewo-binz\/wp-content\/uploads\/P1100071_03.jpg\",\"datePublished\":\"2019-01-04T16:52:50+00:00\",\"dateModified\":\"2019-01-08T17:34:02+00:00\",\"description\":\"Seebr\u00fccke Binz? Erleben Sie die zweitl\u00e4ngste Seebr\u00fccke R\u00fcgens. Erleben Sie diese Sehensw\u00fcrdigkeit im sch\u00f6nen im Ostseebad Binz.\",\"breadcrumb\":{\"@id\":\"https:\/\/form-klar.de\/fewo-binz\/seebruecke-binz\/#breadcrumb\"},\"inLanguage\":\"de\",\"potentialAction\":[{\"@type\":\"ReadAction\",\"target\":[\"https:\/\/form-klar.de\/fewo-binz\/seebruecke-binz\/\"]}]},{\"@type\":\"ImageObject\",\"inLanguage\":\"de\",\"@id\":\"https:\/\/form-klar.de\/fewo-binz\/seebruecke-binz\/#primaryimage\",\"url\":\"https:\/\/form-klar.de\/fewo-binz\/wp-content\/uploads\/P1100071_03.jpg\",\"contentUrl\":\"https:\/\/form-klar.de\/fewo-binz\/wp-content\/uploads\/P1100071_03.jpg\",\"width\":1920,\"height\":1082,\"caption\":\"Seebr\u00fccke Binz R\u00fcgen\"},{\"@type\":\"BreadcrumbList\",\"@id\":\"https:\/\/form-klar.de\/fewo-binz\/seebruecke-binz\/#breadcrumb\",\"itemListElement\":[{\"@type\":\"ListItem\",\"position\":1,\"name\":\"Startseite\",\"item\":\"https:\/\/form-klar.de\/fewo-binz\/\"},{\"@type\":\"ListItem\",\"position\":2,\"name\":\"Seebr\u00fccke Binz\"}]},{\"@type\":\"WebSite\",\"@id\":\"https:\/\/form-klar.de\/fewo-binz\/#website\",\"url\":\"https:\/\/form-klar.de\/fewo-binz\/\",\"name\":\"Ferienwohnung Binz Strandnah\",\"description\":\"\",\"potentialAction\":[{\"@type\":\"SearchAction\",\"target\":{\"@type\":\"EntryPoint\",\"urlTemplate\":\"https:\/\/form-klar.de\/fewo-binz\/?s={search_term_string}\"},\"query-input\":{\"@type\":\"PropertyValueSpecification\",\"valueRequired\":true,\"valueName\":\"search_term_string\"}}],\"inLanguage\":\"de\"}]}<\/script>\n<!-- \/ Yoast SEO plugin. -->","yoast_head_json":{"title":"Seebr\u00fccke Binz | Ferienwohnung Binz Strandnah","description":"Seebr\u00fccke Binz? Erleben Sie die zweitl\u00e4ngste Seebr\u00fccke R\u00fcgens. Erleben Sie diese Sehensw\u00fcrdigkeit im sch\u00f6nen im Ostseebad Binz.","robots":{"index":"noindex","follow":"follow","max-snippet":"max-snippet:-1","max-image-preview":"max-image-preview:large","max-video-preview":"max-video-preview:-1"},"og_locale":"de_DE","og_type":"article","og_title":"Seebr\u00fccke Binz | Ferienwohnung Binz Strandnah","og_description":"Seebr\u00fccke Binz? Erleben Sie die zweitl\u00e4ngste Seebr\u00fccke R\u00fcgens. Erleben Sie diese Sehensw\u00fcrdigkeit im sch\u00f6nen im Ostseebad Binz.","og_url":"https:\/\/form-klar.de\/fewo-binz\/seebruecke-binz\/","og_site_name":"Ferienwohnung Binz Strandnah","article_modified_time":"2019-01-08T17:34:02+00:00","og_image":[{"width":1920,"height":1082,"url":"https:\/\/form-klar.de\/fewo-binz\/wp-content\/uploads\/P1100071_03.jpg","type":"image\/jpeg"}],"twitter_card":"summary_large_image","twitter_misc":{"Gesch\u00e4tzte Lesezeit":"1\u00a0Minute"},"schema":{"@context":"https:\/\/schema.org","@graph":[{"@type":"WebPage","@id":"https:\/\/form-klar.de\/fewo-binz\/seebruecke-binz\/","url":"https:\/\/form-klar.de\/fewo-binz\/seebruecke-binz\/","name":"Seebr\u00fccke Binz | Ferienwohnung Binz Strandnah","isPartOf":{"@id":"https:\/\/form-klar.de\/fewo-binz\/#website"},"primaryImageOfPage":{"@id":"https:\/\/form-klar.de\/fewo-binz\/seebruecke-binz\/#primaryimage"},"image":{"@id":"https:\/\/form-klar.de\/fewo-binz\/seebruecke-binz\/#primaryimage"},"thumbnailUrl":"https:\/\/form-klar.de\/fewo-binz\/wp-content\/uploads\/P1100071_03.jpg","datePublished":"2019-01-04T16:52:50+00:00","dateModified":"2019-01-08T17:34:02+00:00","description":"Seebr\u00fccke Binz? Erleben Sie die zweitl\u00e4ngste Seebr\u00fccke R\u00fcgens. Erleben Sie diese Sehensw\u00fcrdigkeit im sch\u00f6nen im Ostseebad Binz.","breadcrumb":{"@id":"https:\/\/form-klar.de\/fewo-binz\/seebruecke-binz\/#breadcrumb"},"inLanguage":"de","potentialAction":[{"@type":"ReadAction","target":["https:\/\/form-klar.de\/fewo-binz\/seebruecke-binz\/"]}]},{"@type":"ImageObject","inLanguage":"de","@id":"https:\/\/form-klar.de\/fewo-binz\/seebruecke-binz\/#primaryimage","url":"https:\/\/form-klar.de\/fewo-binz\/wp-content\/uploads\/P1100071_03.jpg","contentUrl":"https:\/\/form-klar.de\/fewo-binz\/wp-content\/uploads\/P1100071_03.jpg","width":1920,"height":1082,"caption":"Seebr\u00fccke Binz R\u00fcgen"},{"@type":"BreadcrumbList","@id":"https:\/\/form-klar.de\/fewo-binz\/seebruecke-binz\/#breadcrumb","itemListElement":[{"@type":"ListItem","position":1,"name":"Startseite","item":"https:\/\/form-klar.de\/fewo-binz\/"},{"@type":"ListItem","position":2,"name":"Seebr\u00fccke Binz"}]},{"@type":"WebSite","@id":"https:\/\/form-klar.de\/fewo-binz\/#website","url":"https:\/\/form-klar.de\/fewo-binz\/","name":"Ferienwohnung Binz Strandnah","description":"","potentialAction":[{"@type":"SearchAction","target":{"@type":"EntryPoint","urlTemplate":"https:\/\/form-klar.de\/fewo-binz\/?s={search_term_string}"},"query-input":{"@type":"PropertyValueSpecification","valueRequired":true,"valueName":"search_term_string"}}],"inLanguage":"de"}]}},"_links":{"self":[{"href":"https:\/\/form-klar.de\/fewo-binz\/wp-json\/wp\/v2\/pages\/4018","targetHints":{"allow":["GET"]}}],"collection":[{"href":"https:\/\/form-klar.de\/fewo-binz\/wp-json\/wp\/v2\/pages"}],"about":[{"href":"https:\/\/form-klar.de\/fewo-binz\/wp-json\/wp\/v2\/types\/page"}],"author":[{"embeddable":true,"href":"https:\/\/form-klar.de\/fewo-binz\/wp-json\/wp\/v2\/users\/2"}],"replies":[{"embeddable":true,"href":"https:\/\/form-klar.de\/fewo-binz\/wp-json\/wp\/v2\/comments?post=4018"}],"version-history":[{"count":9,"href":"https:\/\/form-klar.de\/fewo-binz\/wp-json\/wp\/v2\/pages\/4018\/revisions"}],"predecessor-version":[{"id":4079,"href":"https:\/\/form-klar.de\/fewo-binz\/wp-json\/wp\/v2\/pages\/4018\/revisions\/4079"}],"wp:featuredmedia":[{"embeddable":true,"href":"https:\/\/form-klar.de\/fewo-binz\/wp-json\/wp\/v2\/media\/4026"}],"wp:attachment":[{"href":"https:\/\/form-klar.de\/fewo-binz\/wp-json\/wp\/v2\/media?parent=4018"}],"curies":[{"name":"wp","href":"https:\/\/api.w.org\/{rel}","templated":true}]}}