{"id":5907,"date":"2019-01-25T21:07:16","date_gmt":"2019-01-25T19:07:16","guid":{"rendered":"https:\/\/www.bettenstudio-halle.de\/?page_id=5907"},"modified":"2019-01-25T22:59:57","modified_gmt":"2019-01-25T20:59:57","slug":"spannbettlaken","status":"publish","type":"page","link":"https:\/\/form-klar.de\/bs-halle\/produkte\/spannbettlaken\/","title":{"rendered":"Spannbettlaken"},"content":{"rendered":"<h1>SPANNBETTLAKEN<\/h1>\n<h2>QUALIT\u00c4TS-SPANNBETTLAKEN IN VIELEN FARBEN<\/h2>\n<p>Gerade wenn es um hochwertige Schlafraumtextilien geht, ist Formesse die Top-Marke. Hergestellt und gefertigt werden die Spannbettt\u00fccher dieser Qualit\u00e4tsmarke nach dem strengen \u00d6kotex \u2013 Standard 100 in Deutschland. Alle Spannbettlaken der Top-Marke Formesse stehen f\u00fcr Qualit\u00e4t, einen optimalen Sitz aufgrund sehr hoher Dehnbarkeit sowie eine deutlich gro\u00dfe Farbauswahl von stolzen 54 Farben.<\/p>\n<h3>Spannbettlaken von Formesse<\/h3>\n<ul>\n<li>Bella Donna Premium<\/li>\n<li>Bella Donna Edel-Frottee<\/li>\n<li>Bella Donna Jersey<\/li>\n<li>Bella Donna Organic<\/li>\n<li>Bella Sephina<\/li>\n<li>Bella Gracia<\/li>\n<\/ul>\n<p>\t\t\t\t\t\t\t\t\t\t<img class=\"lazyload\" width=\"300\" height=\"300\" src=\"https:\/\/www.bettenstudio-halle.de\/wp-content\/uploads\/spannbett-laken.jpg\" data-orig-src=\"https:\/\/www.bettenstudio-halle.de\/wp-content\/uploads\/spannbett-laken.jpg\" alt=\"\" srcset=\"data:image\/svg+xml,%3Csvg%20xmlns%3D%27http%3A%2F%2Fwww.w3.org%2F2000%2Fsvg%27%20width%3D%27300%27%20height%3D%27300%27%20viewBox%3D%270%200%20300%20300%27%3E%3Crect%20width%3D%27300%27%20height%3D%27300%27%20fill-opacity%3D%220%22%2F%3E%3C%2Fsvg%3E\" data-srcset=\"https:\/\/www.bettenstudio-halle.de\/wp-content\/uploads\/spannbett-laken.jpg 300w, https:\/\/www.bettenstudio-halle.de\/wp-content\/uploads\/spannbett-laken-240x240.jpg 240w, https:\/\/www.bettenstudio-halle.de\/wp-content\/uploads\/spannbett-laken-66x66.jpg 66w\" data-sizes=\"auto\" data-orig-sizes=\"(max-width: 300px) 100vw, 300px\" \/>\t\t\t\t\t\t\t\t\t\t\t<\/p>\n<h3>Erlebe die bunte Welt der Spannbettlaken von Bella Donna<\/h3>\n\n\t\t<style type=\"text\/css\">\n\t\t\t#gallery-1 {\n\t\t\t\tmargin: auto;\n\t\t\t}\n\t\t\t#gallery-1 .gallery-item {\n\t\t\t\tfloat: left;\n\t\t\t\tmargin-top: 10px;\n\t\t\t\ttext-align: center;\n\t\t\t\twidth: 16%;\n\t\t\t}\n\t\t\t#gallery-1 img {\n\t\t\t\tborder: 2px solid #cfcfcf;\n\t\t\t}\n\t\t\t#gallery-1 .gallery-caption {\n\t\t\t\tmargin-left: 0;\n\t\t\t}\n\t\t\t\/* see gallery_shortcode() in wp-includes\/media.php *\/\n\t\t<\/style>\n\t\t<div id='gallery-1' class='gallery galleryid-5907 gallery-columns-6 gallery-size-thumbnail'><dl class='gallery-item'>\n\t\t\t<dt class='gallery-icon landscape'>\n\t\t\t\t<a data-rel=\"iLightbox[postimages]\" data-title=\"spannbettlaken-bella-donna-jersey\" data-caption=\"\" href='https:\/\/form-klar.de\/bs-halle\/wp-content\/uploads\/spannbettlaken-bella-donna-jersey.jpg'><img width=\"240\" height=\"240\" src=\"https:\/\/form-klar.de\/bs-halle\/wp-content\/uploads\/spannbettlaken-bella-donna-jersey-240x240.jpg\" class=\"attachment-thumbnail size-thumbnail lazyload\" alt=\"\" srcset=\"data:image\/svg+xml,%3Csvg%20xmlns%3D%27http%3A%2F%2Fwww.w3.org%2F2000%2Fsvg%27%20width%3D%27426%27%20height%3D%27285%27%20viewBox%3D%270%200%20426%20285%27%3E%3Crect%20width%3D%27426%27%20height%3D%27285%27%20fill-opacity%3D%220%22%2F%3E%3C%2Fsvg%3E\" data-orig-src=\"https:\/\/form-klar.de\/bs-halle\/wp-content\/uploads\/spannbettlaken-bella-donna-jersey-240x240.jpg\" data-srcset=\"https:\/\/form-klar.de\/bs-halle\/wp-content\/uploads\/spannbettlaken-bella-donna-jersey-66x66.jpg 66w, https:\/\/form-klar.de\/bs-halle\/wp-content\/uploads\/spannbettlaken-bella-donna-jersey-240x240.jpg 240w\" data-sizes=\"auto\" \/><\/a>\n\t\t\t<\/dt><\/dl><dl class='gallery-item'>\n\t\t\t<dt class='gallery-icon landscape'>\n\t\t\t\t<a data-rel=\"iLightbox[postimages]\" data-title=\"spannbettlaken-bella-donna-premium\" data-caption=\"\" href='https:\/\/form-klar.de\/bs-halle\/wp-content\/uploads\/spannbettlaken-bella-donna-premium.jpg'><img width=\"240\" height=\"240\" src=\"https:\/\/form-klar.de\/bs-halle\/wp-content\/uploads\/spannbettlaken-bella-donna-premium-240x240.jpg\" class=\"attachment-thumbnail size-thumbnail lazyload\" alt=\"\" srcset=\"data:image\/svg+xml,%3Csvg%20xmlns%3D%27http%3A%2F%2Fwww.w3.org%2F2000%2Fsvg%27%20width%3D%27426%27%20height%3D%27285%27%20viewBox%3D%270%200%20426%20285%27%3E%3Crect%20width%3D%27426%27%20height%3D%27285%27%20fill-opacity%3D%220%22%2F%3E%3C%2Fsvg%3E\" data-orig-src=\"https:\/\/form-klar.de\/bs-halle\/wp-content\/uploads\/spannbettlaken-bella-donna-premium-240x240.jpg\" data-srcset=\"https:\/\/form-klar.de\/bs-halle\/wp-content\/uploads\/spannbettlaken-bella-donna-premium-66x66.jpg 66w, https:\/\/form-klar.de\/bs-halle\/wp-content\/uploads\/spannbettlaken-bella-donna-premium-240x240.jpg 240w\" data-sizes=\"auto\" \/><\/a>\n\t\t\t<\/dt><\/dl><dl class='gallery-item'>\n\t\t\t<dt class='gallery-icon landscape'>\n\t\t\t\t<a data-rel=\"iLightbox[postimages]\" data-title=\"Spannbettlaken bella-donna-jersey-organic\" data-caption=\"\" href='https:\/\/form-klar.de\/bs-halle\/wp-content\/uploads\/spannbettlaken-bella-donna-jersey-organic.jpg'><img width=\"240\" height=\"240\" src=\"https:\/\/form-klar.de\/bs-halle\/wp-content\/uploads\/spannbettlaken-bella-donna-jersey-organic-240x240.jpg\" class=\"attachment-thumbnail size-thumbnail lazyload\" alt=\"\" srcset=\"data:image\/svg+xml,%3Csvg%20xmlns%3D%27http%3A%2F%2Fwww.w3.org%2F2000%2Fsvg%27%20width%3D%27426%27%20height%3D%27285%27%20viewBox%3D%270%200%20426%20285%27%3E%3Crect%20width%3D%27426%27%20height%3D%27285%27%20fill-opacity%3D%220%22%2F%3E%3C%2Fsvg%3E\" data-orig-src=\"https:\/\/form-klar.de\/bs-halle\/wp-content\/uploads\/spannbettlaken-bella-donna-jersey-organic-240x240.jpg\" data-srcset=\"https:\/\/form-klar.de\/bs-halle\/wp-content\/uploads\/spannbettlaken-bella-donna-jersey-organic-66x66.jpg 66w, https:\/\/form-klar.de\/bs-halle\/wp-content\/uploads\/spannbettlaken-bella-donna-jersey-organic-240x240.jpg 240w\" data-sizes=\"auto\" \/><\/a>\n\t\t\t<\/dt><\/dl><dl class='gallery-item'>\n\t\t\t<dt class='gallery-icon landscape'>\n\t\t\t\t<a data-rel=\"iLightbox[postimages]\" data-title=\"spannbettlaken-bella-donna-edel-frottee\" data-caption=\"\" href='https:\/\/form-klar.de\/bs-halle\/wp-content\/uploads\/spannbettlaken-bella-donna-edel-frottee.jpg'><img width=\"240\" height=\"240\" src=\"https:\/\/form-klar.de\/bs-halle\/wp-content\/uploads\/spannbettlaken-bella-donna-edel-frottee-240x240.jpg\" class=\"attachment-thumbnail size-thumbnail lazyload\" alt=\"\" srcset=\"data:image\/svg+xml,%3Csvg%20xmlns%3D%27http%3A%2F%2Fwww.w3.org%2F2000%2Fsvg%27%20width%3D%27426%27%20height%3D%27285%27%20viewBox%3D%270%200%20426%20285%27%3E%3Crect%20width%3D%27426%27%20height%3D%27285%27%20fill-opacity%3D%220%22%2F%3E%3C%2Fsvg%3E\" data-orig-src=\"https:\/\/form-klar.de\/bs-halle\/wp-content\/uploads\/spannbettlaken-bella-donna-edel-frottee-240x240.jpg\" data-srcset=\"https:\/\/form-klar.de\/bs-halle\/wp-content\/uploads\/spannbettlaken-bella-donna-edel-frottee-66x66.jpg 66w, https:\/\/form-klar.de\/bs-halle\/wp-content\/uploads\/spannbettlaken-bella-donna-edel-frottee-240x240.jpg 240w\" data-sizes=\"auto\" \/><\/a>\n\t\t\t<\/dt><\/dl><dl class='gallery-item'>\n\t\t\t<dt class='gallery-icon landscape'>\n\t\t\t\t<a data-rel=\"iLightbox[postimages]\" data-title=\"spannbettlaken-bella-gracia\" data-caption=\"\" href='https:\/\/form-klar.de\/bs-halle\/wp-content\/uploads\/spannbettlaken-bella-gracia.jpg'><img width=\"240\" height=\"240\" src=\"https:\/\/form-klar.de\/bs-halle\/wp-content\/uploads\/spannbettlaken-bella-gracia-240x240.jpg\" class=\"attachment-thumbnail size-thumbnail lazyload\" alt=\"\" srcset=\"data:image\/svg+xml,%3Csvg%20xmlns%3D%27http%3A%2F%2Fwww.w3.org%2F2000%2Fsvg%27%20width%3D%27426%27%20height%3D%27285%27%20viewBox%3D%270%200%20426%20285%27%3E%3Crect%20width%3D%27426%27%20height%3D%27285%27%20fill-opacity%3D%220%22%2F%3E%3C%2Fsvg%3E\" data-orig-src=\"https:\/\/form-klar.de\/bs-halle\/wp-content\/uploads\/spannbettlaken-bella-gracia-240x240.jpg\" data-srcset=\"https:\/\/form-klar.de\/bs-halle\/wp-content\/uploads\/spannbettlaken-bella-gracia-66x66.jpg 66w, https:\/\/form-klar.de\/bs-halle\/wp-content\/uploads\/spannbettlaken-bella-gracia-240x240.jpg 240w\" data-sizes=\"auto\" \/><\/a>\n\t\t\t<\/dt><\/dl><dl class='gallery-item'>\n\t\t\t<dt class='gallery-icon landscape'>\n\t\t\t\t<a data-rel=\"iLightbox[postimages]\" data-title=\"spannbettlaken-bella-sephina\" data-caption=\"\" href='https:\/\/form-klar.de\/bs-halle\/wp-content\/uploads\/spannbettlaken-bella-sephina.jpg'><img width=\"240\" height=\"240\" src=\"https:\/\/form-klar.de\/bs-halle\/wp-content\/uploads\/spannbettlaken-bella-sephina-240x240.jpg\" class=\"attachment-thumbnail size-thumbnail lazyload\" alt=\"\" srcset=\"data:image\/svg+xml,%3Csvg%20xmlns%3D%27http%3A%2F%2Fwww.w3.org%2F2000%2Fsvg%27%20width%3D%27426%27%20height%3D%27285%27%20viewBox%3D%270%200%20426%20285%27%3E%3Crect%20width%3D%27426%27%20height%3D%27285%27%20fill-opacity%3D%220%22%2F%3E%3C%2Fsvg%3E\" data-orig-src=\"https:\/\/form-klar.de\/bs-halle\/wp-content\/uploads\/spannbettlaken-bella-sephina-240x240.jpg\" data-srcset=\"https:\/\/form-klar.de\/bs-halle\/wp-content\/uploads\/spannbettlaken-bella-sephina-66x66.jpg 66w, https:\/\/form-klar.de\/bs-halle\/wp-content\/uploads\/spannbettlaken-bella-sephina-240x240.jpg 240w\" data-sizes=\"auto\" \/><\/a>\n\t\t\t<\/dt><\/dl><br style=\"clear: both\" \/>\n\t\t<\/div>\n\n","protected":false},"excerpt":{"rendered":"<p>SPANNBETTLAKEN QUALIT\u00c4TS-SPANNBETTLAKEN IN VIELEN FARBEN Gerade wenn es um hochwertige Schlafraumtextilien geht, ist Formesse die Top-Marke. Hergestellt und gefertigt werden die Spannbettt\u00fccher dieser Qualit\u00e4tsmarke nach dem strengen \u00d6kotex \u2013 Standard 100 in Deutschland. Alle Spannbettlaken der Top-Marke Formesse stehen f\u00fcr Qualit\u00e4t, einen optimalen Sitz aufgrund sehr hoher Dehnbarkeit sowie eine deutlich gro\u00dfe Farbauswahl von stolzen [&hellip;]<\/p>\n","protected":false},"author":1,"featured_media":5439,"parent":4989,"menu_order":0,"comment_status":"closed","ping_status":"closed","template":"","meta":{"_links_to":"","_links_to_target":""},"yoast_head":"<!-- This site is optimized with the Yoast SEO plugin v19.2 - https:\/\/yoast.com\/wordpress\/plugins\/seo\/ -->\n<title>Spannbettlaken - LaLeLu Bettenstudio GmbH - Halle<\/title>\n<meta name=\"robots\" content=\"index, follow, max-snippet:-1, max-image-preview:large, max-video-preview:-1\" \/>\n<link rel=\"canonical\" href=\"https:\/\/form-klar.de\/bs-halle\/produkte\/spannbettlaken\/\" \/>\n<meta property=\"og:locale\" content=\"de_DE\" \/>\n<meta property=\"og:type\" content=\"article\" \/>\n<meta property=\"og:title\" content=\"Spannbettlaken - LaLeLu Bettenstudio GmbH - Halle\" \/>\n<meta property=\"og:description\" content=\"SPANNBETTLAKEN QUALIT\u00c4TS-SPANNBETTLAKEN IN VIELEN FARBEN Gerade wenn es um hochwertige Schlafraumtextilien geht, ist Formesse die Top-Marke. Hergestellt und gefertigt werden die Spannbettt\u00fccher dieser Qualit\u00e4tsmarke nach dem strengen \u00d6kotex \u2013 Standard 100 in Deutschland. Alle Spannbettlaken der Top-Marke Formesse stehen f\u00fcr Qualit\u00e4t, einen optimalen Sitz aufgrund sehr hoher Dehnbarkeit sowie eine deutlich gro\u00dfe Farbauswahl von stolzen [&hellip;]\" \/>\n<meta property=\"og:url\" content=\"https:\/\/form-klar.de\/bs-halle\/produkte\/spannbettlaken\/\" \/>\n<meta property=\"og:site_name\" content=\"LaLeLu Bettenstudio GmbH - Halle\" \/>\n<meta property=\"article:publisher\" content=\"https:\/\/www.facebook.com\/lalelubettenstudio\/\" \/>\n<meta property=\"article:modified_time\" content=\"2019-01-25T20:59:57+00:00\" \/>\n<meta property=\"og:image\" content=\"https:\/\/form-klar.de\/bs-halle\/wp-content\/uploads\/spannbett-laken.jpg\" \/>\n\t<meta property=\"og:image:width\" content=\"300\" \/>\n\t<meta property=\"og:image:height\" content=\"300\" \/>\n\t<meta property=\"og:image:type\" content=\"image\/jpeg\" \/>\n<meta name=\"author\" content=\"admin\" \/>\n<meta name=\"twitter:card\" content=\"summary_large_image\" \/>\n<script type=\"application\/ld+json\" class=\"yoast-schema-graph\">{\"@context\":\"https:\/\/schema.org\",\"@graph\":[{\"@type\":\"WebSite\",\"@id\":\"https:\/\/form-klar.de\/bs-halle\/#website\",\"url\":\"https:\/\/form-klar.de\/bs-halle\/\",\"name\":\"LaLeLu Bettenstudio GmbH - Halle\",\"description\":\"Fachzentrum f\u00fcr k\u00f6rpergerechte Matratzenanpassung - Wasserbetten\",\"potentialAction\":[{\"@type\":\"SearchAction\",\"target\":{\"@type\":\"EntryPoint\",\"urlTemplate\":\"https:\/\/form-klar.de\/bs-halle\/?s={search_term_string}\"},\"query-input\":\"required name=search_term_string\"}],\"inLanguage\":\"de\"},{\"@type\":\"ImageObject\",\"inLanguage\":\"de\",\"@id\":\"https:\/\/form-klar.de\/bs-halle\/produkte\/spannbettlaken\/#primaryimage\",\"url\":\"https:\/\/form-klar.de\/bs-halle\/wp-content\/uploads\/spannbett-laken.jpg\",\"contentUrl\":\"https:\/\/form-klar.de\/bs-halle\/wp-content\/uploads\/spannbett-laken.jpg\",\"width\":300,\"height\":300},{\"@type\":\"WebPage\",\"@id\":\"https:\/\/form-klar.de\/bs-halle\/produkte\/spannbettlaken\/#webpage\",\"url\":\"https:\/\/form-klar.de\/bs-halle\/produkte\/spannbettlaken\/\",\"name\":\"Spannbettlaken - LaLeLu Bettenstudio GmbH - Halle\",\"isPartOf\":{\"@id\":\"https:\/\/form-klar.de\/bs-halle\/#website\"},\"primaryImageOfPage\":{\"@id\":\"https:\/\/form-klar.de\/bs-halle\/produkte\/spannbettlaken\/#primaryimage\"},\"datePublished\":\"2019-01-25T19:07:16+00:00\",\"dateModified\":\"2019-01-25T20:59:57+00:00\",\"breadcrumb\":{\"@id\":\"https:\/\/form-klar.de\/bs-halle\/produkte\/spannbettlaken\/#breadcrumb\"},\"inLanguage\":\"de\",\"potentialAction\":[{\"@type\":\"ReadAction\",\"target\":[\"https:\/\/form-klar.de\/bs-halle\/produkte\/spannbettlaken\/\"]}]},{\"@type\":\"BreadcrumbList\",\"@id\":\"https:\/\/form-klar.de\/bs-halle\/produkte\/spannbettlaken\/#breadcrumb\",\"itemListElement\":[{\"@type\":\"ListItem\",\"position\":1,\"name\":\"Startseite\",\"item\":\"https:\/\/form-klar.de\/bs-halle\/\"},{\"@type\":\"ListItem\",\"position\":2,\"name\":\"Produkte\",\"item\":\"https:\/\/form-klar.de\/bs-halle\/produkte\/\"},{\"@type\":\"ListItem\",\"position\":3,\"name\":\"Spannbettlaken\"}]}]}<\/script>\n<!-- \/ Yoast SEO plugin. -->","yoast_head_json":{"title":"Spannbettlaken - LaLeLu Bettenstudio GmbH - Halle","robots":{"index":"index","follow":"follow","max-snippet":"max-snippet:-1","max-image-preview":"max-image-preview:large","max-video-preview":"max-video-preview:-1"},"canonical":"https:\/\/form-klar.de\/bs-halle\/produkte\/spannbettlaken\/","og_locale":"de_DE","og_type":"article","og_title":"Spannbettlaken - LaLeLu Bettenstudio GmbH - Halle","og_description":"SPANNBETTLAKEN QUALIT\u00c4TS-SPANNBETTLAKEN IN VIELEN FARBEN Gerade wenn es um hochwertige Schlafraumtextilien geht, ist Formesse die Top-Marke. Hergestellt und gefertigt werden die Spannbettt\u00fccher dieser Qualit\u00e4tsmarke nach dem strengen \u00d6kotex \u2013 Standard 100 in Deutschland. Alle Spannbettlaken der Top-Marke Formesse stehen f\u00fcr Qualit\u00e4t, einen optimalen Sitz aufgrund sehr hoher Dehnbarkeit sowie eine deutlich gro\u00dfe Farbauswahl von stolzen [&hellip;]","og_url":"https:\/\/form-klar.de\/bs-halle\/produkte\/spannbettlaken\/","og_site_name":"LaLeLu Bettenstudio GmbH - Halle","article_publisher":"https:\/\/www.facebook.com\/lalelubettenstudio\/","article_modified_time":"2019-01-25T20:59:57+00:00","og_image":[{"width":300,"height":300,"url":"https:\/\/form-klar.de\/bs-halle\/wp-content\/uploads\/spannbett-laken.jpg","type":"image\/jpeg"}],"author":"admin","twitter_card":"summary_large_image","schema":{"@context":"https:\/\/schema.org","@graph":[{"@type":"WebSite","@id":"https:\/\/form-klar.de\/bs-halle\/#website","url":"https:\/\/form-klar.de\/bs-halle\/","name":"LaLeLu Bettenstudio GmbH - Halle","description":"Fachzentrum f\u00fcr k\u00f6rpergerechte Matratzenanpassung - Wasserbetten","potentialAction":[{"@type":"SearchAction","target":{"@type":"EntryPoint","urlTemplate":"https:\/\/form-klar.de\/bs-halle\/?s={search_term_string}"},"query-input":"required name=search_term_string"}],"inLanguage":"de"},{"@type":"ImageObject","inLanguage":"de","@id":"https:\/\/form-klar.de\/bs-halle\/produkte\/spannbettlaken\/#primaryimage","url":"https:\/\/form-klar.de\/bs-halle\/wp-content\/uploads\/spannbett-laken.jpg","contentUrl":"https:\/\/form-klar.de\/bs-halle\/wp-content\/uploads\/spannbett-laken.jpg","width":300,"height":300},{"@type":"WebPage","@id":"https:\/\/form-klar.de\/bs-halle\/produkte\/spannbettlaken\/#webpage","url":"https:\/\/form-klar.de\/bs-halle\/produkte\/spannbettlaken\/","name":"Spannbettlaken - LaLeLu Bettenstudio GmbH - Halle","isPartOf":{"@id":"https:\/\/form-klar.de\/bs-halle\/#website"},"primaryImageOfPage":{"@id":"https:\/\/form-klar.de\/bs-halle\/produkte\/spannbettlaken\/#primaryimage"},"datePublished":"2019-01-25T19:07:16+00:00","dateModified":"2019-01-25T20:59:57+00:00","breadcrumb":{"@id":"https:\/\/form-klar.de\/bs-halle\/produkte\/spannbettlaken\/#breadcrumb"},"inLanguage":"de","potentialAction":[{"@type":"ReadAction","target":["https:\/\/form-klar.de\/bs-halle\/produkte\/spannbettlaken\/"]}]},{"@type":"BreadcrumbList","@id":"https:\/\/form-klar.de\/bs-halle\/produkte\/spannbettlaken\/#breadcrumb","itemListElement":[{"@type":"ListItem","position":1,"name":"Startseite","item":"https:\/\/form-klar.de\/bs-halle\/"},{"@type":"ListItem","position":2,"name":"Produkte","item":"https:\/\/form-klar.de\/bs-halle\/produkte\/"},{"@type":"ListItem","position":3,"name":"Spannbettlaken"}]}]}},"_links":{"self":[{"href":"https:\/\/form-klar.de\/bs-halle\/wp-json\/wp\/v2\/pages\/5907"}],"collection":[{"href":"https:\/\/form-klar.de\/bs-halle\/wp-json\/wp\/v2\/pages"}],"about":[{"href":"https:\/\/form-klar.de\/bs-halle\/wp-json\/wp\/v2\/types\/page"}],"author":[{"embeddable":true,"href":"https:\/\/form-klar.de\/bs-halle\/wp-json\/wp\/v2\/users\/1"}],"replies":[{"embeddable":true,"href":"https:\/\/form-klar.de\/bs-halle\/wp-json\/wp\/v2\/comments?post=5907"}],"version-history":[{"count":3,"href":"https:\/\/form-klar.de\/bs-halle\/wp-json\/wp\/v2\/pages\/5907\/revisions"}],"predecessor-version":[{"id":5957,"href":"https:\/\/form-klar.de\/bs-halle\/wp-json\/wp\/v2\/pages\/5907\/revisions\/5957"}],"up":[{"embeddable":true,"href":"https:\/\/form-klar.de\/bs-halle\/wp-json\/wp\/v2\/pages\/4989"}],"wp:featuredmedia":[{"embeddable":true,"href":"https:\/\/form-klar.de\/bs-halle\/wp-json\/wp\/v2\/media\/5439"}],"wp:attachment":[{"href":"https:\/\/form-klar.de\/bs-halle\/wp-json\/wp\/v2\/media?parent=5907"}],"curies":[{"name":"wp","href":"https:\/\/api.w.org\/{rel}","templated":true}]}}