{"id":4994,"date":"2014-06-17T20:51:36","date_gmt":"2014-06-17T18:51:36","guid":{"rendered":"https:\/\/www.bettenstudio-halle.de\/?page_id=4994"},"modified":"2022-07-05T19:17:56","modified_gmt":"2022-07-05T17:17:56","slug":"service-2","status":"publish","type":"page","link":"https:\/\/form-klar.de\/bs-halle\/service-2\/","title":{"rendered":"Service"},"content":{"rendered":"<h1>LaLeLu Bettenstudio &#8211;  SERVICE<br \/>\n<\/h1>\n<h2>\n<\/h2>\n<p>Folgende Serviceleistungen bieten wir Ihnen:<\/p>\n<ul>\n<li>Professionelle Fachberatungen, gern auf Wunsch au\u00dferhalb unserer Gesch\u00e4ftszeiten<\/li>\n<li>Beratungen auch bei Ihnen zu Hause m\u00f6glich<\/li>\n<li>Montage und Ausmessung durch zertifiziertes und gepr\u00fcftes Fachpersonal bei Ihnen vor Ort<\/li>\n<li>Umfassender Lieferservice (Lieferung bis ins Schlafzimmer)<\/li>\n<li>Kostenfreie Entsorgung von Verpackungsmaterial\u00a0<\/li>\n<li>Bei Neukauf Entsorgung Ihrer gebrauchten Matratzen und Lattenrosten auf Wunsch m\u00f6glich<\/li>\n<li>Fachm\u00e4nnische Wasserbetten-Umz\u00fcge durch\u00a0zertifiziertes und gepr\u00fcftes Fachpersonal<\/li>\n<li>Regelm\u00e4\u00dfige und sorgf\u00e4ltige Wasserbetten-Pflege und Wartung<\/li>\n<li>Schonende Reinigung bzw. Spezialw\u00e4sche &#8211; Feder- und Daunenbetten<\/li>\n<\/ul>\n<p>\t\t\t\t\t\t\t\t\t\t<img class=\"lazyload\" width=\"730\" height=\"548\" src=\"https:\/\/form-klar.de\/bs-halle\/wp-content\/uploads\/IMG_1444.jpg\" data-orig-src=\"https:\/\/form-klar.de\/bs-halle\/wp-content\/uploads\/IMG_1444.jpg\" alt=\"\" srcset=\"data:image\/svg+xml,%3Csvg%20xmlns%3D%27http%3A%2F%2Fwww.w3.org%2F2000%2Fsvg%27%20width%3D%27730%27%20height%3D%27548%27%20viewBox%3D%270%200%20730%20548%27%3E%3Crect%20width%3D%27730%27%20height%3D%27548%27%20fill-opacity%3D%220%22%2F%3E%3C%2Fsvg%3E\" data-srcset=\"https:\/\/www.bettenstudio-halle.de\/wp-content\/uploads\/IMG_1444.jpg 1600w, https:\/\/www.bettenstudio-halle.de\/wp-content\/uploads\/IMG_1444-300x225.jpg 300w, https:\/\/www.bettenstudio-halle.de\/wp-content\/uploads\/IMG_1444-1024x768.jpg 1024w\" data-sizes=\"auto\" data-orig-sizes=\"(max-width: 730px) 100vw, 730px\" \/>\t\t\t\t\t\t\t\t\t\t\t<\/p>\n<h3>Bei weiteren Serviceleistungen stehen wir Ihnen selbstverst\u00e4ndlich gern zur Verf\u00fcgung.<\/h3>\n<\/p>\n<p>\t\t\t<a href=\"https:\/\/www.bettenstudio-halle.de\/kontakt\/\" target=\"_blank\" role=\"button\" rel=\"noopener noreferrer\"><br \/>\n\t\t\t\t\t\tjetzt Termin vereinbaren<br \/>\n\t\t\t\t\t<\/a><br \/>\n\t\t\t\t\t\t\t<a href=\"https:\/\/www.facebook.com\/lalelubettenstudio\/\" target=\"_blank\" rel=\"noopener noreferrer\"><br \/>\n\t\t\t\t\tFacebook<br \/>\n\t\t\t\t\t\t\t\t\t<\/a><br \/>\n\t\t\t\t\t\t\t<a href=\"https:\/\/www.instagram.com\/lalelu_betten\/\" target=\"_blank\" rel=\"noopener noreferrer\"><br \/>\n\t\t\t\t\tInstagram<br \/>\n\t\t\t\t\t\t\t\t\t<\/a><br \/>\n\t\t\t\t\t\t\t<a href=\"https:\/\/wa.me\/4934544583195\" target=\"_blank\" rel=\"noopener noreferrer\"><br \/>\n\t\t\t\t\tWhatsapp<br \/>\n\t\t\t\t\t\t\t\t\t<\/a><\/p>\n","protected":false},"excerpt":{"rendered":"<p>LaLeLu Bettenstudio &#8211; SERVICE Folgende Serviceleistungen bieten wir Ihnen: Professionelle Fachberatungen, gern auf Wunsch au\u00dferhalb unserer Gesch\u00e4ftszeiten Beratungen auch bei Ihnen zu Hause m\u00f6glich Montage und Ausmessung durch zertifiziertes und gepr\u00fcftes Fachpersonal bei Ihnen vor Ort Umfassender Lieferservice (Lieferung bis ins Schlafzimmer) Kostenfreie Entsorgung von Verpackungsmaterial\u00a0 Bei Neukauf Entsorgung Ihrer gebrauchten Matratzen und Lattenrosten auf [&hellip;]<\/p>\n","protected":false},"author":1,"featured_media":0,"parent":0,"menu_order":0,"comment_status":"closed","ping_status":"closed","template":"","meta":{"_links_to":"","_links_to_target":""},"yoast_head":"<!-- This site is optimized with the Yoast SEO plugin v19.2 - https:\/\/yoast.com\/wordpress\/plugins\/seo\/ -->\n<title>Service - LaLeLu Bettenstudio GmbH - Halle<\/title>\n<meta name=\"robots\" content=\"index, follow, max-snippet:-1, max-image-preview:large, max-video-preview:-1\" \/>\n<link rel=\"canonical\" href=\"https:\/\/form-klar.de\/bs-halle\/service-2\/\" \/>\n<meta property=\"og:locale\" content=\"de_DE\" \/>\n<meta property=\"og:type\" content=\"article\" \/>\n<meta property=\"og:title\" content=\"Service - LaLeLu Bettenstudio GmbH - Halle\" \/>\n<meta property=\"og:description\" content=\"LaLeLu Bettenstudio &#8211; SERVICE Folgende Serviceleistungen bieten wir Ihnen: Professionelle Fachberatungen, gern auf Wunsch au\u00dferhalb unserer Gesch\u00e4ftszeiten Beratungen auch bei Ihnen zu Hause m\u00f6glich Montage und Ausmessung durch zertifiziertes und gepr\u00fcftes Fachpersonal bei Ihnen vor Ort Umfassender Lieferservice (Lieferung bis ins Schlafzimmer) Kostenfreie Entsorgung von Verpackungsmaterial\u00a0 Bei Neukauf Entsorgung Ihrer gebrauchten Matratzen und Lattenrosten auf [&hellip;]\" \/>\n<meta property=\"og:url\" content=\"https:\/\/form-klar.de\/bs-halle\/service-2\/\" \/>\n<meta property=\"og:site_name\" content=\"LaLeLu Bettenstudio GmbH - Halle\" \/>\n<meta property=\"article:publisher\" content=\"https:\/\/www.facebook.com\/lalelubettenstudio\/\" \/>\n<meta property=\"article:modified_time\" content=\"2022-07-05T17:17:56+00:00\" \/>\n<meta property=\"og:image\" content=\"https:\/\/form-klar.de\/bs-halle\/wp-content\/uploads\/IMG_1444.jpg\" \/>\n<meta name=\"author\" content=\"admin\" \/>\n<meta name=\"twitter:card\" content=\"summary_large_image\" \/>\n<meta name=\"twitter:label1\" content=\"Gesch\u00e4tzte Lesezeit\" \/>\n\t<meta name=\"twitter:data1\" content=\"1\u00a0Minute\" \/>\n<script type=\"application\/ld+json\" class=\"yoast-schema-graph\">{\"@context\":\"https:\/\/schema.org\",\"@graph\":[{\"@type\":\"WebSite\",\"@id\":\"https:\/\/form-klar.de\/bs-halle\/#website\",\"url\":\"https:\/\/form-klar.de\/bs-halle\/\",\"name\":\"LaLeLu Bettenstudio GmbH - Halle\",\"description\":\"Fachzentrum f\u00fcr k\u00f6rpergerechte Matratzenanpassung - Wasserbetten\",\"potentialAction\":[{\"@type\":\"SearchAction\",\"target\":{\"@type\":\"EntryPoint\",\"urlTemplate\":\"https:\/\/form-klar.de\/bs-halle\/?s={search_term_string}\"},\"query-input\":\"required name=search_term_string\"}],\"inLanguage\":\"de\"},{\"@type\":\"ImageObject\",\"inLanguage\":\"de\",\"@id\":\"https:\/\/form-klar.de\/bs-halle\/service-2\/#primaryimage\",\"url\":\"https:\/\/form-klar.de\/bs-halle\/wp-content\/uploads\/IMG_1444.jpg\",\"contentUrl\":\"https:\/\/form-klar.de\/bs-halle\/wp-content\/uploads\/IMG_1444.jpg\",\"width\":1600,\"height\":1200},{\"@type\":\"WebPage\",\"@id\":\"https:\/\/form-klar.de\/bs-halle\/service-2\/#webpage\",\"url\":\"https:\/\/form-klar.de\/bs-halle\/service-2\/\",\"name\":\"Service - LaLeLu Bettenstudio GmbH - Halle\",\"isPartOf\":{\"@id\":\"https:\/\/form-klar.de\/bs-halle\/#website\"},\"primaryImageOfPage\":{\"@id\":\"https:\/\/form-klar.de\/bs-halle\/service-2\/#primaryimage\"},\"datePublished\":\"2014-06-17T18:51:36+00:00\",\"dateModified\":\"2022-07-05T17:17:56+00:00\",\"breadcrumb\":{\"@id\":\"https:\/\/form-klar.de\/bs-halle\/service-2\/#breadcrumb\"},\"inLanguage\":\"de\",\"potentialAction\":[{\"@type\":\"ReadAction\",\"target\":[\"https:\/\/form-klar.de\/bs-halle\/service-2\/\"]}]},{\"@type\":\"BreadcrumbList\",\"@id\":\"https:\/\/form-klar.de\/bs-halle\/service-2\/#breadcrumb\",\"itemListElement\":[{\"@type\":\"ListItem\",\"position\":1,\"name\":\"Startseite\",\"item\":\"https:\/\/form-klar.de\/bs-halle\/\"},{\"@type\":\"ListItem\",\"position\":2,\"name\":\"Service\"}]}]}<\/script>\n<!-- \/ Yoast SEO plugin. -->","yoast_head_json":{"title":"Service - LaLeLu Bettenstudio GmbH - Halle","robots":{"index":"index","follow":"follow","max-snippet":"max-snippet:-1","max-image-preview":"max-image-preview:large","max-video-preview":"max-video-preview:-1"},"canonical":"https:\/\/form-klar.de\/bs-halle\/service-2\/","og_locale":"de_DE","og_type":"article","og_title":"Service - LaLeLu Bettenstudio GmbH - Halle","og_description":"LaLeLu Bettenstudio &#8211; SERVICE Folgende Serviceleistungen bieten wir Ihnen: Professionelle Fachberatungen, gern auf Wunsch au\u00dferhalb unserer Gesch\u00e4ftszeiten Beratungen auch bei Ihnen zu Hause m\u00f6glich Montage und Ausmessung durch zertifiziertes und gepr\u00fcftes Fachpersonal bei Ihnen vor Ort Umfassender Lieferservice (Lieferung bis ins Schlafzimmer) Kostenfreie Entsorgung von Verpackungsmaterial\u00a0 Bei Neukauf Entsorgung Ihrer gebrauchten Matratzen und Lattenrosten auf [&hellip;]","og_url":"https:\/\/form-klar.de\/bs-halle\/service-2\/","og_site_name":"LaLeLu Bettenstudio GmbH - Halle","article_publisher":"https:\/\/www.facebook.com\/lalelubettenstudio\/","article_modified_time":"2022-07-05T17:17:56+00:00","og_image":[{"url":"https:\/\/form-klar.de\/bs-halle\/wp-content\/uploads\/IMG_1444.jpg"}],"author":"admin","twitter_card":"summary_large_image","twitter_misc":{"Gesch\u00e4tzte Lesezeit":"1\u00a0Minute"},"schema":{"@context":"https:\/\/schema.org","@graph":[{"@type":"WebSite","@id":"https:\/\/form-klar.de\/bs-halle\/#website","url":"https:\/\/form-klar.de\/bs-halle\/","name":"LaLeLu Bettenstudio GmbH - Halle","description":"Fachzentrum f\u00fcr k\u00f6rpergerechte Matratzenanpassung - Wasserbetten","potentialAction":[{"@type":"SearchAction","target":{"@type":"EntryPoint","urlTemplate":"https:\/\/form-klar.de\/bs-halle\/?s={search_term_string}"},"query-input":"required name=search_term_string"}],"inLanguage":"de"},{"@type":"ImageObject","inLanguage":"de","@id":"https:\/\/form-klar.de\/bs-halle\/service-2\/#primaryimage","url":"https:\/\/form-klar.de\/bs-halle\/wp-content\/uploads\/IMG_1444.jpg","contentUrl":"https:\/\/form-klar.de\/bs-halle\/wp-content\/uploads\/IMG_1444.jpg","width":1600,"height":1200},{"@type":"WebPage","@id":"https:\/\/form-klar.de\/bs-halle\/service-2\/#webpage","url":"https:\/\/form-klar.de\/bs-halle\/service-2\/","name":"Service - LaLeLu Bettenstudio GmbH - Halle","isPartOf":{"@id":"https:\/\/form-klar.de\/bs-halle\/#website"},"primaryImageOfPage":{"@id":"https:\/\/form-klar.de\/bs-halle\/service-2\/#primaryimage"},"datePublished":"2014-06-17T18:51:36+00:00","dateModified":"2022-07-05T17:17:56+00:00","breadcrumb":{"@id":"https:\/\/form-klar.de\/bs-halle\/service-2\/#breadcrumb"},"inLanguage":"de","potentialAction":[{"@type":"ReadAction","target":["https:\/\/form-klar.de\/bs-halle\/service-2\/"]}]},{"@type":"BreadcrumbList","@id":"https:\/\/form-klar.de\/bs-halle\/service-2\/#breadcrumb","itemListElement":[{"@type":"ListItem","position":1,"name":"Startseite","item":"https:\/\/form-klar.de\/bs-halle\/"},{"@type":"ListItem","position":2,"name":"Service"}]}]}},"_links":{"self":[{"href":"https:\/\/form-klar.de\/bs-halle\/wp-json\/wp\/v2\/pages\/4994"}],"collection":[{"href":"https:\/\/form-klar.de\/bs-halle\/wp-json\/wp\/v2\/pages"}],"about":[{"href":"https:\/\/form-klar.de\/bs-halle\/wp-json\/wp\/v2\/types\/page"}],"author":[{"embeddable":true,"href":"https:\/\/form-klar.de\/bs-halle\/wp-json\/wp\/v2\/users\/1"}],"replies":[{"embeddable":true,"href":"https:\/\/form-klar.de\/bs-halle\/wp-json\/wp\/v2\/comments?post=4994"}],"version-history":[{"count":14,"href":"https:\/\/form-klar.de\/bs-halle\/wp-json\/wp\/v2\/pages\/4994\/revisions"}],"predecessor-version":[{"id":6822,"href":"https:\/\/form-klar.de\/bs-halle\/wp-json\/wp\/v2\/pages\/4994\/revisions\/6822"}],"wp:attachment":[{"href":"https:\/\/form-klar.de\/bs-halle\/wp-json\/wp\/v2\/media?parent=4994"}],"curies":[{"name":"wp","href":"https:\/\/api.w.org\/{rel}","templated":true}]}}