{"id":4227,"date":"2024-04-29T05:49:06","date_gmt":"2024-04-29T05:49:06","guid":{"rendered":"http:\/\/www.agnilaser.de\/?page_id=1838"},"modified":"2024-04-29T05:49:06","modified_gmt":"2024-04-29T05:49:06","slug":"laserbeschriftung-halle","status":"publish","type":"page","link":"https:\/\/form-klar.de\/agnilaser2025\/laserbeschriftung-halle\/","title":{"rendered":"Laserbeschriftung Halle"},"content":{"rendered":"<h2>Laserbeschriftung Halle: Ihre Spezialisten Laserzentrum Schorcht GmbH und Schorcht<\/h2>\n<p>Entdecken Sie Laserzentrum Schorcht GmbH, Ihren Spezialisten f\u00fcr <strong>Laserbeschriftung nahe Halle<\/strong>. Wir sind Ihr zuverl\u00e4ssiges Unternehmen f\u00fcr alle Arten der Laserbearbeitung. Ob Laserschneiden, Laserschwei\u00dfen und Laserbeschriftung \u2013 f\u00fcr Halle bieten wir Super- Service. Wir setzen zudem auf schnelle und effiziente Fertigungsprozesse. Auf geht\u2019s zur Beratung! Anruf gen\u00fcgt. Wir melden uns zeitnah mit einer L\u00f6sung f\u00fcr Ihre Anfrage. F\u00fcr wen arbeiten wir? Wir bieten unseren Service f\u00fcr f\u00fchrende Firmen aus vielen Branchen an. Ben\u00f6tigen Sie Laserbeschriftung in Halle oder der n\u00e4heren Umgebung? Gerne unterst\u00fctzen wir Sie! Denn besonders in der Automobilindustrie, dem <strong>Maschinenbau, der Elektronik oder dem Werkzeugbau<\/strong> setzen wir unsere Lasertechnik ein. Dabei haben wir viel Erfahrung gesammelt. Denn mit mehr als 20 Jahren Erfolgsgeschichte sind wir Ihr verl\u00e4sslicher Partner. Unser engagiertes Team ist gespannt auf Ihre Projekte. \u00dcberlassen Sie uns doch das Beschriften Ihrer Teile!<\/p>\n<h3>Gravuren und Beschriftungen \u2013 Ihre L\u00f6sungen<\/h3>\n<p>Was umfasst unser Angebot? Was machen wir f\u00fcr Sie m\u00f6glich? Das h\u00e4ngt ganz von Ihren W\u00fcnschen ab. Ob pr\u00e4zise Gravuren, exakte Materialabtragungen und innovative Aufsch\u00e4umungen \u2013 wir haben verschiedene Verfahren f\u00fcr Sie. Standard ist f\u00fcr uns genauso wichtig wie neue Herausforderungen! Ja, bei Laserzentrum Schorcht GmbH erhalten Sie mehr als Standard-2D- Beschriftungen: Aber auch in diesem Bereich bieten wir h\u00f6chste Qualit\u00e4t! Wir realisieren zudem anspruchsvolle 3D-Gravuren. Unser Leistungsspektrum deckt alles ab \u2013 von winzigen <strong>QR-Codes und Seriennummern<\/strong> bis hin zu detailgenauen Firmenlogos. Unsere Gravuren erfolgen stets mit gr\u00f6\u00dfter Sorgfalt und Pr\u00e4zision.<\/p>\n<h3>Technologische Innovation und Effizienz mit CNC-Lasern<\/h3>\n<p>Dank unserer hochmodernen CNC-Laser k\u00f6nnen wir gro\u00dfe Auftr\u00e4ge z\u00fcgig und automatisiert bearbeiten. M\u00f6chten Sie neue Dinge entwickeln? M\u00f6chten Sie <a title=\"Laserbeschriftung Halle\" href=\"https:\/\/form-klar.de\/agnilaser2025\/\/laser-anwendungen\/\"><strong>mit Gravuren experimentieren<\/strong><\/a>? Auch daf\u00fcr sind wir Ihre Partner. Hier machen wir umfassende Beratungen m\u00f6glich. Beispielsweise unterst\u00fctzen wir Sie bei der Entwicklung von Prototypen. Unsere Technik der ber\u00fchrungslosen Bearbeitung verspricht nicht nur Pr\u00e4zision, sondern auch eine herausragende Qualit\u00e4t! Lassen Sie sich angenehm \u00fcberraschen, was m\u00f6glich ist!<\/p>\n<h3>Laserbeschriftung Halle: \u00dcberzeugende CNC-Technologie<\/h3>\n<p>\u200bProfitieren Sie von unseren Top-Laser. Wir verf\u00fcgen \u00fcber <strong>CO2-Laser, ND:YAG- Laser und Faserlaser<\/strong>. Die Breite an Anlagen erm\u00f6glicht uns, die passende Dienstleistung bereit zu halten. Alle Materialien bearbeiten wir schnell und exakt. F\u00fcr Halle bieten wir speziell zugeschnittene Beratungen an, um sicherzustellen, dass die Laserbeschriftung genau Ihren Anforderungen entspricht.<\/p>\n<h3>Sicherung und Optimierung der Qualit\u00e4t<\/h3>\n<p>In unserem eigenen Labor testen und perfektionieren wir die Herstellung von Mustern. Ob f\u00fcr die Prototypenentwicklung oder die Serienfertigung \u2013 wir sind bereit. Wir garantieren zudem, dass selbst die kleinsten Details pr\u00e4zise Ihren Vorgaben entsprechen. Setzen Sie auf Laserzentrum Schorcht GmbH als Ihren Experten f\u00fcr schnelle und pr\u00e4zise <a title=\"Laserbeschriftung Halle\" href=\"https:\/\/form-klar.de\/agnilaser2025\/\/laserprogramm\/\"><strong> Laserbeschriftungen f\u00fcr Halle<\/strong><\/a>. Entdecken Sie, wie wir Ihr n\u00e4chstes Projekt erfolgreich unterst\u00fctzen k\u00f6nnen!<\/p>\n","protected":false},"excerpt":{"rendered":"<p>Laserbeschriftung Halle: Ihre Spezialisten Laserzentrum Schorcht GmbH und Schorcht Entdecken Sie Laserzentrum Schorcht GmbH, Ihren Spezialisten f\u00fcr Laserbeschriftung nahe Halle. Wir sind Ihr zuverl\u00e4ssiges Unternehmen [&hellip;]<\/p>\n","protected":false},"author":9,"featured_media":0,"parent":0,"menu_order":0,"comment_status":"closed","ping_status":"closed","template":"","meta":{"ngg_post_thumbnail":0,"footnotes":"","_links_to":"","_links_to_target":""},"class_list":["post-4227","page","type-page","status-publish","hentry"],"yoast_head":"<!-- This site is optimized with the Yoast SEO plugin v24.6 - https:\/\/yoast.com\/wordpress\/plugins\/seo\/ -->\n<title>Laserbeschriftung Halle | Lohndienstleister Laserzentrum Schorcht GmbH und Schorcht<\/title>\n<meta name=\"description\" content=\"Laserbeschriftung Halle: F\u00fcr die Lohnfertigung sind wir Ihr Partner. Egaund beschriften Ihre Laserteile\u2013 mit dem Lase\" \/>\n<meta name=\"robots\" content=\"index, follow, max-snippet:-1, max-image-preview:large, max-video-preview:-1\" \/>\n<link rel=\"canonical\" href=\"https:\/\/form-klar.de\/agnilaser2025\/laserbeschriftung-halle\/\" \/>\n<meta property=\"og:locale\" content=\"de_DE\" \/>\n<meta property=\"og:type\" content=\"article\" \/>\n<meta property=\"og:title\" content=\"Laserbeschriftung Halle | Lohndienstleister Laserzentrum Schorcht GmbH und Schorcht\" \/>\n<meta property=\"og:description\" content=\"Laserbeschriftung Halle: F\u00fcr die Lohnfertigung sind wir Ihr Partner. Egaund beschriften Ihre Laserteile\u2013 mit dem Lase\" \/>\n<meta property=\"og:url\" content=\"https:\/\/form-klar.de\/agnilaser2025\/laserbeschriftung-halle\/\" \/>\n<meta property=\"og:site_name\" content=\"Laserzentrum Schorcht GmbH\" \/>\n<meta name=\"twitter:label1\" content=\"Gesch\u00e4tzte Lesezeit\" \/>\n\t<meta name=\"twitter:data1\" content=\"3\u00a0Minuten\" \/>\n<script type=\"application\/ld+json\" class=\"yoast-schema-graph\">{\"@context\":\"https:\/\/schema.org\",\"@graph\":[{\"@type\":\"WebPage\",\"@id\":\"https:\/\/form-klar.de\/agnilaser2025\/laserbeschriftung-halle\/\",\"url\":\"https:\/\/form-klar.de\/agnilaser2025\/laserbeschriftung-halle\/\",\"name\":\"Laserbeschriftung Halle | Lohndienstleister Laserzentrum Schorcht GmbH und Schorcht\",\"isPartOf\":{\"@id\":\"https:\/\/form-klar.de\/agnilaser2025\/#website\"},\"datePublished\":\"2024-04-29T05:49:06+00:00\",\"description\":\"Laserbeschriftung Halle: F\u00fcr die Lohnfertigung sind wir Ihr Partner. Egaund beschriften Ihre Laserteile\u2013 mit dem Lase\",\"inLanguage\":\"de\",\"potentialAction\":[{\"@type\":\"ReadAction\",\"target\":[\"https:\/\/form-klar.de\/agnilaser2025\/laserbeschriftung-halle\/\"]}]},{\"@type\":\"WebSite\",\"@id\":\"https:\/\/form-klar.de\/agnilaser2025\/#website\",\"url\":\"https:\/\/form-klar.de\/agnilaser2025\/\",\"name\":\"Laserzentrum Schorcht GmbH\",\"description\":\"\",\"potentialAction\":[{\"@type\":\"SearchAction\",\"target\":{\"@type\":\"EntryPoint\",\"urlTemplate\":\"https:\/\/form-klar.de\/agnilaser2025\/?s={search_term_string}\"},\"query-input\":{\"@type\":\"PropertyValueSpecification\",\"valueRequired\":true,\"valueName\":\"search_term_string\"}}],\"inLanguage\":\"de\"}]}<\/script>\n<!-- \/ Yoast SEO plugin. -->","yoast_head_json":{"title":"Laserbeschriftung Halle | Lohndienstleister Laserzentrum Schorcht GmbH und Schorcht","description":"Laserbeschriftung Halle: F\u00fcr die Lohnfertigung sind wir Ihr Partner. Egaund beschriften Ihre Laserteile\u2013 mit dem Lase","robots":{"index":"index","follow":"follow","max-snippet":"max-snippet:-1","max-image-preview":"max-image-preview:large","max-video-preview":"max-video-preview:-1"},"canonical":"https:\/\/form-klar.de\/agnilaser2025\/laserbeschriftung-halle\/","og_locale":"de_DE","og_type":"article","og_title":"Laserbeschriftung Halle | Lohndienstleister Laserzentrum Schorcht GmbH und Schorcht","og_description":"Laserbeschriftung Halle: F\u00fcr die Lohnfertigung sind wir Ihr Partner. Egaund beschriften Ihre Laserteile\u2013 mit dem Lase","og_url":"https:\/\/form-klar.de\/agnilaser2025\/laserbeschriftung-halle\/","og_site_name":"Laserzentrum Schorcht GmbH","twitter_misc":{"Gesch\u00e4tzte Lesezeit":"3\u00a0Minuten"},"schema":{"@context":"https:\/\/schema.org","@graph":[{"@type":"WebPage","@id":"https:\/\/form-klar.de\/agnilaser2025\/laserbeschriftung-halle\/","url":"https:\/\/form-klar.de\/agnilaser2025\/laserbeschriftung-halle\/","name":"Laserbeschriftung Halle | Lohndienstleister Laserzentrum Schorcht GmbH und Schorcht","isPartOf":{"@id":"https:\/\/form-klar.de\/agnilaser2025\/#website"},"datePublished":"2024-04-29T05:49:06+00:00","description":"Laserbeschriftung Halle: F\u00fcr die Lohnfertigung sind wir Ihr Partner. Egaund beschriften Ihre Laserteile\u2013 mit dem Lase","inLanguage":"de","potentialAction":[{"@type":"ReadAction","target":["https:\/\/form-klar.de\/agnilaser2025\/laserbeschriftung-halle\/"]}]},{"@type":"WebSite","@id":"https:\/\/form-klar.de\/agnilaser2025\/#website","url":"https:\/\/form-klar.de\/agnilaser2025\/","name":"Laserzentrum Schorcht GmbH","description":"","potentialAction":[{"@type":"SearchAction","target":{"@type":"EntryPoint","urlTemplate":"https:\/\/form-klar.de\/agnilaser2025\/?s={search_term_string}"},"query-input":{"@type":"PropertyValueSpecification","valueRequired":true,"valueName":"search_term_string"}}],"inLanguage":"de"}]}},"_links":{"self":[{"href":"https:\/\/form-klar.de\/agnilaser2025\/wp-json\/wp\/v2\/pages\/4227","targetHints":{"allow":["GET"]}}],"collection":[{"href":"https:\/\/form-klar.de\/agnilaser2025\/wp-json\/wp\/v2\/pages"}],"about":[{"href":"https:\/\/form-klar.de\/agnilaser2025\/wp-json\/wp\/v2\/types\/page"}],"author":[{"embeddable":true,"href":"https:\/\/form-klar.de\/agnilaser2025\/wp-json\/wp\/v2\/users\/9"}],"replies":[{"embeddable":true,"href":"https:\/\/form-klar.de\/agnilaser2025\/wp-json\/wp\/v2\/comments?post=4227"}],"version-history":[{"count":0,"href":"https:\/\/form-klar.de\/agnilaser2025\/wp-json\/wp\/v2\/pages\/4227\/revisions"}],"wp:attachment":[{"href":"https:\/\/form-klar.de\/agnilaser2025\/wp-json\/wp\/v2\/media?parent=4227"}],"curies":[{"name":"wp","href":"https:\/\/api.w.org\/{rel}","templated":true}]}}