{"id":4203,"date":"2021-06-18T14:29:42","date_gmt":"2021-06-18T14:29:42","guid":{"rendered":"http:\/\/www.agnilaser.de\/?page_id=1651"},"modified":"2025-02-26T09:45:52","modified_gmt":"2025-02-26T09:45:52","slug":"lasergravur-leipzig","status":"publish","type":"page","link":"https:\/\/form-klar.de\/agnilaser2025\/lasergravur-leipzig\/","title":{"rendered":"Lasergravur Leipzig"},"content":{"rendered":"<h2>Lasergravur f\u00fcr die Region Leipzig<\/h2>\n<div id=\"attachment_208\" style=\"width: 510px\" class=\"wp-caption alignright\"><img decoding=\"async\" aria-describedby=\"caption-attachment-208\" class=\"lazyload wp-image-208\" src=\"data:image\/svg+xml,%3Csvg%20xmlns%3D%27http%3A%2F%2Fwww.w3.org%2F2000%2Fsvg%27%20width%3D%27500%27%20height%3D%27333%27%20viewBox%3D%270%200%20500%20333%27%3E%3Crect%20width%3D%27500%27%20height%3D%27333%27%20fill-opacity%3D%220%22%2F%3E%3C%2Fsvg%3E\" data-orig-src=\"https:\/\/form-klar.de\/agnilaser2025\/wp-content\/uploads\/beschriften_web-300x199.jpg\" alt=\"Lasergravur, Laserbeschriften\" width=\"500\" height=\"333\"><p id=\"caption-attachment-208\" class=\"wp-caption-text\">Laserbeschriften | <strong>Lasergravur<\/strong><\/p><\/div>\n<p>Wir sind Ihr Partner in der Region Leipzig bei allen Fragen rund um eine hochqualitative Lasergravur. Technologisch wird die Lasergravur bei <a title=\"Lasergravur Leipzig\" href=\"https:\/\/form-klar.de\/agnilaser2025\/\/laser-anwendungen\/\"><strong> Markierungen und Beschriftungen<\/strong><\/a> von Werkzeugen und vielf\u00e4ltigen Maschinenteilen eingesetzt. Zudem k\u00f6nnen nicht nur Metalle, Gussformen und Bleche gelasert werden, sondern auch organische Materialien wie beispielsweise Holz. Auch Plastik kann markiert, beschriftet oder graviert werden \u2013 mit dem Laser. Als Unternehmen f\u00fcr Lohnfertigung haben wir uns auf das Thema Gravur und Beschriftungen konzentriert.<\/p>\n<p><strong>Umfassender Service f\u00fcr die Region Leipzig:<\/strong><\/p>\n<p>Dabei bieten wir Ihnen einen umfassenden Service rund um die Lasermaterialbearbeitung. So geh\u00f6rt auch das Reparaturschwei\u00dfen und das Laserschneiden zu unseren m\u00f6glichen Leistungen. Daf\u00fcr haben wir als Lohndienstleister verschiedene <a title=\"Lasergravur, Laserschneiden, Reparatur-Schwei\u00dfen\" href=\"https:\/\/form-klar.de\/agnilaser2025\/\/lohnfertigung\/\"><strong>Angebots-Bausteine<\/strong><\/a> entwickelt. Fragen Sie uns dazu einfach telefonisch an!<\/p>\n<p>Mit unserer Leistung Lasergravur ist es uns m\u00f6glich, sehr unterschiedliche Branchenunternehmen anzusprechen. Beschriftungen k\u00f6nnen wir nicht nur auf Stahl und Edelstahl vornehmen. Auch auf Edelmetallen, Aluminium, Kunststoffen, Glas und organischen Materialien nehmen wir Gravuren vor.<\/p>\n<h3>Setzen Sie auf einen Anbieter mit hoher Leistungsf\u00e4higkeit in der Region Leipzig<\/h3>\n<p>Dabei greifen wir auf die gro\u00dfe <strong>Leistungsf\u00e4higkeit unseres Laserzentrums<\/strong> zur\u00fcck. Insgesamt stehen uns f\u00fcr verschiedene Auftr\u00e4ge 14 Laseranlagen zur Verf\u00fcgung. Das sind insgesamt 20.000 Watt Laser-Power.<\/p>\n<h3>Ihre Anfrage aus Leipzig und Umgebung: Welche Art von Lasergravur darf es sein?<\/h3>\n<p>Das Besondere an der Lasergravur ist, dass diese 100 % ber\u00fchrungslos ist. Das Material wird vielmehr mit besonders feinen Lasern geschmolzen. Dabei werden sehr kleine Lasergravuren m\u00f6glich. Die Strukturen der Lasergravur k\u00f6nnen beispielsweise so fein wie <strong>QR Codes <\/strong>sein. Wir beraten Sie auch zu Hologrammen und anderen <strong>3-D-Strukturen<\/strong>. Ebenso ist es m\u00f6glich, farblich zu arbeiten. Sie haben dazu Fragen, beispielsweise auch zu maschinenlesbaren Codes?<\/p>\n<p>Schreiben Sie uns einfach eine unverbindliche E-Mail und bitten beispielsweise um einen R\u00fcckruf. Unsere Laser-Spezialisten melden sich dann umgehend bei Ihnen! Die Lasergravur l\u00e4sst sich nur noch durch tiefes Abschleifen entfernen und macht Ihre Teile zudem f\u00e4lschungssicher. Wir bieten Ihnen <strong>h\u00f6chste Qualit\u00e4t und Kompetenz<\/strong> bei jedem Auftrag hier in der Region Leipzig an.<\/p>\n<p><strong>Ihr Telefon-Kontakt zu Laserzentrum Schorcht GmbH:<\/strong>&nbsp;\u260e\ufe0f <a title=\"Telefon: Laserzentrum Schorcht\" href=\"tel:+493669186010\"><strong>+49 (0)36691 8601-0<\/strong><\/a> oder aber Ihr <strong>Kontakt zu uns \u00fcber das Kontaktformular<\/strong>.<\/p>\n","protected":false},"excerpt":{"rendered":"<p>Lasergravur f\u00fcr die Region Leipzig Wir sind Ihr Partner in der Region Leipzig bei allen Fragen rund um eine hochqualitative Lasergravur. Technologisch wird die Lasergravur [&hellip;]<\/p>\n","protected":false},"author":10,"featured_media":0,"parent":0,"menu_order":0,"comment_status":"closed","ping_status":"closed","template":"","meta":{"ngg_post_thumbnail":0,"footnotes":"","_links_to":"","_links_to_target":""},"class_list":["post-4203","page","type-page","status-publish","hentry"],"yoast_head":"<!-- This site is optimized with the Yoast SEO plugin v24.6 - https:\/\/yoast.com\/wordpress\/plugins\/seo\/ -->\n<title>Lasergravur Leipzig | Markieraufgaben | Beschriftungen<\/title>\n<meta name=\"description\" content=\"Kompetenz in der Materialbearbeitung durch Laser! \u2705 Ihre professionelle Lasergravur f\u00fcr die Region Leipzig \u2013 hochwertige Laserbeschriftungen und mehr. \u2705\" \/>\n<meta name=\"robots\" content=\"index, follow, max-snippet:-1, max-image-preview:large, max-video-preview:-1\" \/>\n<link rel=\"canonical\" href=\"https:\/\/form-klar.de\/agnilaser2025\/lasergravur-leipzig\/\" \/>\n<meta property=\"og:locale\" content=\"de_DE\" \/>\n<meta property=\"og:type\" content=\"article\" \/>\n<meta property=\"og:title\" content=\"Lasergravur Leipzig | Markieraufgaben | Beschriftungen\" \/>\n<meta property=\"og:description\" content=\"Kompetenz in der Materialbearbeitung durch Laser! \u2705 Ihre professionelle Lasergravur f\u00fcr die Region Leipzig \u2013 hochwertige Laserbeschriftungen und mehr. \u2705\" \/>\n<meta property=\"og:url\" content=\"https:\/\/form-klar.de\/agnilaser2025\/lasergravur-leipzig\/\" \/>\n<meta property=\"og:site_name\" content=\"Laserzentrum Schorcht GmbH\" \/>\n<meta property=\"article:modified_time\" content=\"2025-02-26T09:45:52+00:00\" \/>\n<meta property=\"og:image\" content=\"https:\/\/form-klar.de\/agnilaser2025\/wp-content\/uploads\/beschriften_web-300x199.jpg\" \/>\n<meta name=\"twitter:label1\" content=\"Gesch\u00e4tzte Lesezeit\" \/>\n\t<meta name=\"twitter:data1\" content=\"2\u00a0Minuten\" \/>\n<script type=\"application\/ld+json\" class=\"yoast-schema-graph\">{\"@context\":\"https:\/\/schema.org\",\"@graph\":[{\"@type\":\"WebPage\",\"@id\":\"https:\/\/form-klar.de\/agnilaser2025\/lasergravur-leipzig\/\",\"url\":\"https:\/\/form-klar.de\/agnilaser2025\/lasergravur-leipzig\/\",\"name\":\"Lasergravur Leipzig | Markieraufgaben | Beschriftungen\",\"isPartOf\":{\"@id\":\"https:\/\/form-klar.de\/agnilaser2025\/#website\"},\"primaryImageOfPage\":{\"@id\":\"https:\/\/form-klar.de\/agnilaser2025\/lasergravur-leipzig\/#primaryimage\"},\"image\":{\"@id\":\"https:\/\/form-klar.de\/agnilaser2025\/lasergravur-leipzig\/#primaryimage\"},\"thumbnailUrl\":\"https:\/\/form-klar.de\/agnilaser2025\/wp-content\/uploads\/beschriften_web-300x199.jpg\",\"datePublished\":\"2021-06-18T14:29:42+00:00\",\"dateModified\":\"2025-02-26T09:45:52+00:00\",\"description\":\"Kompetenz in der Materialbearbeitung durch Laser! \u2705 Ihre professionelle Lasergravur f\u00fcr die Region Leipzig \u2013 hochwertige Laserbeschriftungen und mehr. \u2705\",\"inLanguage\":\"de\",\"potentialAction\":[{\"@type\":\"ReadAction\",\"target\":[\"https:\/\/form-klar.de\/agnilaser2025\/lasergravur-leipzig\/\"]}]},{\"@type\":\"ImageObject\",\"inLanguage\":\"de\",\"@id\":\"https:\/\/form-klar.de\/agnilaser2025\/lasergravur-leipzig\/#primaryimage\",\"url\":\"https:\/\/form-klar.de\/agnilaser2025\/wp-content\/uploads\/beschriften_web.jpg\",\"contentUrl\":\"https:\/\/form-klar.de\/agnilaser2025\/wp-content\/uploads\/beschriften_web.jpg\",\"width\":800,\"height\":533,\"caption\":\"Laserbeschriften | Lasergravur\"},{\"@type\":\"WebSite\",\"@id\":\"https:\/\/form-klar.de\/agnilaser2025\/#website\",\"url\":\"https:\/\/form-klar.de\/agnilaser2025\/\",\"name\":\"Laserzentrum Schorcht GmbH\",\"description\":\"\",\"potentialAction\":[{\"@type\":\"SearchAction\",\"target\":{\"@type\":\"EntryPoint\",\"urlTemplate\":\"https:\/\/form-klar.de\/agnilaser2025\/?s={search_term_string}\"},\"query-input\":{\"@type\":\"PropertyValueSpecification\",\"valueRequired\":true,\"valueName\":\"search_term_string\"}}],\"inLanguage\":\"de\"}]}<\/script>\n<!-- \/ Yoast SEO plugin. -->","yoast_head_json":{"title":"Lasergravur Leipzig | Markieraufgaben | Beschriftungen","description":"Kompetenz in der Materialbearbeitung durch Laser! \u2705 Ihre professionelle Lasergravur f\u00fcr die Region Leipzig \u2013 hochwertige Laserbeschriftungen und mehr. \u2705","robots":{"index":"index","follow":"follow","max-snippet":"max-snippet:-1","max-image-preview":"max-image-preview:large","max-video-preview":"max-video-preview:-1"},"canonical":"https:\/\/form-klar.de\/agnilaser2025\/lasergravur-leipzig\/","og_locale":"de_DE","og_type":"article","og_title":"Lasergravur Leipzig | Markieraufgaben | Beschriftungen","og_description":"Kompetenz in der Materialbearbeitung durch Laser! \u2705 Ihre professionelle Lasergravur f\u00fcr die Region Leipzig \u2013 hochwertige Laserbeschriftungen und mehr. \u2705","og_url":"https:\/\/form-klar.de\/agnilaser2025\/lasergravur-leipzig\/","og_site_name":"Laserzentrum Schorcht GmbH","article_modified_time":"2025-02-26T09:45:52+00:00","og_image":[{"url":"https:\/\/form-klar.de\/agnilaser2025\/wp-content\/uploads\/beschriften_web-300x199.jpg","type":"","width":"","height":""}],"twitter_misc":{"Gesch\u00e4tzte Lesezeit":"2\u00a0Minuten"},"schema":{"@context":"https:\/\/schema.org","@graph":[{"@type":"WebPage","@id":"https:\/\/form-klar.de\/agnilaser2025\/lasergravur-leipzig\/","url":"https:\/\/form-klar.de\/agnilaser2025\/lasergravur-leipzig\/","name":"Lasergravur Leipzig | Markieraufgaben | Beschriftungen","isPartOf":{"@id":"https:\/\/form-klar.de\/agnilaser2025\/#website"},"primaryImageOfPage":{"@id":"https:\/\/form-klar.de\/agnilaser2025\/lasergravur-leipzig\/#primaryimage"},"image":{"@id":"https:\/\/form-klar.de\/agnilaser2025\/lasergravur-leipzig\/#primaryimage"},"thumbnailUrl":"https:\/\/form-klar.de\/agnilaser2025\/wp-content\/uploads\/beschriften_web-300x199.jpg","datePublished":"2021-06-18T14:29:42+00:00","dateModified":"2025-02-26T09:45:52+00:00","description":"Kompetenz in der Materialbearbeitung durch Laser! \u2705 Ihre professionelle Lasergravur f\u00fcr die Region Leipzig \u2013 hochwertige Laserbeschriftungen und mehr. \u2705","inLanguage":"de","potentialAction":[{"@type":"ReadAction","target":["https:\/\/form-klar.de\/agnilaser2025\/lasergravur-leipzig\/"]}]},{"@type":"ImageObject","inLanguage":"de","@id":"https:\/\/form-klar.de\/agnilaser2025\/lasergravur-leipzig\/#primaryimage","url":"https:\/\/form-klar.de\/agnilaser2025\/wp-content\/uploads\/beschriften_web.jpg","contentUrl":"https:\/\/form-klar.de\/agnilaser2025\/wp-content\/uploads\/beschriften_web.jpg","width":800,"height":533,"caption":"Laserbeschriften | Lasergravur"},{"@type":"WebSite","@id":"https:\/\/form-klar.de\/agnilaser2025\/#website","url":"https:\/\/form-klar.de\/agnilaser2025\/","name":"Laserzentrum Schorcht GmbH","description":"","potentialAction":[{"@type":"SearchAction","target":{"@type":"EntryPoint","urlTemplate":"https:\/\/form-klar.de\/agnilaser2025\/?s={search_term_string}"},"query-input":{"@type":"PropertyValueSpecification","valueRequired":true,"valueName":"search_term_string"}}],"inLanguage":"de"}]}},"_links":{"self":[{"href":"https:\/\/form-klar.de\/agnilaser2025\/wp-json\/wp\/v2\/pages\/4203","targetHints":{"allow":["GET"]}}],"collection":[{"href":"https:\/\/form-klar.de\/agnilaser2025\/wp-json\/wp\/v2\/pages"}],"about":[{"href":"https:\/\/form-klar.de\/agnilaser2025\/wp-json\/wp\/v2\/types\/page"}],"author":[{"embeddable":true,"href":"https:\/\/form-klar.de\/agnilaser2025\/wp-json\/wp\/v2\/users\/10"}],"replies":[{"embeddable":true,"href":"https:\/\/form-klar.de\/agnilaser2025\/wp-json\/wp\/v2\/comments?post=4203"}],"version-history":[{"count":1,"href":"https:\/\/form-klar.de\/agnilaser2025\/wp-json\/wp\/v2\/pages\/4203\/revisions"}],"predecessor-version":[{"id":4451,"href":"https:\/\/form-klar.de\/agnilaser2025\/wp-json\/wp\/v2\/pages\/4203\/revisions\/4451"}],"wp:attachment":[{"href":"https:\/\/form-klar.de\/agnilaser2025\/wp-json\/wp\/v2\/media?parent=4203"}],"curies":[{"name":"wp","href":"https:\/\/api.w.org\/{rel}","templated":true}]}}