{"id":4196,"date":"2020-07-02T14:59:00","date_gmt":"2020-07-02T14:59:00","guid":{"rendered":"http:\/\/www.agnilaser.de\/?page_id=1238"},"modified":"2020-07-02T14:59:00","modified_gmt":"2020-07-02T14:59:00","slug":"buchstaben-laserschneiden","status":"publish","type":"page","link":"https:\/\/form-klar.de\/agnilaser2025\/buchstaben-laserschneiden\/","title":{"rendered":"Buchstaben Laserschneiden"},"content":{"rendered":"<h1>Beschriftung und Buchstaben via Laserschneiden<\/h1>\n<p>Immer mehr Dinge werden durch Laserschneiden hergestellt, auch Buchstaben werden immer beliebter. Ob im Alltag oder in der Gesch\u00e4ftswelt \u2013 Buchstaben, Schriften oder <a href=\"https:\/\/form-klar.de\/agnilaser2025\/\/lasergravur\/\">Gravuren<\/a> sind im Kommen. Sie suchen einen Hersteller f\u00fcr 3D-Formen oder Objektbeschriftung? Laserzentrum Schorcht GmbH ist Ihr Partner beim Herstellen von Schriftz\u00fcgen, Logos, Buchstaben als auch Zahlen. Dabei lasern wir schnell und \u00e4u\u00dferst pr\u00e4zise. Schon mit einer kurzen Beratung sind Sie dabei. Wir pr\u00e4sentieren Ihnen eine optimale L\u00f6sung f\u00fcr \u201e1a Qualit\u00e4t\u201c!<\/p>\n<h2>Buchstaben durch Laserschneiden: Schnell, zuverl\u00e4ssig und professionell<\/h2>\n<p>W\u00e4hrend andere Schilder plotten, bieten wir High-End L\u00f6sungen. Wir schneiden alle metallischen Stoffe \u2013 von Stahlblechen bis Aluminiumblechen. Daf\u00fcr stehen unsere Hochleistungs-Laser bereit. So erhalten Sie genau die Qualit\u00e4t, die Ihr Unternehmen ganz nach vorn bringt.<\/p>\n<h3>Ihre Anfrage zum Laserschneiden<\/h3>\n<p>Darauf k\u00f6nnen Sie sich verlassen: Wir sind Partner mit Kompetenz. Nat\u00fcrlich schneiden wir alle Formen individuell nach Ihren Daten. Unsere Aufgaben im <a href=\"https:\/\/form-klar.de\/agnilaser2025\/\/laserschneiden-kupfer\/\">Laserschneiden<\/a> sind vielf\u00e4ltig. Ob Werbe- oder Typenschilder, Einzel- oder Serienteile \u2013 genie\u00dfen Sie Laser-Qualit\u00e4t vom Feinsten. Auch maschinenlesbare Beschriftungen f\u00fcr die Industrie sind kein Problem. Jede Art von Gravur setzen wir f\u00fcr Sie um. Zudem sind auch Beschriftungen von Rundteilen kein Problem. Jede Form bekommt durch die Lasergravur eine gestochen scharfe Kontur. Deswegen sollten Sie sich auf jeden Fall f\u00fcr eine L\u00f6sung mit Laser entscheiden. Fall Sie das Besondere suchen: Wir fertigen immer individuell!<\/p>\n<h3>Wie komplex darf es sein? Wir setzen jede Schneid-Aufgabe um.<\/h3>\n<p>Welche Vorteile hat das Laserschneiden? Erstens: Schnelligkeit. Ob Einzelfertigung oder Serie, der Laser erm\u00f6glicht schnellste Fertigung. Zweitens: Genauigkeit. Ob meterhohe Buchstaben oder mikroskopisch kleine Zahlen \u2013 der Laser arbeitet stets pr\u00e4zise. Auch der gef\u00fcrchtete Verzug des Werkst\u00fccks ist sehr gering. Drittens: Vielfalt. Denn 2D oder 3D Formen das ist nur eine sch\u00f6ne Aufgabe f\u00fcr unsere <a href=\"https:\/\/form-klar.de\/agnilaser2025\/\/cnc-laserschneiden\/\">CNC<\/a>-programmierten Laser!<br \/>\nWir sind spezialisiert f\u00fcr Lohnauftr\u00e4ge. Nat\u00fcrlich w\u00e4hlen wir je nach Einsatzart den passenden Laser aus. Dabei schneiden wir Blech, Stahl, Edelstahl oder auch Aluminium. Gern informieren wir Sie zu den m\u00f6glichen Materialdicken.<\/p>\n","protected":false},"excerpt":{"rendered":"<p>Beschriftung und Buchstaben via Laserschneiden Immer mehr Dinge werden durch Laserschneiden hergestellt, auch Buchstaben werden immer beliebter. Ob im Alltag oder in der Gesch\u00e4ftswelt \u2013 [&hellip;]<\/p>\n","protected":false},"author":10,"featured_media":0,"parent":0,"menu_order":0,"comment_status":"closed","ping_status":"closed","template":"","meta":{"ngg_post_thumbnail":0,"footnotes":"","_links_to":"","_links_to_target":""},"class_list":["post-4196","page","type-page","status-publish","hentry"],"yoast_head":"<!-- This site is optimized with the Yoast SEO plugin v24.6 - https:\/\/yoast.com\/wordpress\/plugins\/seo\/ -->\n<title>Buchstaben Laserschneiden vom Fachmann | Laserzentrum Schorcht GmbH<\/title>\n<meta name=\"description\" content=\"Buchstaben Laserschneiden? Wir sind spezialisiert f\u00fcr Lohnauftr\u00e4ge. Nat\u00fcrlich w\u00e4hlen wir je nach Einsatzart den passenden Laser aus.\" \/>\n<meta name=\"robots\" content=\"index, follow, max-snippet:-1, max-image-preview:large, max-video-preview:-1\" \/>\n<link rel=\"canonical\" href=\"https:\/\/form-klar.de\/agnilaser2025\/buchstaben-laserschneiden\/\" \/>\n<meta property=\"og:locale\" content=\"de_DE\" \/>\n<meta property=\"og:type\" content=\"article\" \/>\n<meta property=\"og:title\" content=\"Buchstaben Laserschneiden vom Fachmann | Laserzentrum Schorcht GmbH\" \/>\n<meta property=\"og:description\" content=\"Buchstaben Laserschneiden? Wir sind spezialisiert f\u00fcr Lohnauftr\u00e4ge. Nat\u00fcrlich w\u00e4hlen wir je nach Einsatzart den passenden Laser aus.\" \/>\n<meta property=\"og:url\" content=\"https:\/\/form-klar.de\/agnilaser2025\/buchstaben-laserschneiden\/\" \/>\n<meta property=\"og:site_name\" content=\"Laserzentrum Schorcht GmbH\" \/>\n<meta name=\"twitter:label1\" content=\"Gesch\u00e4tzte Lesezeit\" \/>\n\t<meta name=\"twitter:data1\" content=\"2\u00a0Minuten\" \/>\n<script type=\"application\/ld+json\" class=\"yoast-schema-graph\">{\"@context\":\"https:\/\/schema.org\",\"@graph\":[{\"@type\":\"WebPage\",\"@id\":\"https:\/\/form-klar.de\/agnilaser2025\/buchstaben-laserschneiden\/\",\"url\":\"https:\/\/form-klar.de\/agnilaser2025\/buchstaben-laserschneiden\/\",\"name\":\"Buchstaben Laserschneiden vom Fachmann | Laserzentrum Schorcht GmbH\",\"isPartOf\":{\"@id\":\"https:\/\/form-klar.de\/agnilaser2025\/#website\"},\"datePublished\":\"2020-07-02T14:59:00+00:00\",\"description\":\"Buchstaben Laserschneiden? Wir sind spezialisiert f\u00fcr Lohnauftr\u00e4ge. Nat\u00fcrlich w\u00e4hlen wir je nach Einsatzart den passenden Laser aus.\",\"inLanguage\":\"de\",\"potentialAction\":[{\"@type\":\"ReadAction\",\"target\":[\"https:\/\/form-klar.de\/agnilaser2025\/buchstaben-laserschneiden\/\"]}]},{\"@type\":\"WebSite\",\"@id\":\"https:\/\/form-klar.de\/agnilaser2025\/#website\",\"url\":\"https:\/\/form-klar.de\/agnilaser2025\/\",\"name\":\"Laserzentrum Schorcht GmbH\",\"description\":\"\",\"potentialAction\":[{\"@type\":\"SearchAction\",\"target\":{\"@type\":\"EntryPoint\",\"urlTemplate\":\"https:\/\/form-klar.de\/agnilaser2025\/?s={search_term_string}\"},\"query-input\":{\"@type\":\"PropertyValueSpecification\",\"valueRequired\":true,\"valueName\":\"search_term_string\"}}],\"inLanguage\":\"de\"}]}<\/script>\n<!-- \/ Yoast SEO plugin. -->","yoast_head_json":{"title":"Buchstaben Laserschneiden vom Fachmann | Laserzentrum Schorcht GmbH","description":"Buchstaben Laserschneiden? Wir sind spezialisiert f\u00fcr Lohnauftr\u00e4ge. Nat\u00fcrlich w\u00e4hlen wir je nach Einsatzart den passenden Laser aus.","robots":{"index":"index","follow":"follow","max-snippet":"max-snippet:-1","max-image-preview":"max-image-preview:large","max-video-preview":"max-video-preview:-1"},"canonical":"https:\/\/form-klar.de\/agnilaser2025\/buchstaben-laserschneiden\/","og_locale":"de_DE","og_type":"article","og_title":"Buchstaben Laserschneiden vom Fachmann | Laserzentrum Schorcht GmbH","og_description":"Buchstaben Laserschneiden? Wir sind spezialisiert f\u00fcr Lohnauftr\u00e4ge. Nat\u00fcrlich w\u00e4hlen wir je nach Einsatzart den passenden Laser aus.","og_url":"https:\/\/form-klar.de\/agnilaser2025\/buchstaben-laserschneiden\/","og_site_name":"Laserzentrum Schorcht GmbH","twitter_misc":{"Gesch\u00e4tzte Lesezeit":"2\u00a0Minuten"},"schema":{"@context":"https:\/\/schema.org","@graph":[{"@type":"WebPage","@id":"https:\/\/form-klar.de\/agnilaser2025\/buchstaben-laserschneiden\/","url":"https:\/\/form-klar.de\/agnilaser2025\/buchstaben-laserschneiden\/","name":"Buchstaben Laserschneiden vom Fachmann | Laserzentrum Schorcht GmbH","isPartOf":{"@id":"https:\/\/form-klar.de\/agnilaser2025\/#website"},"datePublished":"2020-07-02T14:59:00+00:00","description":"Buchstaben Laserschneiden? Wir sind spezialisiert f\u00fcr Lohnauftr\u00e4ge. Nat\u00fcrlich w\u00e4hlen wir je nach Einsatzart den passenden Laser aus.","inLanguage":"de","potentialAction":[{"@type":"ReadAction","target":["https:\/\/form-klar.de\/agnilaser2025\/buchstaben-laserschneiden\/"]}]},{"@type":"WebSite","@id":"https:\/\/form-klar.de\/agnilaser2025\/#website","url":"https:\/\/form-klar.de\/agnilaser2025\/","name":"Laserzentrum Schorcht GmbH","description":"","potentialAction":[{"@type":"SearchAction","target":{"@type":"EntryPoint","urlTemplate":"https:\/\/form-klar.de\/agnilaser2025\/?s={search_term_string}"},"query-input":{"@type":"PropertyValueSpecification","valueRequired":true,"valueName":"search_term_string"}}],"inLanguage":"de"}]}},"_links":{"self":[{"href":"https:\/\/form-klar.de\/agnilaser2025\/wp-json\/wp\/v2\/pages\/4196","targetHints":{"allow":["GET"]}}],"collection":[{"href":"https:\/\/form-klar.de\/agnilaser2025\/wp-json\/wp\/v2\/pages"}],"about":[{"href":"https:\/\/form-klar.de\/agnilaser2025\/wp-json\/wp\/v2\/types\/page"}],"author":[{"embeddable":true,"href":"https:\/\/form-klar.de\/agnilaser2025\/wp-json\/wp\/v2\/users\/10"}],"replies":[{"embeddable":true,"href":"https:\/\/form-klar.de\/agnilaser2025\/wp-json\/wp\/v2\/comments?post=4196"}],"version-history":[{"count":0,"href":"https:\/\/form-klar.de\/agnilaser2025\/wp-json\/wp\/v2\/pages\/4196\/revisions"}],"wp:attachment":[{"href":"https:\/\/form-klar.de\/agnilaser2025\/wp-json\/wp\/v2\/media?parent=4196"}],"curies":[{"name":"wp","href":"https:\/\/api.w.org\/{rel}","templated":true}]}}