{"id":4182,"date":"2019-12-10T12:57:18","date_gmt":"2019-12-10T12:57:18","guid":{"rendered":"http:\/\/www.agnilaser.de\/?page_id=1304"},"modified":"2019-12-10T12:57:18","modified_gmt":"2019-12-10T12:57:18","slug":"laserzuschnitt","status":"publish","type":"page","link":"https:\/\/form-klar.de\/agnilaser2025\/laserzuschnitt\/","title":{"rendered":"Laserzuschnitt"},"content":{"rendered":"<h1>Bestellen Sie Ihren Laserzuschnitt bei Laserzentrum Schorcht GmbH<\/h1>\n<p>Sie suchen einen kompetenten Hersteller f\u00fcr die Leistung Laserzuschnitt? Wir sind Ihr Ansprechpartner. Sie suchen einen Spezialisten f\u00fcr Lohnfertigung? Sie haben Laserzentrum Schorcht GmbH gefunden. Jedoch liefern wir nicht nur schnell. Wir sind auch sehr zuverl\u00e4ssig und pr\u00e4zise. Wir bringen also alles mit, was Sie an einem Partner f\u00fcr Laserzuschnitt sch\u00e4tzen. Ob Zuschnitte von Edelstahl-Blechen oder anderen Blechen \u2013 wir arbeiten mit hoher Pr\u00e4zision. Zudem orientieren wir uns strikt an den W\u00fcnschen unserer Kunden.<\/p>\n<h2>Erfahren in einer z\u00fcgigen Erledigung von Auftr\u00e4gen im Laserzuschnitt<\/h2>\n<p>Seit vielen Jahren sind wir als Dienstleister f\u00fcr verschiedene Branchen am Markt erfolgreich. Dabei stehen die Anforderungen unserer Kunden stets im Fokus. Ob Laserzuschnitt oder Markieraufgaben \u2013 wir stehen Ihnen mit unserem Technologiepark zur Verf\u00fcgung. Materialien, die wir bearbeiten, sind beispielsweise Stahl oder Edelmetall, <strong><a href=\"https:\/\/form-klar.de\/agnilaser2025\/\/edelstahl-zuschnitt\/\">Edelstahl<\/a><\/strong> und Aluminium. Aber auch Kunststoffe und Glas markieren wir zuverl\u00e4ssig mit dem Laser.<\/p>\n<h3>Breit aufgestellt in der Lohnfertigung<\/h3>\n<p>In der Lohnfertigung sind wir breit aufgestellt. Hier erledigen wir die Auftr\u00e4ge unserer Kunden, in dem wir auf eine gro\u00dfe Bandbreite an Laser-Technik zur\u00fcckgreifen. Auch hier bieten wir Ihnen die Leistung Beschriften an. Obendrein bieten wir Ihnen auch <strong><a href=\"https:\/\/form-klar.de\/agnilaser2025\/\/lohnfertigung\/laser-schweissen-laserschweissen\/\" class=\"broken_link\">Laserschwei\u00dfen<\/a><\/strong> an.<\/p>\n<h3>Laserzuschnitt in 2D und in 3D<\/h3>\n<p>Wir schneiden f\u00fcr Sie komplexe Umrisse. Dabei werden wir f\u00fcr 2D als auch in 3D Schneidaufgaben t\u00e4tig. Sie setzen auf schnelle Verarbeitung dreidimensionaler Durchbr\u00fcche? Wir sind Ihr Partner. Zudem ist der Laserzuschnitt auch bei sehr niedrigen Losgr\u00f6\u00dfen bereits wirtschaftlich. Wenden Sie sich an uns. Wir beraten Sie zu den technischen M\u00f6glichkeiten.<\/p>\n<h3>Ob Mikro-Laserzuschnitt oder Prototypenbau \u2013 wir unterst\u00fctzen Sie!<\/h3>\n<p>Rechnen Sie mit unserer Laserpower. Wir setzen beispielsweise CO2-Hochleistungslaser ein. Dar\u00fcber hinaus verwenden wir Faserlaser, der sehr effiziente Arbeiten m\u00f6glich macht. Sie m\u00f6chten uns f\u00fcr einen Micro-Schnitt beauftragen? Daf\u00fcr setzen wir unsere <strong>Nd:YAG Laser<\/strong> ein. Nutzen Sie die Vorteile, die wir Ihnen mit unseren technischen M\u00f6glichkeiten bieten.<\/p>\n<p>Im Sinne der Geheimhaltung gegen\u00fcber unseren Kunden d\u00fcrfen wir Ihnen keine Referenzarbeiten im Internet zeigen. Profitieren auch Sie von unserer absoluten Loyalit\u00e4t. Beauftragen Sie uns auch gern zu Ihrer Kleinserie. Wir helfen Ihnen auch bei der Entwicklung Ihres Prototyps mit unserem Ingenieurwissen.<\/p>\n","protected":false},"excerpt":{"rendered":"<p>Bestellen Sie Ihren Laserzuschnitt bei Laserzentrum Schorcht GmbH Sie suchen einen kompetenten Hersteller f\u00fcr die Leistung Laserzuschnitt? Wir sind Ihr Ansprechpartner. Sie suchen einen Spezialisten [&hellip;]<\/p>\n","protected":false},"author":10,"featured_media":0,"parent":0,"menu_order":0,"comment_status":"closed","ping_status":"closed","template":"","meta":{"ngg_post_thumbnail":0,"footnotes":"","_links_to":"","_links_to_target":""},"class_list":["post-4182","page","type-page","status-publish","hentry"],"yoast_head":"<!-- This site is optimized with the Yoast SEO plugin v24.6 - https:\/\/yoast.com\/wordpress\/plugins\/seo\/ -->\n<title>Laserzuschnitt - zuverl\u00e4ssige und schnelle Lieferung von Laserzentrum Schorcht GmbH<\/title>\n<meta name=\"description\" content=\"Schnelligkeit bei jeder Lieferung, Kompetenz in der Produktion: Laserzuschnitt von Laserzentrum Schorcht GmbH \u2705 Optimal f\u00fcr die Lohnfertigung in Deutschland \u2705\" \/>\n<meta name=\"robots\" content=\"index, follow, max-snippet:-1, max-image-preview:large, max-video-preview:-1\" \/>\n<link rel=\"canonical\" href=\"https:\/\/form-klar.de\/agnilaser2025\/laserzuschnitt\/\" \/>\n<meta property=\"og:locale\" content=\"de_DE\" \/>\n<meta property=\"og:type\" content=\"article\" \/>\n<meta property=\"og:title\" content=\"Laserzuschnitt - zuverl\u00e4ssige und schnelle Lieferung von Laserzentrum Schorcht GmbH\" \/>\n<meta property=\"og:description\" content=\"Schnelligkeit bei jeder Lieferung, Kompetenz in der Produktion: Laserzuschnitt von Laserzentrum Schorcht GmbH \u2705 Optimal f\u00fcr die Lohnfertigung in Deutschland \u2705\" \/>\n<meta property=\"og:url\" content=\"https:\/\/form-klar.de\/agnilaser2025\/laserzuschnitt\/\" \/>\n<meta property=\"og:site_name\" content=\"Laserzentrum Schorcht GmbH\" \/>\n<meta name=\"twitter:label1\" content=\"Gesch\u00e4tzte Lesezeit\" \/>\n\t<meta name=\"twitter:data1\" content=\"2\u00a0Minuten\" \/>\n<script type=\"application\/ld+json\" class=\"yoast-schema-graph\">{\"@context\":\"https:\/\/schema.org\",\"@graph\":[{\"@type\":\"WebPage\",\"@id\":\"https:\/\/form-klar.de\/agnilaser2025\/laserzuschnitt\/\",\"url\":\"https:\/\/form-klar.de\/agnilaser2025\/laserzuschnitt\/\",\"name\":\"Laserzuschnitt - zuverl\u00e4ssige und schnelle Lieferung von Laserzentrum Schorcht GmbH\",\"isPartOf\":{\"@id\":\"https:\/\/form-klar.de\/agnilaser2025\/#website\"},\"datePublished\":\"2019-12-10T12:57:18+00:00\",\"description\":\"Schnelligkeit bei jeder Lieferung, Kompetenz in der Produktion: Laserzuschnitt von Laserzentrum Schorcht GmbH \u2705 Optimal f\u00fcr die Lohnfertigung in Deutschland \u2705\",\"inLanguage\":\"de\",\"potentialAction\":[{\"@type\":\"ReadAction\",\"target\":[\"https:\/\/form-klar.de\/agnilaser2025\/laserzuschnitt\/\"]}]},{\"@type\":\"WebSite\",\"@id\":\"https:\/\/form-klar.de\/agnilaser2025\/#website\",\"url\":\"https:\/\/form-klar.de\/agnilaser2025\/\",\"name\":\"Laserzentrum Schorcht GmbH\",\"description\":\"\",\"potentialAction\":[{\"@type\":\"SearchAction\",\"target\":{\"@type\":\"EntryPoint\",\"urlTemplate\":\"https:\/\/form-klar.de\/agnilaser2025\/?s={search_term_string}\"},\"query-input\":{\"@type\":\"PropertyValueSpecification\",\"valueRequired\":true,\"valueName\":\"search_term_string\"}}],\"inLanguage\":\"de\"}]}<\/script>\n<!-- \/ Yoast SEO plugin. -->","yoast_head_json":{"title":"Laserzuschnitt - zuverl\u00e4ssige und schnelle Lieferung von Laserzentrum Schorcht GmbH","description":"Schnelligkeit bei jeder Lieferung, Kompetenz in der Produktion: Laserzuschnitt von Laserzentrum Schorcht GmbH \u2705 Optimal f\u00fcr die Lohnfertigung in Deutschland \u2705","robots":{"index":"index","follow":"follow","max-snippet":"max-snippet:-1","max-image-preview":"max-image-preview:large","max-video-preview":"max-video-preview:-1"},"canonical":"https:\/\/form-klar.de\/agnilaser2025\/laserzuschnitt\/","og_locale":"de_DE","og_type":"article","og_title":"Laserzuschnitt - zuverl\u00e4ssige und schnelle Lieferung von Laserzentrum Schorcht GmbH","og_description":"Schnelligkeit bei jeder Lieferung, Kompetenz in der Produktion: Laserzuschnitt von Laserzentrum Schorcht GmbH \u2705 Optimal f\u00fcr die Lohnfertigung in Deutschland \u2705","og_url":"https:\/\/form-klar.de\/agnilaser2025\/laserzuschnitt\/","og_site_name":"Laserzentrum Schorcht GmbH","twitter_misc":{"Gesch\u00e4tzte Lesezeit":"2\u00a0Minuten"},"schema":{"@context":"https:\/\/schema.org","@graph":[{"@type":"WebPage","@id":"https:\/\/form-klar.de\/agnilaser2025\/laserzuschnitt\/","url":"https:\/\/form-klar.de\/agnilaser2025\/laserzuschnitt\/","name":"Laserzuschnitt - zuverl\u00e4ssige und schnelle Lieferung von Laserzentrum Schorcht GmbH","isPartOf":{"@id":"https:\/\/form-klar.de\/agnilaser2025\/#website"},"datePublished":"2019-12-10T12:57:18+00:00","description":"Schnelligkeit bei jeder Lieferung, Kompetenz in der Produktion: Laserzuschnitt von Laserzentrum Schorcht GmbH \u2705 Optimal f\u00fcr die Lohnfertigung in Deutschland \u2705","inLanguage":"de","potentialAction":[{"@type":"ReadAction","target":["https:\/\/form-klar.de\/agnilaser2025\/laserzuschnitt\/"]}]},{"@type":"WebSite","@id":"https:\/\/form-klar.de\/agnilaser2025\/#website","url":"https:\/\/form-klar.de\/agnilaser2025\/","name":"Laserzentrum Schorcht GmbH","description":"","potentialAction":[{"@type":"SearchAction","target":{"@type":"EntryPoint","urlTemplate":"https:\/\/form-klar.de\/agnilaser2025\/?s={search_term_string}"},"query-input":{"@type":"PropertyValueSpecification","valueRequired":true,"valueName":"search_term_string"}}],"inLanguage":"de"}]}},"_links":{"self":[{"href":"https:\/\/form-klar.de\/agnilaser2025\/wp-json\/wp\/v2\/pages\/4182","targetHints":{"allow":["GET"]}}],"collection":[{"href":"https:\/\/form-klar.de\/agnilaser2025\/wp-json\/wp\/v2\/pages"}],"about":[{"href":"https:\/\/form-klar.de\/agnilaser2025\/wp-json\/wp\/v2\/types\/page"}],"author":[{"embeddable":true,"href":"https:\/\/form-klar.de\/agnilaser2025\/wp-json\/wp\/v2\/users\/10"}],"replies":[{"embeddable":true,"href":"https:\/\/form-klar.de\/agnilaser2025\/wp-json\/wp\/v2\/comments?post=4182"}],"version-history":[{"count":0,"href":"https:\/\/form-klar.de\/agnilaser2025\/wp-json\/wp\/v2\/pages\/4182\/revisions"}],"wp:attachment":[{"href":"https:\/\/form-klar.de\/agnilaser2025\/wp-json\/wp\/v2\/media?parent=4182"}],"curies":[{"name":"wp","href":"https:\/\/api.w.org\/{rel}","templated":true}]}}