{"id":1735,"date":"2022-07-19T09:12:32","date_gmt":"2022-07-19T09:12:32","guid":{"rendered":"http:\/\/www.agnilaser.de\/?page_id=1735"},"modified":"2025-02-26T09:45:52","modified_gmt":"2025-02-26T09:45:52","slug":"lasergravur-jena","status":"publish","type":"page","link":"https:\/\/form-klar.de\/agnilaser2025\/lasergravur-jena\/","title":{"rendered":"Lasergravur Jena"},"content":{"rendered":"<h2>Lasergravur Jena: Kompetenz f\u00fcr Gravuren und Markierungen<\/h2>\n<p>Wir sind Ihr Partner f\u00fcr Markieraufgaben: Lasergravur Jena &#8211; Laserzentrum Schorcht GmbH. Unser Unternehmen ist seit 20 Jahren am Markt erfolgreich. Wir stehen in der Lohnfertigung unseren Kunden zuverl\u00e4ssig zur Seite. Dabei macht unser <a title=\"Lasergravur Jena\" href=\"https:\/\/form-klar.de\/agnilaser2025\/\/unternehmen-laserzentrum-thueringen\/\"><strong>Qualit\u00e4tsbewusstsein <\/strong><\/a>den Unterschied. Lernen Sie unsere interessanten Leistungsbereiche kennen. Sehr breit aufgestellt sind wir in Lasersystemen. Das macht uns besonders flexibel, wenn es um <strong>spezielle Markieraufgaben<\/strong> geht. Deshalb arbeiten wir auch eher branchen\u00fcbergreifend. Sprechen Sie uns an, egal aus welcher Branche \u2013 wir haben bereits Erfahrungen in allen relevanten Bereich sammeln k\u00f6nnen. Vielleicht ist aber auch etwas ganz Neues f\u00fcr uns dabei, Auch hier werden Sie unsere St\u00e4rken kennenlernen. Denn wir verf\u00fcgen \u00fcber die F\u00e4higkeit, f\u00fcr jede neue Aufgabe eine \u00fcberzeugende L\u00f6sung anbieten zu k\u00f6nnen. Ob Automobilbranche oder Verpackungsindustrie, ob Elektronik oder Textil, ob Maschinenbau oder Medizin oder Schmucktechnik \u2013 wir stehen bereit.<\/p>\n<h3>Zuverl\u00e4ssiger Partner \u2013 Lasergravur Jena<\/h3>\n<p>Zudem sind wir ein zuverl\u00e4ssiger Partner in der Region um Jena. Hier arbeiten wir f\u00fcr die Unternehmen, die hier traditionell ans\u00e4ssig sind. Lernen Sie die M\u00f6glichkeiten unserer <strong>Beschriftungslaser<\/strong> kennen. Zuerst einmal m\u00fcssen wir unterstreichen, dass wir ein breites Materialspektrum beschriften k\u00f6nnen. Angefangen von Stahl \u00fcber Edelmetall bis hin zu Edelstahl und Aluminium reicht unsere Bandbreite. Jenseits der Metalle k\u00f6nnen wir aber noch mehr. Hier geht es insbesondere um Kunststoffe. Wir bieten Ihnen f\u00fcr alle Arten von Kunststoffen optimale M\u00f6glichkeiten. Sogar auf Glas oder organischen Materialien wie Holz spielen wir unsere St\u00e4rken als <strong>Spezialdienstleister<\/strong> aus. Dabei gehen Sie auf Nummer Sicher. Denn wir verf\u00fcgen \u00fcber die passende Erfahrung zu Ihren W\u00fcnschen und Vorstellungen.<\/p>\n<h3>Wir beraten Sie individuell \u2013 setzen Sie auf Qualit\u00e4t bei Markieraufgaben, Laseranwendungen und in der Laserlohnfertigung<\/h3>\n<p>Beauftragen Sie Laserzentrum Schorcht GmbH in der Region Jena feinste Beschriftungen. Diese Auftr\u00e4ge liefern wir Ihnen in kurzer Zeit. Unser Unternehmen ist hier in der Region Jena im Umkreis ans\u00e4ssig. F\u00fcr Ihre Fragen stehen wir vor Ort zur Verf\u00fcgung \u2013 lassen Sie sich von uns \u00fcber alle M\u00f6glichkeiten einer <a title=\"Laser Materialbearbeitung\" href=\"https:\/\/form-klar.de\/agnilaser2025\/\/laserprogramm\/\"><strong>Gravur, Beschriftung oder Markierung<\/strong><\/a> beraten. Eine moderne Produktion ist auf eine schnelle <strong>hochqualitative Lasergravur <\/strong>angewiesen. Wir bieten Ihnen diesen Service einer individuellen Beschriftung auch von Serien mit hoher Qualit\u00e4t.<br \/>\n&nbsp;<br \/>\n<strong>Ihr Telefon-Kontakt zu Laserzentrum Schorcht GmbH:<\/strong>&nbsp;\u260e\ufe0f <a title=\"Telefon: Laserzentrum Schorcht\" href=\"tel:+493669186010\"><strong>+49 (0)36691 8601-0<\/strong><\/a> oder aber Ihr <strong>Kontakt zu uns \u00fcber das Kontaktformular<\/strong>.<\/p>\n","protected":false},"excerpt":{"rendered":"<p>Lasergravur Jena: Kompetenz f\u00fcr Gravuren und Markierungen Wir sind Ihr Partner f\u00fcr Markieraufgaben: Lasergravur Jena &#8211; Laserzentrum Schorcht GmbH. Unser Unternehmen ist seit 20 Jahren [&hellip;]<\/p>\n","protected":false},"author":9,"featured_media":0,"parent":0,"menu_order":0,"comment_status":"closed","ping_status":"closed","template":"","meta":{"ngg_post_thumbnail":0,"footnotes":"","_links_to":"","_links_to_target":""},"class_list":["post-1735","page","type-page","status-publish","hentry"],"yoast_head":"<!-- This site is optimized with the Yoast SEO plugin v24.6 - https:\/\/yoast.com\/wordpress\/plugins\/seo\/ -->\n<title>Lasergravur Jena | Markierungen und Beschriftungen<\/title>\n<meta name=\"description\" content=\"Lasermarkierungen und Lasergravur: Wir sind Ihr Partner in der Lohnfertigung im Laserzentrum: Bauen Sie auf 20 Jahre Erfahrung.\" \/>\n<meta name=\"robots\" content=\"index, follow, max-snippet:-1, max-image-preview:large, max-video-preview:-1\" \/>\n<link rel=\"canonical\" href=\"https:\/\/form-klar.de\/agnilaser2025\/lasergravur-jena\/\" \/>\n<meta property=\"og:locale\" content=\"de_DE\" \/>\n<meta property=\"og:type\" content=\"article\" \/>\n<meta property=\"og:title\" content=\"Lasergravur Jena | Markierungen und Beschriftungen\" \/>\n<meta property=\"og:description\" content=\"Lasermarkierungen und Lasergravur: Wir sind Ihr Partner in der Lohnfertigung im Laserzentrum: Bauen Sie auf 20 Jahre Erfahrung.\" \/>\n<meta property=\"og:url\" content=\"https:\/\/form-klar.de\/agnilaser2025\/lasergravur-jena\/\" \/>\n<meta property=\"og:site_name\" content=\"Laserzentrum Schorcht GmbH\" \/>\n<meta property=\"article:modified_time\" content=\"2025-02-26T09:45:52+00:00\" \/>\n<meta name=\"twitter:label1\" content=\"Gesch\u00e4tzte Lesezeit\" \/>\n\t<meta name=\"twitter:data1\" content=\"2\u00a0Minuten\" \/>\n<script type=\"application\/ld+json\" class=\"yoast-schema-graph\">{\"@context\":\"https:\/\/schema.org\",\"@graph\":[{\"@type\":\"WebPage\",\"@id\":\"https:\/\/form-klar.de\/agnilaser2025\/lasergravur-jena\/\",\"url\":\"https:\/\/form-klar.de\/agnilaser2025\/lasergravur-jena\/\",\"name\":\"Lasergravur Jena | Markierungen und Beschriftungen\",\"isPartOf\":{\"@id\":\"https:\/\/form-klar.de\/agnilaser2025\/#website\"},\"datePublished\":\"2022-07-19T09:12:32+00:00\",\"dateModified\":\"2025-02-26T09:45:52+00:00\",\"description\":\"Lasermarkierungen und Lasergravur: Wir sind Ihr Partner in der Lohnfertigung im Laserzentrum: Bauen Sie auf 20 Jahre Erfahrung.\",\"inLanguage\":\"de\",\"potentialAction\":[{\"@type\":\"ReadAction\",\"target\":[\"https:\/\/form-klar.de\/agnilaser2025\/lasergravur-jena\/\"]}]},{\"@type\":\"WebSite\",\"@id\":\"https:\/\/form-klar.de\/agnilaser2025\/#website\",\"url\":\"https:\/\/form-klar.de\/agnilaser2025\/\",\"name\":\"Laserzentrum Schorcht GmbH\",\"description\":\"\",\"potentialAction\":[{\"@type\":\"SearchAction\",\"target\":{\"@type\":\"EntryPoint\",\"urlTemplate\":\"https:\/\/form-klar.de\/agnilaser2025\/?s={search_term_string}\"},\"query-input\":{\"@type\":\"PropertyValueSpecification\",\"valueRequired\":true,\"valueName\":\"search_term_string\"}}],\"inLanguage\":\"de\"}]}<\/script>\n<!-- \/ Yoast SEO plugin. -->","yoast_head_json":{"title":"Lasergravur Jena | Markierungen und Beschriftungen","description":"Lasermarkierungen und Lasergravur: Wir sind Ihr Partner in der Lohnfertigung im Laserzentrum: Bauen Sie auf 20 Jahre Erfahrung.","robots":{"index":"index","follow":"follow","max-snippet":"max-snippet:-1","max-image-preview":"max-image-preview:large","max-video-preview":"max-video-preview:-1"},"canonical":"https:\/\/form-klar.de\/agnilaser2025\/lasergravur-jena\/","og_locale":"de_DE","og_type":"article","og_title":"Lasergravur Jena | Markierungen und Beschriftungen","og_description":"Lasermarkierungen und Lasergravur: Wir sind Ihr Partner in der Lohnfertigung im Laserzentrum: Bauen Sie auf 20 Jahre Erfahrung.","og_url":"https:\/\/form-klar.de\/agnilaser2025\/lasergravur-jena\/","og_site_name":"Laserzentrum Schorcht GmbH","article_modified_time":"2025-02-26T09:45:52+00:00","twitter_misc":{"Gesch\u00e4tzte Lesezeit":"2\u00a0Minuten"},"schema":{"@context":"https:\/\/schema.org","@graph":[{"@type":"WebPage","@id":"https:\/\/form-klar.de\/agnilaser2025\/lasergravur-jena\/","url":"https:\/\/form-klar.de\/agnilaser2025\/lasergravur-jena\/","name":"Lasergravur Jena | Markierungen und Beschriftungen","isPartOf":{"@id":"https:\/\/form-klar.de\/agnilaser2025\/#website"},"datePublished":"2022-07-19T09:12:32+00:00","dateModified":"2025-02-26T09:45:52+00:00","description":"Lasermarkierungen und Lasergravur: Wir sind Ihr Partner in der Lohnfertigung im Laserzentrum: Bauen Sie auf 20 Jahre Erfahrung.","inLanguage":"de","potentialAction":[{"@type":"ReadAction","target":["https:\/\/form-klar.de\/agnilaser2025\/lasergravur-jena\/"]}]},{"@type":"WebSite","@id":"https:\/\/form-klar.de\/agnilaser2025\/#website","url":"https:\/\/form-klar.de\/agnilaser2025\/","name":"Laserzentrum Schorcht GmbH","description":"","potentialAction":[{"@type":"SearchAction","target":{"@type":"EntryPoint","urlTemplate":"https:\/\/form-klar.de\/agnilaser2025\/?s={search_term_string}"},"query-input":{"@type":"PropertyValueSpecification","valueRequired":true,"valueName":"search_term_string"}}],"inLanguage":"de"}]}},"_links":{"self":[{"href":"https:\/\/form-klar.de\/agnilaser2025\/wp-json\/wp\/v2\/pages\/1735","targetHints":{"allow":["GET"]}}],"collection":[{"href":"https:\/\/form-klar.de\/agnilaser2025\/wp-json\/wp\/v2\/pages"}],"about":[{"href":"https:\/\/form-klar.de\/agnilaser2025\/wp-json\/wp\/v2\/types\/page"}],"author":[{"embeddable":true,"href":"https:\/\/form-klar.de\/agnilaser2025\/wp-json\/wp\/v2\/users\/9"}],"replies":[{"embeddable":true,"href":"https:\/\/form-klar.de\/agnilaser2025\/wp-json\/wp\/v2\/comments?post=1735"}],"version-history":[{"count":1,"href":"https:\/\/form-klar.de\/agnilaser2025\/wp-json\/wp\/v2\/pages\/1735\/revisions"}],"predecessor-version":[{"id":4443,"href":"https:\/\/form-klar.de\/agnilaser2025\/wp-json\/wp\/v2\/pages\/1735\/revisions\/4443"}],"wp:attachment":[{"href":"https:\/\/form-klar.de\/agnilaser2025\/wp-json\/wp\/v2\/media?parent=1735"}],"curies":[{"name":"wp","href":"https:\/\/api.w.org\/{rel}","templated":true}]}}